000
CDUS43 KMKX 110643
CLIMKE


CLIMATE REPORT
NATIONAL WEATHER SERVICE IN MILWAUKEE
1242 AM CST SAT NOV 11 2017


...................................

...THE MILWAUKEE WI CLIMATE SUMMARY FOR NOVEMBER 10 2017...

CLIMATE NORMAL PERIOD 1981 TO 2010
CLIMATE RECORD PERIOD 1871 TO 2017


WEATHER ITEM   OBSERVED TIME   RECORD YEAR NORMAL DEPARTURE LAST
                VALUE   (LST)  VALUE       VALUE  FROM      YEAR
                                                  NORMAL
..................................................................
TEMPERATURE (F)
 YESTERDAY
  MAXIMUM         32   1141 PM  66    2016  49    -17       66
  MINIMUM         16    452 AM  15    1957  35    -19       43
  AVERAGE         24                        42    -18       55

PRECIPITATION (IN)
  YESTERDAY        0.01          2.22 1998   0.09  -0.08     0.00
  MONTH TO DATE    0.50                      0.91  -0.41     0.52
  SINCE SEP 1      5.44                      6.74  -1.30     8.38
  SINCE JAN 1     32.76                     30.92   1.84    26.04

SNOWFALL (IN)
  YESTERDAY        0.2           2.0  1898   0.0    0.2      0.0
  MONTH TO DATE    0.2                       0.2    0.0      0.0
  SINCE SEP 1      0.2                       0.5   -0.3      0.0
  SINCE JUL 1      0.2                       0.5   -0.3      0.0
  SNOW DEPTH       0

DEGREE DAYS
 HEATING
  YESTERDAY       41                        23     18       10
  MONTH TO DATE  263                       212     51       92
  SINCE SEP 1    589                       771   -182      392
  SINCE JUL 1    598                       797   -199      394

 COOLING
  YESTERDAY        0                         0      0        0
  MONTH TO DATE    0                         0      0        3
  SINCE SEP 1    162                        76     86      155
  SINCE JAN 1    772                       641    131      991
..................................................................


WIND (MPH)
  HIGHEST WIND SPEED    17   HIGHEST WIND DIRECTION     N (350)
  HIGHEST GUST SPEED    23   HIGHEST GUST DIRECTION     N (350)
  AVERAGE WIND SPEED    10.6


SKY COVER
  POSSIBLE SUNSHINE  MM
  AVERAGE SKY COVER 0.7


WEATHER CONDITIONS
 THE FOLLOWING WEATHER WAS RECORDED YESTERDAY.
  LIGHT SNOW


RELATIVE HUMIDITY (PERCENT)
 HIGHEST    78           200 PM
 LOWEST     45          1200 AM
 AVERAGE    62

..........................................................


THE MILWAUKEE WI CLIMATE NORMALS FOR TODAY
                         NORMAL    RECORD    YEAR
 MAXIMUM TEMPERATURE (F)   49        73      1911
 MINIMUM TEMPERATURE (F)   34        15      1986
                                             1894


SUNRISE AND SUNSET
NOVEMBER 11 2017......SUNRISE   639 AM CST   SUNSET   432 PM CST
NOVEMBER 12 2017......SUNRISE   640 AM CST   SUNSET   431 PM CST


-  INDICATES NEGATIVE NUMBERS.
R  INDICATES RECORD WAS SET OR TIED.
MM INDICATES DATA IS MISSING.
T  INDICATES TRACE AMOUNT.




$$
