000
CDUS43 KMKX 132149
CLIMKE


CLIMATE REPORT
NATIONAL WEATHER SERVICE IN MILWAUKEE
445 PM CDT SAT MAY 13 2017


...................................

...THE MILWAUKEE WI CLIMATE SUMMARY FOR MAY 13 2017...
VALID TODAY AS OF 0400 PM LOCAL TIME.

CLIMATE NORMAL PERIOD 1981 TO 2010
CLIMATE RECORD PERIOD 1871 TO 2017


WEATHER ITEM   OBSERVED TIME   RECORD YEAR NORMAL DEPARTURE LAST
                VALUE   (LST)  VALUE       VALUE  FROM      YEAR
                                                  NORMAL
..................................................................
TEMPERATURE (F)
 TODAY
  MAXIMUM         80    241 PM  89    1991  64     16       64
  MINIMUM         47    149 AM  30    1960  46      1       44
  AVERAGE         64                        55      9       54

PRECIPITATION (IN)
  TODAY            T             2.02 1978   0.10  -0.10     0.20
  MONTH TO DATE    0.29                      1.36  -1.07     1.72
  SINCE MAR 1     10.24                      7.19   3.05     6.86
  SINCE JAN 1     14.25                     10.60   3.65     8.17

SNOWFALL (IN)
  TODAY            0.0           T    1895   0.0    0.0      0.0
  MONTH TO DATE    0.0                       0.1   -0.1      0.0
  SINCE MAR 1     13.6                       9.1    4.5     10.0
  SINCE JUL 1     37.6                      46.9   -9.3     39.1
  SNOW DEPTH       0

DEGREE DAYS
 HEATING
  TODAY            1                        11    -10       11
  MONTH TO DATE  199                       163     36      159
  SINCE MAR 1   1504                      1680   -176     1556
  SINCE JUL 1   5503                      6660  -1157     5775

 COOLING
  TODAY            0                         1     -1        0
  MONTH TO DATE    0                         3     -3        0
  SINCE MAR 1      3                         8     -5        0
  SINCE JAN 1      3                         8     -5        0
..................................................................


WIND (MPH)
  HIGHEST WIND SPEED    21   HIGHEST WIND DIRECTION     W (250)
  HIGHEST GUST SPEED    28   HIGHEST GUST DIRECTION    SW (240)
  AVERAGE WIND SPEED     9.2


SKY COVER
  POSSIBLE SUNSHINE  MM
  AVERAGE SKY COVER 0.6


WEATHER CONDITIONS
 THE FOLLOWING WEATHER WAS RECORDED TODAY.
  LIGHT RAIN


RELATIVE HUMIDITY (PERCENT)
 HIGHEST    80          1200 AM
 LOWEST     26           300 PM
 AVERAGE    53

..........................................................


THE MILWAUKEE WI CLIMATE NORMALS FOR TOMORROW
                         NORMAL    RECORD    YEAR
 MAXIMUM TEMPERATURE (F)   64        89      2007
 MINIMUM TEMPERATURE (F)   46        31      1895


SUNRISE AND SUNSET
MAY 13 2017...........SUNRISE   530 AM CDT   SUNSET   806 PM CDT
MAY 14 2017...........SUNRISE   529 AM CDT   SUNSET   807 PM CDT


-  INDICATES NEGATIVE NUMBERS.
R  INDICATES RECORD WAS SET OR TIED.
MM INDICATES DATA IS MISSING.
T  INDICATES TRACE AMOUNT.




$$

HAHN
