000
CDUS43 KMKX 250711
CLIMKE


CLIMATE REPORT
NATIONAL WEATHER SERVICE IN MILWAUKEE
111 AM CST WED FEB 25 2015


...................................

...THE MILWAUKEE WI CLIMATE SUMMARY FOR FEBRUARY 24 2015...

CLIMATE NORMAL PERIOD 1981 TO 2010
CLIMATE RECORD PERIOD 1871 TO 2015


WEATHER ITEM   OBSERVED TIME   RECORD YEAR NORMAL DEPARTURE LAST
                VALUE   (LST)  VALUE       VALUE  FROM      YEAR
                                                  NORMAL
..................................................................
TEMPERATURE (F)
 YESTERDAY
  MAXIMUM         32    553 PM  59    1891  35     -3       23
  MINIMUM          5   1215 AM -13    1889  22    -17       10
  AVERAGE         19                        28     -9       17

PRECIPITATION (IN)
  YESTERDAY        0.01          1.11 1935   0.07  -0.06     0.00
  MONTH TO DATE    0.64                      1.39  -0.75     1.62
  SINCE DEC 1      2.58                      5.19  -2.61     4.52
  SINCE JAN 1      1.55                      3.15  -1.60     2.73

SNOWFALL (IN)
  YESTERDAY        T             7.4  2007   0.3   -0.3      0.0
  MONTH TO DATE   14.3                       8.5    5.8     15.6
  SINCE DEC 1     28.0                      33.8   -5.8     54.5
  SINCE JUL 1     32.8                      36.5   -3.7     56.5
  SNOW DEPTH       6

DEGREE DAYS
 HEATING
  YESTERDAY       46                        37      9       48
  MONTH TO DATE 1196                       951    245     1133
  SINCE DEC 1   3543                      3471     72     4061
  SINCE JUL 1   5114                      4836    278     5436

 COOLING
  YESTERDAY        0                         0      0        0
  MONTH TO DATE    0                         0      0        0
  SINCE DEC 1      0                         0      0        0
  SINCE JAN 1      0                         0      0        0
..................................................................


WIND (MPH)
  HIGHEST WIND SPEED    32   HIGHEST WIND DIRECTION    SW (220)
  HIGHEST GUST SPEED    41   HIGHEST GUST DIRECTION    SW (230)
  AVERAGE WIND SPEED    17.8


SKY COVER
  POSSIBLE SUNSHINE  MM
  AVERAGE SKY COVER 0.6


WEATHER CONDITIONS
 THE FOLLOWING WEATHER WAS RECORDED YESTERDAY.
  LIGHT SNOW
  HAZE


RELATIVE HUMIDITY (PERCENT)
 HIGHEST    62          1200 PM
 LOWEST     25           700 PM
 AVERAGE    44

..........................................................


THE MILWAUKEE WI CLIMATE NORMALS FOR TODAY
                         NORMAL    RECORD    YEAR
 MAXIMUM TEMPERATURE (F)   36        62      1932
 MINIMUM TEMPERATURE (F)   22        -8      1967


SUNRISE AND SUNSET
FEBRUARY 25 2015......SUNRISE   634 AM CST   SUNSET   536 PM CST
FEBRUARY 26 2015......SUNRISE   633 AM CST   SUNSET   537 PM CST


-  INDICATES NEGATIVE NUMBERS.
R  INDICATES RECORD WAS SET OR TIED.
MM INDICATES DATA IS MISSING.
T  INDICATES TRACE AMOUNT.




$$
