000
CDUS43 KMKX 160656
CLIMKE


CLIMATE REPORT
NATIONAL WEATHER SERVICE IN MILWAUKEE
156 AM CDT MON OCT 16 2017


...................................

...THE MILWAUKEE WI CLIMATE SUMMARY FOR OCTOBER 15 2017...

CLIMATE NORMAL PERIOD 1981 TO 2010
CLIMATE RECORD PERIOD 1871 TO 2017


WEATHER ITEM   OBSERVED TIME   RECORD YEAR NORMAL DEPARTURE LAST
                VALUE   (LST)  VALUE       VALUE  FROM      YEAR
                                                  NORMAL
..................................................................
TEMPERATURE (F)
 YESTERDAY
  MAXIMUM         68    340 AM  87    1897  60      8       71
  MINIMUM         46   1159 PM  23    1876  43      3       52
  AVERAGE         57                        52      5       62

PRECIPITATION (IN)
  YESTERDAY        0.02          1.35 1871   0.08  -0.06     0.00
  MONTH TO DATE    3.06                      1.30   1.76     0.57
  SINCE SEP 1      3.91                      4.48  -0.57     4.87
  SINCE JAN 1     31.23                     28.66   2.57    22.53

SNOWFALL (IN)
  YESTERDAY        0.0           0.0    MM   0.0    0.0      0.0
  MONTH TO DATE    0.0                       0.1   -0.1      0.0
  SINCE SEP 1      0.0                       0.1   -0.1      0.0
  SINCE JUL 1      0.0                       0.1   -0.1      0.0
  SNOW DEPTH       0

DEGREE DAYS
 HEATING
  YESTERDAY        8                        14     -6        3
  MONTH TO DATE   53                       170   -117       95
  SINCE SEP 1    116                       296   -180      120
  SINCE JUL 1    125                       322   -197      122

 COOLING
  YESTERDAY        0                         0      0        0
  MONTH TO DATE   22                         3     19        2
  SINCE SEP 1    157                        72     85      143
  SINCE JAN 1    767                       637    130      979
..................................................................


WIND (MPH)
  HIGHEST WIND SPEED    30   HIGHEST WIND DIRECTION     W (290)
  HIGHEST GUST SPEED    39   HIGHEST GUST DIRECTION    NW (310)
  AVERAGE WIND SPEED    14.3


SKY COVER
  POSSIBLE SUNSHINE  MM
  AVERAGE SKY COVER 0.8


WEATHER CONDITIONS
 THE FOLLOWING WEATHER WAS RECORDED YESTERDAY.
  LIGHT RAIN
  FOG


RELATIVE HUMIDITY (PERCENT)
 HIGHEST    93           100 AM
 LOWEST     59           200 PM
 AVERAGE    76

..........................................................


THE MILWAUKEE WI CLIMATE NORMALS FOR TODAY
                         NORMAL    RECORD    YEAR
 MAXIMUM TEMPERATURE (F)   59        84      1938
 MINIMUM TEMPERATURE (F)   43        29      1952


SUNRISE AND SUNSET
OCTOBER 16 2017.......SUNRISE   707 AM CDT   SUNSET   607 PM CDT
OCTOBER 17 2017.......SUNRISE   708 AM CDT   SUNSET   605 PM CDT


-  INDICATES NEGATIVE NUMBERS.
R  INDICATES RECORD WAS SET OR TIED.
MM INDICATES DATA IS MISSING.
T  INDICATES TRACE AMOUNT.




$$
