751
CDUS43 KMKX 200645
CLIMKE


CLIMATE REPORT
NATIONAL WEATHER SERVICE IN MILWAUKEE
144 AM CDT THU APR 20 2017


...................................

...THE MILWAUKEE WI CLIMATE SUMMARY FOR APRIL 19 2017...

CLIMATE NORMAL PERIOD 1981 TO 2010
CLIMATE RECORD PERIOD 1871 TO 2017


WEATHER ITEM   OBSERVED TIME   RECORD YEAR NORMAL DEPARTURE LAST
                VALUE   (LST)  VALUE       VALUE  FROM      YEAR
                                                  NORMAL
..................................................................
TEMPERATURE (F)
 YESTERDAY
  MAXIMUM         67   1226 AM  86    1985  55     12       48
  MINIMUM         41    928 PM  23    1897  39      2       40
  AVERAGE         54                        47      7       44

PRECIPITATION (IN)
  YESTERDAY        0.01          2.92 1877   0.12  -0.11      T
  MONTH TO DATE    3.28                      2.30   0.98     1.01
  SINCE MAR 1      7.00                      4.57   2.43     4.35
  SINCE JAN 1     11.01                      7.98   3.03     5.66

SNOWFALL (IN)
  YESTERDAY        0.0           0.2  2013   0.1   -0.1      0.0
  MONTH TO DATE    0.0                       1.7   -1.7      3.4
  SINCE MAR 1     13.6                       8.7    4.9     10.0
  SINCE JUL 1     37.6                      46.5   -8.9     39.1
  SNOW DEPTH       0

DEGREE DAYS
 HEATING
  YESTERDAY       11                        18     -7       21
  MONTH TO DATE  267                       409   -142      447
  SINCE MAR 1   1154                      1338   -184     1211
  SINCE JUL 1   5153                      6318  -1165     5430

 COOLING
  YESTERDAY        0                         0      0        0
  MONTH TO DATE    2                         0      2        0
  SINCE MAR 1      2                         0      2        0
  SINCE JAN 1      2                         0      2        0
..................................................................


WIND (MPH)
  HIGHEST WIND SPEED    20   HIGHEST WIND DIRECTION    NE (30)
  HIGHEST GUST SPEED    29   HIGHEST GUST DIRECTION     N (20)
  AVERAGE WIND SPEED    10.4


SKY COVER
  POSSIBLE SUNSHINE  MM
  AVERAGE SKY COVER 0.8


WEATHER CONDITIONS
 THE FOLLOWING WEATHER WAS RECORDED YESTERDAY.
  THUNDERSTORM
  LIGHT RAIN


RELATIVE HUMIDITY (PERCENT)
 HIGHEST    84           600 AM
 LOWEST     60           900 AM
 AVERAGE    72

..........................................................


THE MILWAUKEE WI CLIMATE NORMALS FOR TODAY
                         NORMAL    RECORD    YEAR
 MAXIMUM TEMPERATURE (F)   56        83      1985
 MINIMUM TEMPERATURE (F)   39        25      1904


SUNRISE AND SUNSET
APRIL 20 2017.........SUNRISE   601 AM CDT   SUNSET   740 PM CDT
APRIL 21 2017.........SUNRISE   600 AM CDT   SUNSET   741 PM CDT


-  INDICATES NEGATIVE NUMBERS.
R  INDICATES RECORD WAS SET OR TIED.
MM INDICATES DATA IS MISSING.
T  INDICATES TRACE AMOUNT.




$$
