000
CDUS43 KMKX 130023
CLIMKE


CLIMATE REPORT
NATIONAL WEATHER SERVICE IN MILWAUKEE
623 PM CST SUN NOV 12 2017


...................................

...THE MILWAUKEE WI CLIMATE SUMMARY FOR NOVEMBER 12 2017...
VALID TODAY AS OF 0500 PM LOCAL TIME.

CLIMATE NORMAL PERIOD 1981 TO 2010
CLIMATE RECORD PERIOD 1871 TO 2017


WEATHER ITEM   OBSERVED TIME   RECORD YEAR NORMAL DEPARTURE LAST
                VALUE   (LST)  VALUE       VALUE  FROM      YEAR
                                                  NORMAL
..................................................................
TEMPERATURE (F)
 TODAY
  MAXIMUM         40   1044 AM  70    1902  48     -8       52
  MINIMUM         35    808 AM   9    1986  34      1       32
  AVERAGE         38                        41     -3       42

PRECIPITATION (IN)
  TODAY            0.11          0.88 1992   0.09   0.02     0.00
  MONTH TO DATE    0.62                      1.08  -0.46     0.52
  SINCE SEP 1      5.56                      6.91  -1.35     8.38
  SINCE JAN 1     32.88                     31.09   1.79    26.04

SNOWFALL (IN)
  TODAY            T             1.3  1959   0.1   -0.1      0.0
  MONTH TO DATE    0.2                       0.3   -0.1      0.0
  SINCE SEP 1      0.2                       0.6   -0.4      0.0
  SINCE JUL 1      0.2                       0.6   -0.4      0.0
  SNOW DEPTH       0

DEGREE DAYS
 HEATING
  TODAY           27                        24      3       23
  MONTH TO DATE  323                       260     63      134
  SINCE SEP 1    649                       819   -170      434
  SINCE JUL 1    658                       845   -187      436

 COOLING
  TODAY            0                         0      0        0
  MONTH TO DATE    0                         0      0        3
  SINCE SEP 1    162                        76     86      155
  SINCE JAN 1    772                       641    131      991
..................................................................


WIND (MPH)
  HIGHEST WIND SPEED     8   HIGHEST WIND DIRECTION     N (340)
  HIGHEST GUST SPEED    10   HIGHEST GUST DIRECTION     N (340)
  AVERAGE WIND SPEED     3.9


SKY COVER
  POSSIBLE SUNSHINE  MM
  AVERAGE SKY COVER 0.8


WEATHER CONDITIONS
 THE FOLLOWING WEATHER WAS RECORDED TODAY.
  LIGHT RAIN
  SNOW
  SLEET
  FOG


RELATIVE HUMIDITY (PERCENT)
 HIGHEST    92          1000 AM
 LOWEST     70           300 AM
 AVERAGE    81

..........................................................


THE MILWAUKEE WI CLIMATE NORMALS FOR TOMORROW
                         NORMAL    RECORD    YEAR
 MAXIMUM TEMPERATURE (F)   47        69      1999
                                             1989
 MINIMUM TEMPERATURE (F)   33         5      1986


SUNRISE AND SUNSET
NOVEMBER 12 2017......SUNRISE   640 AM CST   SUNSET   431 PM CST
NOVEMBER 13 2017......SUNRISE   642 AM CST   SUNSET   430 PM CST


-  INDICATES NEGATIVE NUMBERS.
R  INDICATES RECORD WAS SET OR TIED.
MM INDICATES DATA IS MISSING.
T  INDICATES TRACE AMOUNT.




$$
