000
CDUS43 KMKX 310047
CLIMKE


CLIMATE REPORT
NATIONAL WEATHER SERVICE IN MILWAUKEE
747 PM CDT SAT MAY 30 2015


...................................

...THE MILWAUKEE WI CLIMATE SUMMARY FOR MAY 30 2015...
VALID TODAY AS OF 0700 PM LOCAL TIME.

CLIMATE NORMAL PERIOD 1981 TO 2010
CLIMATE RECORD PERIOD 1871 TO 2015


WEATHER ITEM   OBSERVED TIME   RECORD YEAR NORMAL DEPARTURE LAST
                VALUE   (LST)  VALUE       VALUE  FROM      YEAR
                                                  NORMAL
..................................................................
TEMPERATURE (F)
 TODAY
  MAXIMUM         71   1227 AM  91    1994  70      1       74
  MINIMUM         46    559 PM  33    1961  51     -5       50
  AVERAGE         59                        60     -1       62

PRECIPITATION (IN)
  TODAY            0.50          1.39 2008   0.11   0.39     0.00
  MONTH TO DATE    2.43                      3.28  -0.85     2.83
  SINCE MAR 1      8.48                      9.11  -0.63     8.21
  SINCE JAN 1     10.20                     12.52  -2.32    10.95

SNOWFALL (IN)
  TODAY            0.0           0.0    MM   0.0    0.0      0.0
  MONTH TO DATE    0.0                       0.1   -0.1      0.0
  SINCE MAR 1      4.9                       9.1   -4.2      6.6
  SINCE JUL 1     43.0                      46.9   -3.9     63.4
  SNOW DEPTH       0

DEGREE DAYS
 HEATING
  TODAY            6                         6      0        3
  MONTH TO DATE  243                       308    -65      278
  SINCE MAR 1   1742                      1825    -83     2012
  SINCE JUL 1   7074                      6805    269     7668

 COOLING
  TODAY            0                         2     -2        0
  MONTH TO DATE   26                        21      5       16
  SINCE MAR 1     26                        26      0       16
  SINCE JAN 1     26                        26      0       16
..................................................................


WIND (MPH)
  HIGHEST WIND SPEED    29   HIGHEST WIND DIRECTION     N (20)
  HIGHEST GUST SPEED    40   HIGHEST GUST DIRECTION     N (10)
  AVERAGE WIND SPEED    14.0


SKY COVER
  POSSIBLE SUNSHINE  MM
  AVERAGE SKY COVER 1.0


WEATHER CONDITIONS
 THE FOLLOWING WEATHER WAS RECORDED TODAY.
  RAIN
  LIGHT RAIN
  FOG


RELATIVE HUMIDITY (PERCENT)
 HIGHEST    93           400 AM
 LOWEST     76           500 PM
 AVERAGE    85

..........................................................


THE MILWAUKEE WI CLIMATE NORMALS FOR TOMORROW
                         NORMAL    RECORD    YEAR
 MAXIMUM TEMPERATURE (F)   70        91      1925
 MINIMUM TEMPERATURE (F)   51        33      1889


SUNRISE AND SUNSET
MAY 30 2015...........SUNRISE   517 AM CDT   SUNSET   822 PM CDT
MAY 31 2015...........SUNRISE   516 AM CDT   SUNSET   823 PM CDT


-  INDICATES NEGATIVE NUMBERS.
R  INDICATES RECORD WAS SET OR TIED.
MM INDICATES DATA IS MISSING.
T  INDICATES TRACE AMOUNT.




$$
