000
CDUS43 KMKX 200641
CLIMKE


CLIMATE REPORT
NATIONAL WEATHER SERVICE IN MILWAUKEE
140 AM CDT FRI MAY 20 2016


...................................

...THE MILWAUKEE WI CLIMATE SUMMARY FOR MAY 19 2016...

CLIMATE NORMAL PERIOD 1981 TO 2010
CLIMATE RECORD PERIOD 1871 TO 2016


WEATHER ITEM   OBSERVED TIME   RECORD YEAR NORMAL DEPARTURE LAST
                VALUE   (LST)  VALUE       VALUE  FROM      YEAR
                                                  NORMAL
..................................................................
TEMPERATURE (F)
 YESTERDAY
  MAXIMUM         68    914 AM  92    1975  66      2       51
  MINIMUM         42    429 AM  34    1929  47     -5       37
  AVERAGE         55                        57     -2       44

PRECIPITATION (IN)
  YESTERDAY        0.00          2.58 1933   0.11  -0.11     0.00
  MONTH TO DATE    1.83                      2.00  -0.17     1.12
  SINCE MAR 1      6.97                      7.83  -0.86     7.17
  SINCE JAN 1      8.28                     11.24  -2.96     8.89

SNOWFALL (IN)
  YESTERDAY        0.0           T    1924   0.0    0.0      0.0
  MONTH TO DATE    T                         0.1   -0.1      0.0
  SINCE MAR 1     10.0                       9.1    0.9      4.9
  SINCE JUL 1     39.1                      46.9   -7.8     43.0
  SNOW DEPTH       0

DEGREE DAYS
 HEATING
  YESTERDAY       10                         9      1       21
  MONTH TO DATE  246                       223     23      183
  SINCE MAR 1   1643                      1740    -97     1682
  SINCE JUL 1   5862                      6720   -858     7014

 COOLING
  YESTERDAY        0                         1     -1        0
  MONTH TO DATE    0                         9     -9       11
  SINCE MAR 1      0                        14    -14       11
  SINCE JAN 1      0                        14    -14       11
..................................................................


WIND (MPH)
  HIGHEST WIND SPEED    17   HIGHEST WIND DIRECTION    SE (140)
  HIGHEST GUST SPEED    21   HIGHEST GUST DIRECTION    SE (130)
  AVERAGE WIND SPEED     5.0


SKY COVER
  POSSIBLE SUNSHINE  MM
  AVERAGE SKY COVER 0.3


WEATHER CONDITIONS
 THE FOLLOWING WEATHER WAS RECORDED YESTERDAY.
  HAZE


RELATIVE HUMIDITY (PERCENT)
 HIGHEST    66           600 AM
 LOWEST     31           500 PM
 AVERAGE    49

..........................................................


THE MILWAUKEE WI CLIMATE NORMALS FOR TODAY
                         NORMAL    RECORD    YEAR
 MAXIMUM TEMPERATURE (F)   66        92      1934
 MINIMUM TEMPERATURE (F)   48        34      1895
                                             1883


SUNRISE AND SUNSET
MAY 20 2016...........SUNRISE   523 AM CDT   SUNSET   814 PM CDT
MAY 21 2016...........SUNRISE   522 AM CDT   SUNSET   815 PM CDT


-  INDICATES NEGATIVE NUMBERS.
R  INDICATES RECORD WAS SET OR TIED.
MM INDICATES DATA IS MISSING.
T  INDICATES TRACE AMOUNT.




$$
