794
CDUS43 KMKX 220642
CLIMKE


CLIMATE REPORT
NATIONAL WEATHER SERVICE IN MILWAUKEE
141 AM CDT WED MAR 22 2017


...................................

...THE MILWAUKEE WI CLIMATE SUMMARY FOR MARCH 21 2017...

CLIMATE NORMAL PERIOD 1981 TO 2010
CLIMATE RECORD PERIOD 1871 TO 2017


WEATHER ITEM   OBSERVED TIME   RECORD YEAR NORMAL DEPARTURE LAST
                VALUE   (LST)  VALUE       VALUE  FROM      YEAR
                                                  NORMAL
..................................................................
TEMPERATURE (F)
 YESTERDAY
  MAXIMUM         49   1040 AM  84    2012  44      5       47
  MINIMUM         29   1159 PM  -2    1885  29      0       29
  AVERAGE         39                        37      2       38

PRECIPITATION (IN)
  YESTERDAY        T             1.40 1966   0.07  -0.07     0.00
  MONTH TO DATE    1.47                      1.40   0.07     1.36
  SINCE MAR 1      1.47                      1.40   0.07     1.36
  SINCE JAN 1      5.48                      4.81   0.67     2.67

SNOWFALL (IN)
  YESTERDAY        T            11.5  2008   0.2   -0.2      0.0
  MONTH TO DATE   13.6                       5.6    8.0      4.5
  SINCE MAR 1     13.6                       5.6    8.0      4.5
  SINCE JUL 1     37.6                      43.4   -5.8     33.6
  SNOW DEPTH       0

DEGREE DAYS
 HEATING
  YESTERDAY       26                        28     -2       27
  MONTH TO DATE  633                       665    -32      525
  SINCE MAR 1    633                       665    -32      525
  SINCE JUL 1   4632                      5645  -1013     4744

 COOLING
  YESTERDAY        0                         0      0        0
  MONTH TO DATE    0                         0      0        0
  SINCE MAR 1      0                         0      0        0
  SINCE JAN 1      0                         0      0        0
..................................................................


WIND (MPH)
  HIGHEST WIND SPEED    22   HIGHEST WIND DIRECTION    NE (30)
  HIGHEST GUST SPEED    30   HIGHEST GUST DIRECTION     N (20)
  AVERAGE WIND SPEED    12.6


SKY COVER
  POSSIBLE SUNSHINE  MM
  AVERAGE SKY COVER 0.6


WEATHER CONDITIONS
 THE FOLLOWING WEATHER WAS RECORDED YESTERDAY.
  LIGHT SNOW


RELATIVE HUMIDITY (PERCENT)
 HIGHEST    76           300 AM
 LOWEST     29          1100 AM
 AVERAGE    53

..........................................................


THE MILWAUKEE WI CLIMATE NORMALS FOR TODAY
                         NORMAL    RECORD    YEAR
 MAXIMUM TEMPERATURE (F)   45        77      1938
 MINIMUM TEMPERATURE (F)   29        -2      1888


SUNRISE AND SUNSET
MARCH 22 2017.........SUNRISE   651 AM CDT   SUNSET   707 PM CDT
MARCH 23 2017.........SUNRISE   649 AM CDT   SUNSET   708 PM CDT


-  INDICATES NEGATIVE NUMBERS.
R  INDICATES RECORD WAS SET OR TIED.
MM INDICATES DATA IS MISSING.
T  INDICATES TRACE AMOUNT.




$$
