000
CDUS43 KMKX 030658
CLIMKE


CLIMATE REPORT
NATIONAL WEATHER SERVICE IN MILWAUKEE
1256 AM CST SAT DEC 3 2016


...................................

...THE MILWAUKEE WI CLIMATE SUMMARY FOR DECEMBER 2 2016...

CLIMATE NORMAL PERIOD 1981 TO 2010
CLIMATE RECORD PERIOD 1871 TO 2016


WEATHER ITEM   OBSERVED TIME   RECORD YEAR NORMAL DEPARTURE LAST
                VALUE   (LST)  VALUE       VALUE  FROM      YEAR
                                                  NORMAL
..................................................................
TEMPERATURE (F)
 YESTERDAY
  MAXIMUM         39   1220 AM  63    1982  38      1       36
  MINIMUM         33   1159 PM -10    1886  25      8       31
  AVERAGE         36                        31      5       34

PRECIPITATION (IN)
  YESTERDAY        0.01          2.24 1982   0.08  -0.07     0.03
  MONTH TO DATE    0.01                      0.16  -0.15     0.24
  SINCE DEC 1      0.01                      0.16  -0.15     0.24
  SINCE JAN 1     27.34                     32.88  -5.54    29.26

SNOWFALL (IN)
  YESTERDAY        0.0           5.4  1980   0.3   -0.3      0.4
  MONTH TO DATE    T                         0.6   -0.6      0.4
  SINCE DEC 1      T                         0.6   -0.6      0.4
  SINCE JUL 1      T                         3.3   -3.3      7.3
  SNOW DEPTH       0

DEGREE DAYS
 HEATING
  YESTERDAY       29                        34     -5       31
  MONTH TO DATE   54                        67    -13       57
  SINCE DEC 1     54                        67    -13       57
  SINCE JUL 1    884                      1432   -548     1096

 COOLING
  YESTERDAY        0                         0      0        0
  MONTH TO DATE    0                         0      0        0
  SINCE DEC 1      0                         0      0        0
  SINCE JAN 1    991                       641    350      622
..................................................................


WIND (MPH)
  HIGHEST WIND SPEED    17   HIGHEST WIND DIRECTION    NW (300)
  HIGHEST GUST SPEED    22   HIGHEST GUST DIRECTION     N (340)
  AVERAGE WIND SPEED     9.3


SKY COVER
  POSSIBLE SUNSHINE  MM
  AVERAGE SKY COVER 1.0


WEATHER CONDITIONS
 THE FOLLOWING WEATHER WAS RECORDED YESTERDAY.
  LIGHT RAIN


RELATIVE HUMIDITY (PERCENT)
 HIGHEST    82           500 AM
 LOWEST     54           100 PM
 AVERAGE    68

..........................................................


THE MILWAUKEE WI CLIMATE NORMALS FOR TODAY
                         NORMAL    RECORD    YEAR
 MAXIMUM TEMPERATURE (F)   37        65      2012
 MINIMUM TEMPERATURE (F)   24        -9      1940


SUNRISE AND SUNSET
DECEMBER  3 2016......SUNRISE   706 AM CST   SUNSET   418 PM CST
DECEMBER  4 2016......SUNRISE   707 AM CST   SUNSET   417 PM CST


-  INDICATES NEGATIVE NUMBERS.
R  INDICATES RECORD WAS SET OR TIED.
MM INDICATES DATA IS MISSING.
T  INDICATES TRACE AMOUNT.




$$
