406
CDUS43 KMKX 230701
CLIMKE


CLIMATE REPORT
NATIONAL WEATHER SERVICE IN MILWAUKEE
200 AM CDT SUN APR 23 2017


...................................

...THE MILWAUKEE WI CLIMATE SUMMARY FOR APRIL 22 2017...

CLIMATE NORMAL PERIOD 1981 TO 2010
CLIMATE RECORD PERIOD 1871 TO 2017


WEATHER ITEM   OBSERVED TIME   RECORD YEAR NORMAL DEPARTURE LAST
                VALUE   (LST)  VALUE       VALUE  FROM      YEAR
                                                  NORMAL
..................................................................
TEMPERATURE (F)
 YESTERDAY
  MAXIMUM         57    410 PM  91    1980  56      1       56
  MINIMUM         39    530 AM  26    1875  40     -1       39
  AVERAGE         48                        48      0       48

PRECIPITATION (IN)
  YESTERDAY        0.00          1.55 1878   0.12  -0.12     0.00
  MONTH TO DATE    3.87                      2.66   1.21     1.20
  SINCE MAR 1      7.59                      4.93   2.66     4.54
  SINCE JAN 1     11.60                      8.34   3.26     5.85

SNOWFALL (IN)
  YESTERDAY        0.0           0.5  1984   0.0    0.0      0.0
  MONTH TO DATE    0.0                       1.8   -1.8      3.4
  SINCE MAR 1     13.6                       8.8    4.8     10.0
  SINCE JUL 1     37.6                      46.6   -9.0     39.1
  SNOW DEPTH       0

DEGREE DAYS
 HEATING
  YESTERDAY       17                        17      0       17
  MONTH TO DATE  312                       462   -150      486
  SINCE MAR 1   1199                      1391   -192     1250
  SINCE JUL 1   5198                      6371  -1173     5469

 COOLING
  YESTERDAY        0                         0      0        0
  MONTH TO DATE    2                         0      2        0
  SINCE MAR 1      2                         0      2        0
  SINCE JAN 1      2                         0      2        0
..................................................................


WIND (MPH)
  HIGHEST WIND SPEED    15   HIGHEST WIND DIRECTION     N (10)
  HIGHEST GUST SPEED    20   HIGHEST GUST DIRECTION     N (10)
  AVERAGE WIND SPEED     6.2


SKY COVER
  POSSIBLE SUNSHINE  MM
  AVERAGE SKY COVER 0.2


WEATHER CONDITIONS
 THE FOLLOWING WEATHER WAS RECORDED YESTERDAY.
  NO SIGNIFICANT WEATHER WAS OBSERVED.


RELATIVE HUMIDITY (PERCENT)
 HIGHEST    70           500 AM
 LOWEST     24           400 PM
 AVERAGE    47

..........................................................


THE MILWAUKEE WI CLIMATE NORMALS FOR TODAY
                         NORMAL    RECORD    YEAR
 MAXIMUM TEMPERATURE (F)   57        85      1960
 MINIMUM TEMPERATURE (F)   40        22      1910


SUNRISE AND SUNSET
APRIL 23 2017.........SUNRISE   557 AM CDT   SUNSET   744 PM CDT
APRIL 24 2017.........SUNRISE   555 AM CDT   SUNSET   745 PM CDT


-  INDICATES NEGATIVE NUMBERS.
R  INDICATES RECORD WAS SET OR TIED.
MM INDICATES DATA IS MISSING.
T  INDICATES TRACE AMOUNT.




$$
