000
CDUS43 KMKX 140720
CLIMKE


CLIMATE REPORT
NATIONAL WEATHER SERVICE IN MILWAUKEE
219 AM CDT FRI APR 14 2017


...................................

...THE MILWAUKEE WI CLIMATE SUMMARY FOR APRIL 13 2017...

CLIMATE NORMAL PERIOD 1981 TO 2010
CLIMATE RECORD PERIOD 1871 TO 2017


WEATHER ITEM   OBSERVED TIME   RECORD YEAR NORMAL DEPARTURE LAST
                VALUE   (LST)  VALUE       VALUE  FROM      YEAR
                                                  NORMAL
..................................................................
TEMPERATURE (F)
 YESTERDAY
  MAXIMUM         49    141 PM  79    1899  53     -4       46
  MINIMUM         41   1159 PM  19    1950  37      4       36
  AVERAGE         45                        45      0       41

PRECIPITATION (IN)
  YESTERDAY        0.24          1.49 2014   0.13   0.11      T
  MONTH TO DATE    2.33                      1.56   0.77     1.01
  SINCE MAR 1      6.05                      3.83   2.22     4.35
  SINCE JAN 1     10.06                      7.24   2.82     5.66

SNOWFALL (IN)
  YESTERDAY        0.0           0.8  1962   0.1   -0.1      0.0
  MONTH TO DATE    0.0                       1.3   -1.3      3.4
  SINCE MAR 1     13.6                       8.3    5.3     10.0
  SINCE JUL 1     37.6                      46.1   -8.5     39.1
  SNOW DEPTH       0

DEGREE DAYS
 HEATING
  YESTERDAY       20                        20      0       24
  MONTH TO DATE  214                       294    -80      358
  SINCE MAR 1   1101                      1223   -122     1122
  SINCE JUL 1   5100                      6203  -1103     5341

 COOLING
  YESTERDAY        0                         0      0        0
  MONTH TO DATE    1                         0      1        0
  SINCE MAR 1      1                         0      1        0
  SINCE JAN 1      1                         0      1        0
..................................................................


WIND (MPH)
  HIGHEST WIND SPEED    16   HIGHEST WIND DIRECTION    NE (60)
  HIGHEST GUST SPEED    20   HIGHEST GUST DIRECTION    NE (50)
  AVERAGE WIND SPEED     8.5


SKY COVER
  POSSIBLE SUNSHINE  MM
  AVERAGE SKY COVER 0.8


WEATHER CONDITIONS
 THE FOLLOWING WEATHER WAS RECORDED YESTERDAY.
  RAIN
  LIGHT RAIN
  FOG
  HAZE


RELATIVE HUMIDITY (PERCENT)
 HIGHEST    89           700 PM
 LOWEST     70           100 AM
 AVERAGE    80

..........................................................


THE MILWAUKEE WI CLIMATE NORMALS FOR TODAY
                         NORMAL    RECORD    YEAR
 MAXIMUM TEMPERATURE (F)   53        85      2003
 MINIMUM TEMPERATURE (F)   37        22      1928
                                             1907


SUNRISE AND SUNSET
APRIL 14 2017.........SUNRISE   611 AM CDT   SUNSET   733 PM CDT
APRIL 15 2017.........SUNRISE   609 AM CDT   SUNSET   734 PM CDT


-  INDICATES NEGATIVE NUMBERS.
R  INDICATES RECORD WAS SET OR TIED.
MM INDICATES DATA IS MISSING.
T  INDICATES TRACE AMOUNT.




$$
