000
CDUS43 KMKX 030705
CLIMKE


CLIMATE REPORT
NATIONAL WEATHER SERVICE IN MILWAUKEE
103 AM CST SUN DEC 3 2017


...................................

...THE MILWAUKEE WI CLIMATE SUMMARY FOR DECEMBER 2 2017...

CLIMATE NORMAL PERIOD 1981 TO 2010
CLIMATE RECORD PERIOD 1871 TO 2017


WEATHER ITEM   OBSERVED TIME   RECORD YEAR NORMAL DEPARTURE LAST
                VALUE   (LST)  VALUE       VALUE  FROM      YEAR
                                                  NORMAL
..................................................................
TEMPERATURE (F)
 YESTERDAY
  MAXIMUM         53    216 PM  63    1982  38     15       39
  MINIMUM         38    734 AM -10    1886  25     13       33
  AVERAGE         46                        31     15       36

PRECIPITATION (IN)
  YESTERDAY        0.00          2.24 1982   0.08  -0.08     0.01
  MONTH TO DATE    0.00                      0.16  -0.16     0.01
  SINCE DEC 1      0.00                      0.16  -0.16     0.01
  SINCE JAN 1     33.63                     32.88   0.75    27.34

SNOWFALL (IN)
  YESTERDAY        0.0           5.4  1980   0.3   -0.3      0.0
  MONTH TO DATE    0.0                       0.6   -0.6       T
  SINCE DEC 1      0.0                       0.6   -0.6       T
  SINCE JUL 1      0.2                       3.3   -3.1       T
  SNOW DEPTH       0

DEGREE DAYS
 HEATING
  YESTERDAY       19                        34    -15       29
  MONTH TO DATE   44                        67    -23       54
  SINCE DEC 1     44                        67    -23       54
  SINCE JUL 1   1149                      1432   -283      884

 COOLING
  YESTERDAY        0                         0      0        0
  MONTH TO DATE    0                         0      0        0
  SINCE DEC 1      0                         0      0        0
  SINCE JAN 1    772                       641    131      991
..................................................................


WIND (MPH)
  HIGHEST WIND SPEED    13   HIGHEST WIND DIRECTION    SW (240)
  HIGHEST GUST SPEED    17   HIGHEST GUST DIRECTION    SW (230)
  AVERAGE WIND SPEED     6.7


SKY COVER
  POSSIBLE SUNSHINE  MM
  AVERAGE SKY COVER 0.6


WEATHER CONDITIONS
 THE FOLLOWING WEATHER WAS RECORDED YESTERDAY.
  NO SIGNIFICANT WEATHER WAS OBSERVED.


RELATIVE HUMIDITY (PERCENT)
 HIGHEST    64           400 AM
 LOWEST     41           100 PM
 AVERAGE    53

..........................................................


THE MILWAUKEE WI CLIMATE NORMALS FOR TODAY
                         NORMAL    RECORD    YEAR
 MAXIMUM TEMPERATURE (F)   37        65      2012
 MINIMUM TEMPERATURE (F)   24        -9      1940


SUNRISE AND SUNSET
DECEMBER  3 2017......SUNRISE   705 AM CST   SUNSET   418 PM CST
DECEMBER  4 2017......SUNRISE   706 AM CST   SUNSET   417 PM CST


-  INDICATES NEGATIVE NUMBERS.
R  INDICATES RECORD WAS SET OR TIED.
MM INDICATES DATA IS MISSING.
T  INDICATES TRACE AMOUNT.




$$
