000
CDUS43 KMKX 150044
CLIMKE


CLIMATE REPORT
NATIONAL WEATHER SERVICE IN MILWAUKEE
641 PM CST SAT JAN 14 2017


...................................

...THE MILWAUKEE WI CLIMATE SUMMARY FOR JANUARY 14 2017...
VALID TODAY AS OF 0600 PM LOCAL TIME.

CLIMATE NORMAL PERIOD 1981 TO 2010
CLIMATE RECORD PERIOD 1871 TO 2017


WEATHER ITEM   OBSERVED TIME   RECORD YEAR NORMAL DEPARTURE LAST
                VALUE   (LST)  VALUE       VALUE  FROM      YEAR
                                                  NORMAL
..................................................................
TEMPERATURE (F)
 TODAY
  MAXIMUM         36    159 PM  52    1928  29      7       36
  MINIMUM         20    535 AM -19    1881  15      5       15
  AVERAGE         28                        22      6       26

PRECIPITATION (IN)
  TODAY            0.00          1.07 1940   0.06  -0.06     0.00
  MONTH TO DATE    0.55                      0.84  -0.29     0.36
  SINCE DEC 1      2.48                      2.88  -0.40     4.18
  SINCE JAN 1      0.55                      0.84  -0.29     0.36

SNOWFALL (IN)
  TODAY            0.0           5.0  1910   0.5   -0.5      0.0
  MONTH TO DATE    1.0                       6.8   -5.8      4.1
  SINCE DEC 1     19.8                      17.4    2.4     13.7
  SINCE JUL 1     19.8                      20.1   -0.3     20.6
  SNOW DEPTH       0

DEGREE DAYS
 HEATING
  TODAY           37                        43     -6       39
  MONTH TO DATE  616                       597     19      593
  SINCE DEC 1   1823                      1792     31     1432
  SINCE JUL 1   2653                      3157   -504     2471

 COOLING
  TODAY            0                         0      0        0
  MONTH TO DATE    0                         0      0        0
  SINCE DEC 1      0                         0      0        0
  SINCE JAN 1      0                         0      0        0
..................................................................


WIND (MPH)
  HIGHEST WIND SPEED    10   HIGHEST WIND DIRECTION    NW (300)
  HIGHEST GUST SPEED    15   HIGHEST GUST DIRECTION     W (280)
  AVERAGE WIND SPEED     5.1


SKY COVER
  POSSIBLE SUNSHINE  MM
  AVERAGE SKY COVER 0.7


WEATHER CONDITIONS
 THE FOLLOWING WEATHER WAS RECORDED TODAY.
  NO SIGNIFICANT WEATHER WAS OBSERVED.


RELATIVE HUMIDITY (PERCENT)
 HIGHEST    84           200 AM
 LOWEST     41           300 PM
 AVERAGE    63

..........................................................


THE MILWAUKEE WI CLIMATE NORMALS FOR TOMORROW
                         NORMAL    RECORD    YEAR
 MAXIMUM TEMPERATURE (F)   29        54      1953
                                             1949
 MINIMUM TEMPERATURE (F)   15       -24      1963


SUNRISE AND SUNSET
JANUARY 14 2017.......SUNRISE   720 AM CST   SUNSET   442 PM CST
JANUARY 15 2017.......SUNRISE   720 AM CST   SUNSET   443 PM CST


-  INDICATES NEGATIVE NUMBERS.
R  INDICATES RECORD WAS SET OR TIED.
MM INDICATES DATA IS MISSING.
T  INDICATES TRACE AMOUNT.




$$

HAHN
