000
CDUS43 KMKX 140642
CLIMKE


CLIMATE REPORT
NATIONAL WEATHER SERVICE IN MILWAUKEE
141 AM CDT WED JUN 14 2017


...................................

...THE MILWAUKEE WI CLIMATE SUMMARY FOR JUNE 13 2017...

CLIMATE NORMAL PERIOD 1981 TO 2010
CLIMATE RECORD PERIOD 1871 TO 2017


WEATHER ITEM   OBSERVED TIME   RECORD YEAR NORMAL DEPARTURE LAST
                VALUE   (LST)  VALUE       VALUE  FROM      YEAR
                                                  NORMAL
..................................................................
TEMPERATURE (F)
 YESTERDAY
  MAXIMUM         76    140 PM  95    1956  75      1       71
  MINIMUM         59    750 PM  42    1968  56      3       54
  AVERAGE         68                        66      2       63

PRECIPITATION (IN)
  YESTERDAY        T             3.04 1950   0.14  -0.14      T
  MONTH TO DATE    0.61                      1.68  -1.07     0.45
  SINCE JUN 1      0.61                      1.68  -1.07     0.45
  SINCE JAN 1     17.40                     14.32   3.08     9.27

SNOWFALL (IN)
  YESTERDAY        0.0           0.0    MM   0.0    0.0      0.0
  MONTH TO DATE    0.0                       0.0    0.0      0.0
  SINCE JUN 1      0.0                       0.0    0.0      0.0
  SINCE JUL 1     37.6                      46.9   -9.3     39.1
  SNOW DEPTH       0

DEGREE DAYS
 HEATING
  YESTERDAY        0                         3     -3        2
  MONTH TO DATE    9                        56    -47       25
  SINCE JUN 1      9                        56    -47       25
  SINCE JUL 1   5629                      6866  -1237     5905

 COOLING
  YESTERDAY        3                         4     -1        0
  MONTH TO DATE   79                        33     46       44
  SINCE JUN 1     79                        33     46       44
  SINCE JAN 1    100                        63     37       89
..................................................................


WIND (MPH)
  HIGHEST WIND SPEED    18   HIGHEST WIND DIRECTION    NW (310)
  HIGHEST GUST SPEED    24   HIGHEST GUST DIRECTION    NW (310)
  AVERAGE WIND SPEED     5.2


SKY COVER
  POSSIBLE SUNSHINE  MM
  AVERAGE SKY COVER 0.6


WEATHER CONDITIONS
 THE FOLLOWING WEATHER WAS RECORDED YESTERDAY.
  THUNDERSTORM
  LIGHT RAIN
  FOG


RELATIVE HUMIDITY (PERCENT)
 HIGHEST    97           800 PM
 LOWEST     68           400 PM
 AVERAGE    83

..........................................................


THE MILWAUKEE WI CLIMATE NORMALS FOR TODAY
                         NORMAL    RECORD    YEAR
 MAXIMUM TEMPERATURE (F)   75       101      1987
 MINIMUM TEMPERATURE (F)   57        41      1880
                                             1875


SUNRISE AND SUNSET
JUNE 14 2017..........SUNRISE   512 AM CDT   SUNSET   832 PM CDT
JUNE 15 2017..........SUNRISE   512 AM CDT   SUNSET   832 PM CDT


-  INDICATES NEGATIVE NUMBERS.
R  INDICATES RECORD WAS SET OR TIED.
MM INDICATES DATA IS MISSING.
T  INDICATES TRACE AMOUNT.




$$
