775
CDUS43 KMKX 302245
CLIMKE


CLIMATE REPORT
NATIONAL WEATHER SERVICE IN MILWAUKEE
444 PM CST WED NOV 30 2016


...................................

...THE MILWAUKEE WI CLIMATE SUMMARY FOR NOVEMBER 30 2016...
VALID TODAY AS OF 0400 PM LOCAL TIME.

CLIMATE NORMAL PERIOD 1981 TO 2010
CLIMATE RECORD PERIOD 1871 TO 2016


WEATHER ITEM   OBSERVED TIME   RECORD YEAR NORMAL DEPARTURE LAST
                VALUE   (LST)  VALUE       VALUE  FROM      YEAR
                                                  NORMAL
..................................................................
TEMPERATURE (F)
 TODAY
  MAXIMUM         43   1203 AM  63    1998  39      4       43
  MINIMUM         33    613 AM  -4    1947  26      7       38
  AVERAGE         38                        32      6       41

PRECIPITATION (IN)
  TODAY            0.00          0.93 1934   0.09  -0.09     0.50
  MONTH TO DATE    1.81                      2.71  -0.90     4.93
  SINCE SEP 1      9.67                      8.54   1.13    11.27
  SINCE JAN 1     27.33                     32.72  -5.39    29.02

SNOWFALL (IN)
  TODAY            0.0          10.0  1940   0.2   -0.2       T
  MONTH TO DATE    T                         2.4   -2.4      6.9
  SINCE SEP 1      T                         2.7   -2.7      6.9
  SINCE JUL 1      T                         2.7   -2.7      6.9
  SNOW DEPTH       0

DEGREE DAYS
 HEATING
  TODAY           27                        33     -6       24
  MONTH TO DATE  528                       782   -254      607
  SINCE SEP 1    828                      1339   -511      991
  SINCE JUL 1    830                      1365   -535     1039

 COOLING
  TODAY            0                         0      0        0
  MONTH TO DATE    3                         0      3        0
  SINCE SEP 1    155                        76     79      135
  SINCE JAN 1    991                       641    350      622
..................................................................


WIND (MPH)
  HIGHEST WIND SPEED    18   HIGHEST WIND DIRECTION     W (250)
  HIGHEST GUST SPEED    24   HIGHEST GUST DIRECTION    SW (240)
  AVERAGE WIND SPEED     8.2


SKY COVER
  POSSIBLE SUNSHINE  MM
  AVERAGE SKY COVER 0.4


WEATHER CONDITIONS
 THE FOLLOWING WEATHER WAS RECORDED TODAY.
  NO SIGNIFICANT WEATHER WAS OBSERVED.


RELATIVE HUMIDITY (PERCENT)
 HIGHEST    89          1200 AM
 LOWEST     70          1000 AM
 AVERAGE    80

..........................................................


THE MILWAUKEE WI CLIMATE NORMALS FOR TOMORROW
                         NORMAL    RECORD    YEAR
 MAXIMUM TEMPERATURE (F)   38        63      1970
 MINIMUM TEMPERATURE (F)   25        -9      1893


SUNRISE AND SUNSET
NOVEMBER 30 2016......SUNRISE   702 AM CST   SUNSET   418 PM CST
DECEMBER  1 2016......SUNRISE   703 AM CST   SUNSET   418 PM CST


-  INDICATES NEGATIVE NUMBERS.
R  INDICATES RECORD WAS SET OR TIED.
MM INDICATES DATA IS MISSING.
T  INDICATES TRACE AMOUNT.




$$
