000
CDUS43 KMKX 260649
CLIMKE


CLIMATE REPORT
NATIONAL WEATHER SERVICE IN MILWAUKEE
148 AM CDT FRI AUG 26 2016


...................................

...THE MILWAUKEE WI CLIMATE SUMMARY FOR AUGUST 25 2016...

CLIMATE NORMAL PERIOD 1981 TO 2010
CLIMATE RECORD PERIOD 1871 TO 2016


WEATHER ITEM   OBSERVED TIME   RECORD YEAR NORMAL DEPARTURE LAST
                VALUE   (LST)  VALUE       VALUE  FROM      YEAR
                                                  NORMAL
..................................................................
TEMPERATURE (F)
 YESTERDAY
  MAXIMUM         84    149 PM  94    1948  78      6       64
  MINIMUM         70    443 AM  44    1917  62      8       57
  AVERAGE         77                        70      7       61

PRECIPITATION (IN)
  YESTERDAY        0.33          1.89 1940   0.11   0.22     0.00
  MONTH TO DATE    1.42                      3.25  -1.83     2.56
  SINCE JUN 1      6.67                     10.82  -4.15     6.65
  SINCE JAN 1     15.49                     23.46  -7.97    16.85

SNOWFALL (IN)
  YESTERDAY        0.0           0.0    MM   0.0    0.0      0.0
  MONTH TO DATE    0.0                       0.0    0.0      0.0
  SINCE JUN 1      0.0                       0.0    0.0      0.0
  SINCE JUL 1      0.0                       0.0    0.0      0.0
  SNOW DEPTH       0

DEGREE DAYS
 HEATING
  YESTERDAY        0                         1     -1        4
  MONTH TO DATE    0                         4     -4        9
  SINCE JUN 1     31                        99    -68      139
  SINCE JUL 1      2                        15    -13       37

 COOLING
  YESTERDAY       12                         6      6        0
  MONTH TO DATE  289                       164    125      173
  SINCE JUN 1    746                       506    240      454
  SINCE JAN 1    791                       536    255      480
..................................................................


WIND (MPH)
  HIGHEST WIND SPEED    14   HIGHEST WIND DIRECTION     W (280)
  HIGHEST GUST SPEED    17   HIGHEST GUST DIRECTION     W (290)
  AVERAGE WIND SPEED     5.5


SKY COVER
  POSSIBLE SUNSHINE  MM
  AVERAGE SKY COVER 0.8


WEATHER CONDITIONS
 THE FOLLOWING WEATHER WAS RECORDED YESTERDAY.
  THUNDERSTORM
  HEAVY RAIN
  LIGHT RAIN
  FOG


RELATIVE HUMIDITY (PERCENT)
 HIGHEST    87           100 AM
 LOWEST     43           100 PM
 AVERAGE    65

..........................................................


THE MILWAUKEE WI CLIMATE NORMALS FOR TODAY
                         NORMAL    RECORD    YEAR
 MAXIMUM TEMPERATURE (F)   78        96      1953
 MINIMUM TEMPERATURE (F)   62        47      1964
                                             1885


SUNRISE AND SUNSET
AUGUST 26 2016........SUNRISE   610 AM CDT   SUNSET   736 PM CDT
AUGUST 27 2016........SUNRISE   611 AM CDT   SUNSET   734 PM CDT


-  INDICATES NEGATIVE NUMBERS.
R  INDICATES RECORD WAS SET OR TIED.
MM INDICATES DATA IS MISSING.
T  INDICATES TRACE AMOUNT.




$$
