186
CDUS43 KMKX 240100
CLIMKE


CLIMATE REPORT
NATIONAL WEATHER SERVICE IN MILWAUKEE
700 PM CST MON JAN 23 2017


...................................

...THE MILWAUKEE WI CLIMATE SUMMARY FOR JANUARY 23 2017...
VALID TODAY AS OF 0700 PM LOCAL TIME.

CLIMATE NORMAL PERIOD 1981 TO 2010
CLIMATE RECORD PERIOD 1871 TO 2017


WEATHER ITEM   OBSERVED TIME   RECORD YEAR NORMAL DEPARTURE LAST
                VALUE   (LST)  VALUE       VALUE  FROM      YEAR
                                                  NORMAL
..................................................................
TEMPERATURE (F)
 TODAY
  MAXIMUM         44    309 PM  52    1909  29     15       31
  MINIMUM         38   1230 AM -23    1883  15     23       24
  AVERAGE         41                        22     19       28

PRECIPITATION (IN)
  TODAY            0.00          0.92 1898   0.05  -0.05      T
  MONTH TO DATE    1.73                      1.33   0.40     0.37
  SINCE DEC 1      3.66                      3.37   0.29     4.19
  SINCE JAN 1      1.73                      1.33   0.40     0.37

SNOWFALL (IN)
  TODAY            0.0          10.9  1898   0.4   -0.4       T
  MONTH TO DATE    1.0                      11.1  -10.1      4.3
  SINCE DEC 1     19.8                      21.7   -1.9     13.9
  SINCE JUL 1     19.8                      24.4   -4.6     20.8
  SNOW DEPTH       0

DEGREE DAYS
 HEATING
  TODAY           24                        43    -19       37
  MONTH TO DATE  865                       984   -119     1026
  SINCE DEC 1   2072                      2179   -107     1865
  SINCE JUL 1   2902                      3544   -642     2904

 COOLING
  TODAY            0                         0      0        0
  MONTH TO DATE    0                         0      0        0
  SINCE DEC 1      0                         0      0        0
  SINCE JAN 1      0                         0      0        0
..................................................................


WIND (MPH)
  HIGHEST WIND SPEED    13   HIGHEST WIND DIRECTION    NW (330)
  HIGHEST GUST SPEED    17   HIGHEST GUST DIRECTION    NW (320)
  AVERAGE WIND SPEED     6.9


SKY COVER
  POSSIBLE SUNSHINE  MM
  AVERAGE SKY COVER 1.0


WEATHER CONDITIONS
 THE FOLLOWING WEATHER WAS RECORDED TODAY.
  FOG


RELATIVE HUMIDITY (PERCENT)
 HIGHEST    92          1200 AM
 LOWEST     76           200 PM
 AVERAGE    84

..........................................................


THE MILWAUKEE WI CLIMATE NORMALS FOR TOMORROW
                         NORMAL    RECORD    YEAR
 MAXIMUM TEMPERATURE (F)   29        60      1950
 MINIMUM TEMPERATURE (F)   15       -20      1904


SUNRISE AND SUNSET
JANUARY 23 2017.......SUNRISE   715 AM CST   SUNSET   453 PM CST
JANUARY 24 2017.......SUNRISE   714 AM CST   SUNSET   454 PM CST


-  INDICATES NEGATIVE NUMBERS.
R  INDICATES RECORD WAS SET OR TIED.
MM INDICATES DATA IS MISSING.
T  INDICATES TRACE AMOUNT.




$$
