000
CDUS43 KMKX 312151
CLIMKE


CLIMATE REPORT
NATIONAL WEATHER SERVICE IN MILWAUKEE
450 PM CDT FRI JUL 31 2015


...................................

...THE MILWAUKEE WI CLIMATE SUMMARY FOR JULY 31 2015...
VALID TODAY AS OF 0400 PM LOCAL TIME.

CLIMATE NORMAL PERIOD 1981 TO 2010
CLIMATE RECORD PERIOD 1871 TO 2015


WEATHER ITEM   OBSERVED TIME   RECORD YEAR NORMAL DEPARTURE LAST
                VALUE   (LST)  VALUE       VALUE  FROM      YEAR
                                                  NORMAL
..................................................................
TEMPERATURE (F)
 TODAY
  MAXIMUM         85   1147 AM  98    2006  80      5       83
                                      1917
  MINIMUM         68    530 AM  49    1891  64      4       60
  AVERAGE         77                        72      5       72

PRECIPITATION (IN)
  TODAY            0.00          1.34 1953   0.11  -0.11     0.00
  MONTH TO DATE    1.60                      3.67  -2.07     2.31
  SINCE JUN 1      4.09                      7.57  -3.48     8.65
  SINCE JAN 1     14.29                     20.21  -5.92    19.60

SNOWFALL (IN)
  TODAY            0.0           0.0    MM   0.0    0.0      0.0
  MONTH TO DATE    0.0                       0.0    0.0      0.0
  SINCE JUN 1      0.0                       0.0    0.0      0.0
  SINCE JUL 1      0.0                       0.0    0.0      0.0
  SNOW DEPTH       0

DEGREE DAYS
 HEATING
  TODAY            0                         0      0        0
  MONTH TO DATE   28                         4     24       21
  SINCE JUN 1    130                        95     35       95
  SINCE JUL 1     28                        11     17       21

 COOLING
  TODAY           12                         7      5        7
  MONTH TO DATE  208                       222    -14      127
  SINCE JUN 1    281                       342    -61      217
  SINCE JAN 1    307                       372    -65      235
..................................................................


WIND (MPH)
  HIGHEST WIND SPEED    29   HIGHEST WIND DIRECTION    NW (300)
  HIGHEST GUST SPEED    37   HIGHEST GUST DIRECTION     W (290)
  AVERAGE WIND SPEED    11.9


SKY COVER
  POSSIBLE SUNSHINE  MM
  AVERAGE SKY COVER 0.2


WEATHER CONDITIONS
 THE FOLLOWING WEATHER WAS RECORDED TODAY.
  NO SIGNIFICANT WEATHER WAS OBSERVED.


RELATIVE HUMIDITY (PERCENT)
 HIGHEST    66           600 AM
 LOWEST     28           200 PM
 AVERAGE    47

..........................................................


THE MILWAUKEE WI CLIMATE NORMALS FOR TOMORROW
                         NORMAL    RECORD    YEAR
 MAXIMUM TEMPERATURE (F)   80       103      1988
 MINIMUM TEMPERATURE (F)   64        49      1947


SUNRISE AND SUNSET
JULY 31 2015..........SUNRISE   541 AM CDT   SUNSET   814 PM CDT
AUGUST  1 2015........SUNRISE   542 AM CDT   SUNSET   813 PM CDT


-  INDICATES NEGATIVE NUMBERS.
R  INDICATES RECORD WAS SET OR TIED.
MM INDICATES DATA IS MISSING.
T  INDICATES TRACE AMOUNT.




$$
