000
CDUS43 KMKX 280645
CLIMKE


CLIMATE REPORT
NATIONAL WEATHER SERVICE IN MILWAUKEE
1244 AM CST TUE NOV 28 2017


...................................

...THE MILWAUKEE WI CLIMATE SUMMARY FOR NOVEMBER 27 2017...

CLIMATE NORMAL PERIOD 1981 TO 2010
CLIMATE RECORD PERIOD 1871 TO 2017


WEATHER ITEM   OBSERVED TIME   RECORD YEAR NORMAL DEPARTURE LAST
                VALUE   (LST)  VALUE       VALUE  FROM      YEAR
                                                  NORMAL
..................................................................
TEMPERATURE (F)
 YESTERDAY
  MAXIMUM         56   1158 PM  67    1990  40     16       45
  MINIMUM         32    508 AM   0    1872  27      5       33
  AVERAGE         44                        33     11       39

PRECIPITATION (IN)
  YESTERDAY        0.00          1.22 1990   0.09  -0.09     0.02
  MONTH TO DATE    1.37                      2.45  -1.08     0.73
  SINCE SEP 1      6.31                      8.28  -1.97     8.59
  SINCE JAN 1     33.63                     32.46   1.17    26.25

SNOWFALL (IN)
  YESTERDAY        0.0           9.7  1995   0.2   -0.2      0.0
  MONTH TO DATE    0.2                       1.9   -1.7       T
  SINCE SEP 1      0.2                       2.2   -2.0       T
  SINCE JUL 1      0.2                       2.2   -2.0       T
  SNOW DEPTH       0

DEGREE DAYS
 HEATING
  YESTERDAY       21                        32    -11       26
  MONTH TO DATE  712                       684     28      465
  SINCE SEP 1   1038                      1243   -205      765
  SINCE JUL 1   1047                      1269   -222      767

 COOLING
  YESTERDAY        0                         0      0        0
  MONTH TO DATE    0                         0      0        3
  SINCE SEP 1    162                        76     86      155
  SINCE JAN 1    772                       641    131      991
..................................................................


WIND (MPH)
  HIGHEST WIND SPEED    21   HIGHEST WIND DIRECTION    SW (210)
  HIGHEST GUST SPEED    27   HIGHEST GUST DIRECTION     S (200)
  AVERAGE WIND SPEED     7.9


SKY COVER
  POSSIBLE SUNSHINE  MM
  AVERAGE SKY COVER 0.6


WEATHER CONDITIONS
 THE FOLLOWING WEATHER WAS RECORDED YESTERDAY.
  FOG


RELATIVE HUMIDITY (PERCENT)
 HIGHEST   100           800 AM
 LOWEST     54          1100 PM
 AVERAGE    77

..........................................................


THE MILWAUKEE WI CLIMATE NORMALS FOR TODAY
                         NORMAL    RECORD    YEAR
 MAXIMUM TEMPERATURE (F)   40        65      1998
 MINIMUM TEMPERATURE (F)   26        -4      1887


SUNRISE AND SUNSET
NOVEMBER 28 2017......SUNRISE   700 AM CST   SUNSET   419 PM CST
NOVEMBER 29 2017......SUNRISE   701 AM CST   SUNSET   419 PM CST


-  INDICATES NEGATIVE NUMBERS.
R  INDICATES RECORD WAS SET OR TIED.
MM INDICATES DATA IS MISSING.
T  INDICATES TRACE AMOUNT.




$$
