000
CDUS43 KMKX 260646
CLIMKE


CLIMATE REPORT
NATIONAL WEATHER SERVICE IN MILWAUKEE
1245 AM CST SAT NOV 26 2016


...................................

...THE MILWAUKEE WI CLIMATE SUMMARY FOR NOVEMBER 25 2016...

CLIMATE NORMAL PERIOD 1981 TO 2010
CLIMATE RECORD PERIOD 1871 TO 2016


WEATHER ITEM   OBSERVED TIME   RECORD YEAR NORMAL DEPARTURE LAST
                VALUE   (LST)  VALUE       VALUE  FROM      YEAR
                                                  NORMAL
..................................................................
TEMPERATURE (F)
 YESTERDAY
  MAXIMUM         41    316 PM  63    1908  41      0       51
  MINIMUM         36   1159 PM   0    1950  28      8       38
  AVERAGE         39                        34      5       45

PRECIPITATION (IN)
  YESTERDAY        T             0.68 1952   0.09  -0.09     0.00
  MONTH TO DATE    0.71                      2.28  -1.57     2.55
  SINCE SEP 1      8.57                      8.11   0.46     8.89
  SINCE JAN 1     26.23                     32.29  -6.06    26.64

SNOWFALL (IN)
  YESTERDAY        T             9.8  1977   0.1   -0.1      0.0
  MONTH TO DATE    T                         1.5   -1.5      6.9
  SINCE SEP 1      T                         1.8   -1.8      6.9
  SINCE JUL 1      T                         1.8   -1.8      6.9
  SNOW DEPTH       0

DEGREE DAYS
 HEATING
  YESTERDAY       26                        31     -5       20
  MONTH TO DATE  414                       621   -207      469
  SINCE SEP 1    714                      1180   -466      853
  SINCE JUL 1    716                      1206   -490      901

 COOLING
  YESTERDAY        0                         0      0        0
  MONTH TO DATE    3                         0      3        0
  SINCE SEP 1    155                        76     79      135
  SINCE JAN 1    991                       641    350      622
..................................................................


WIND (MPH)
  HIGHEST WIND SPEED    13   HIGHEST WIND DIRECTION    NW (300)
  HIGHEST GUST SPEED    20   HIGHEST GUST DIRECTION     W (280)
  AVERAGE WIND SPEED     7.0


SKY COVER
  POSSIBLE SUNSHINE  MM
  AVERAGE SKY COVER 0.9


WEATHER CONDITIONS
 THE FOLLOWING WEATHER WAS RECORDED YESTERDAY.
  LIGHT RAIN


RELATIVE HUMIDITY (PERCENT)
 HIGHEST    82           300 AM
 LOWEST     70          1000 AM
 AVERAGE    76

..........................................................


THE MILWAUKEE WI CLIMATE NORMALS FOR TODAY
                         NORMAL    RECORD    YEAR
 MAXIMUM TEMPERATURE (F)   41        67      1990
 MINIMUM TEMPERATURE (F)   27         3      1977


SUNRISE AND SUNSET
NOVEMBER 26 2016......SUNRISE   658 AM CST   SUNSET   420 PM CST
NOVEMBER 27 2016......SUNRISE   659 AM CST   SUNSET   420 PM CST


-  INDICATES NEGATIVE NUMBERS.
R  INDICATES RECORD WAS SET OR TIED.
MM INDICATES DATA IS MISSING.
T  INDICATES TRACE AMOUNT.




$$
