931
CDUS43 KMKX 190808
CLIMKE


CLIMATE REPORT
NATIONAL WEATHER SERVICE IN MILWAUKEE
307 AM CDT FRI MAY 19 2017


...................................

...THE MILWAUKEE WI CLIMATE SUMMARY FOR MAY 18 2017...

CLIMATE NORMAL PERIOD 1981 TO 2010
CLIMATE RECORD PERIOD 1871 TO 2017


WEATHER ITEM   OBSERVED TIME   RECORD YEAR NORMAL DEPARTURE LAST
                VALUE   (LST)  VALUE       VALUE  FROM      YEAR
                                                  NORMAL
..................................................................
TEMPERATURE (F)
 YESTERDAY
  MAXIMUM         75    158 PM  90    1996  66      9       57
  MINIMUM         44   1159 PM  33    2002  47     -3       45
  AVERAGE         60                        56      4       51

PRECIPITATION (IN)
  YESTERDAY        T             1.53 2000   0.11  -0.11     0.00
  MONTH TO DATE    1.07                      1.89  -0.82     1.83
  SINCE MAR 1     11.02                      7.72   3.30     6.97
  SINCE JAN 1     15.03                     11.13   3.90     8.28

SNOWFALL (IN)
  YESTERDAY        0.0           0.0    MM   0.0    0.0      0.0
  MONTH TO DATE    0.0                       0.1   -0.1       T
  SINCE MAR 1     13.6                       9.1    4.5     10.0
  SINCE JUL 1     37.6                      46.9   -9.3     39.1
  SNOW DEPTH       0

DEGREE DAYS
 HEATING
  YESTERDAY        5                        10     -5       14
  MONTH TO DATE  224                       214     10      236
  SINCE MAR 1   1529                      1731   -202     1633
  SINCE JUL 1   5528                      6711  -1183     5852

 COOLING
  YESTERDAY        0                         1     -1        0
  MONTH TO DATE   15                         8      7        0
  SINCE MAR 1     18                        13      5        0
  SINCE JAN 1     18                        13      5        0
..................................................................


WIND (MPH)
  HIGHEST WIND SPEED    28   HIGHEST WIND DIRECTION     W (260)
  HIGHEST GUST SPEED    40   HIGHEST GUST DIRECTION    SW (240)
  AVERAGE WIND SPEED    15.1


SKY COVER
  POSSIBLE SUNSHINE  MM
  AVERAGE SKY COVER 0.6


WEATHER CONDITIONS
 THE FOLLOWING WEATHER WAS RECORDED YESTERDAY.
  NO SIGNIFICANT WEATHER WAS OBSERVED.


RELATIVE HUMIDITY (PERCENT)
 HIGHEST    97           200 AM
 LOWEST     53          1100 AM
 AVERAGE    75

..........................................................


THE MILWAUKEE WI CLIMATE NORMALS FOR TODAY
                         NORMAL    RECORD    YEAR
 MAXIMUM TEMPERATURE (F)   66        92      1975
 MINIMUM TEMPERATURE (F)   47        34      1929


SUNRISE AND SUNSET
MAY 19 2017...........SUNRISE   524 AM CDT   SUNSET   812 PM CDT
MAY 20 2017...........SUNRISE   524 AM CDT   SUNSET   813 PM CDT


-  INDICATES NEGATIVE NUMBERS.
R  INDICATES RECORD WAS SET OR TIED.
MM INDICATES DATA IS MISSING.
T  INDICATES TRACE AMOUNT.




$$
