000
CDUS43 KMKX 090700
CLIMKE


CLIMATE REPORT
NATIONAL WEATHER SERVICE IN MILWAUKEE
200 AM CDT SAT SEP 9 2017


...................................

...THE MILWAUKEE WI CLIMATE SUMMARY FOR SEPTEMBER 8 2017...

CLIMATE NORMAL PERIOD 1981 TO 2010
CLIMATE RECORD PERIOD 1871 TO 2017


WEATHER ITEM   OBSERVED TIME   RECORD YEAR NORMAL DEPARTURE LAST
                VALUE   (LST)  VALUE       VALUE  FROM      YEAR
                                                  NORMAL
..................................................................
TEMPERATURE (F)
 YESTERDAY
  MAXIMUM         65    345 PM  95    1933  74     -9       85
  MINIMUM         55    315 AM  41    1883  58     -3       66
  AVERAGE         60                        66     -6       76

PRECIPITATION (IN)
  YESTERDAY        0.22          4.32 1941   0.10   0.12      T
  MONTH TO DATE    0.39                      0.82  -0.43     1.59
  SINCE SEP 1      0.39                      0.82  -0.43     1.59
  SINCE JAN 1     27.71                     25.00   2.71    19.25

SNOWFALL (IN)
  YESTERDAY        0.0           0.0    MM   0.0    0.0      0.0
  MONTH TO DATE    0.0                       0.0    0.0      0.0
  SINCE SEP 1      0.0                       0.0    0.0      0.0
  SINCE JUL 1      0.0                       0.0    0.0      0.0
  SNOW DEPTH       0

DEGREE DAYS
 HEATING
  YESTERDAY        5                         2      3        0
  MONTH TO DATE   28                        12     16        0
  SINCE SEP 1     28                        12     16        0
  SINCE JUL 1     37                        38     -1        2

 COOLING
  YESTERDAY        0                         3     -3       11
  MONTH TO DATE   10                        32    -22       63
  SINCE SEP 1     10                        32    -22       63
  SINCE JAN 1    620                       597     23      899
..................................................................


WIND (MPH)
  HIGHEST WIND SPEED    15   HIGHEST WIND DIRECTION     E (70)
  HIGHEST GUST SPEED    20   HIGHEST GUST DIRECTION    NE (60)
  AVERAGE WIND SPEED     9.0


SKY COVER
  POSSIBLE SUNSHINE  MM
  AVERAGE SKY COVER 0.7


WEATHER CONDITIONS
 THE FOLLOWING WEATHER WAS RECORDED YESTERDAY.
  RAIN
  LIGHT RAIN
  FOG


RELATIVE HUMIDITY (PERCENT)
 HIGHEST    93           300 AM
 LOWEST     52           100 PM
 AVERAGE    73

..........................................................


THE MILWAUKEE WI CLIMATE NORMALS FOR TODAY
                         NORMAL    RECORD    YEAR
 MAXIMUM TEMPERATURE (F)   74        96      1955
 MINIMUM TEMPERATURE (F)   58        40      1883


SUNRISE AND SUNSET
SEPTEMBER  9 2017.....SUNRISE   625 AM CDT   SUNSET   712 PM CDT
SEPTEMBER 10 2017.....SUNRISE   626 AM CDT   SUNSET   710 PM CDT


-  INDICATES NEGATIVE NUMBERS.
R  INDICATES RECORD WAS SET OR TIED.
MM INDICATES DATA IS MISSING.
T  INDICATES TRACE AMOUNT.




$$
