685
CDUS43 KMKX 122121
CLIMKE


CLIMATE REPORT
NATIONAL WEATHER SERVICE IN MILWAUKEE
421 PM CDT WED JUL 12 2017


...................................

...THE MILWAUKEE WI CLIMATE SUMMARY FOR JULY 12 2017...
VALID TODAY AS OF 0400 PM LOCAL TIME.

CLIMATE NORMAL PERIOD 1981 TO 2010
CLIMATE RECORD PERIOD 1871 TO 2017


WEATHER ITEM   OBSERVED TIME   RECORD YEAR NORMAL DEPARTURE LAST
                VALUE   (LST)  VALUE       VALUE  FROM      YEAR
                                                  NORMAL
..................................................................
TEMPERATURE (F)
 TODAY
  MAXIMUM         82    259 PM  97    1930  80      2       88
  MINIMUM         70    853 AM  50    1975  64      6       74
  AVERAGE         76                        72      4       81

PRECIPITATION (IN)
  TODAY            1.68          1.95 1956   0.12   1.56     0.00
  MONTH TO DATE    2.70                      1.49   1.21     0.15
  SINCE JUN 1      7.91                      5.39   2.52     3.64
  SINCE JAN 1     24.70                     18.03   6.67    12.46

SNOWFALL (IN)
  TODAY            0.0           0.0    MM   0.0    0.0      0.0
  MONTH TO DATE    0.0                       0.0    0.0      0.0
  SINCE JUN 1      0.0                       0.0    0.0      0.0
  SINCE JUL 1      0.0                       0.0    0.0      0.0
  SNOW DEPTH       0

DEGREE DAYS
 HEATING
  TODAY            0                         0      0        0
  MONTH TO DATE    0                         4     -4        2
  SINCE JUN 1     14                        88    -74       31
  SINCE JUL 1      0                         4     -4        2

 COOLING
  TODAY           11                         7      4       16
  MONTH TO DATE   96                        83     13       88
  SINCE JUN 1    278                       203     75      239
  SINCE JAN 1    299                       233     66      284
..................................................................


WIND (MPH)
  HIGHEST WIND SPEED    26   HIGHEST WIND DIRECTION    NW (320)
  HIGHEST GUST SPEED    33   HIGHEST GUST DIRECTION    NW (330)
  AVERAGE WIND SPEED    12.5


SKY COVER
  POSSIBLE SUNSHINE  MM
  AVERAGE SKY COVER 0.9


WEATHER CONDITIONS
 THE FOLLOWING WEATHER WAS RECORDED TODAY.
  THUNDERSTORM
  HEAVY RAIN
  RAIN
  LIGHT RAIN
  FOG


RELATIVE HUMIDITY (PERCENT)
 HIGHEST   100           900 AM
 LOWEST     69           300 PM
 AVERAGE    85

..........................................................


THE MILWAUKEE WI CLIMATE NORMALS FOR TOMORROW
                         NORMAL    RECORD    YEAR
 MAXIMUM TEMPERATURE (F)   80       103      1995
 MINIMUM TEMPERATURE (F)   64        52      1967
                                             1888
                                             1883


SUNRISE AND SUNSET
JULY 12 2017..........SUNRISE   524 AM CDT   SUNSET   830 PM CDT
JULY 13 2017..........SUNRISE   525 AM CDT   SUNSET   830 PM CDT


-  INDICATES NEGATIVE NUMBERS.
R  INDICATES RECORD WAS SET OR TIED.
MM INDICATES DATA IS MISSING.
T  INDICATES TRACE AMOUNT.




$$
