000
CDUS43 KMKX 202050
CLIMKE


CLIMATE REPORT
NATIONAL WEATHER SERVICE IN MILWAUKEE
349 PM CDT TUE SEP 20 2016


...................................

...THE MILWAUKEE WI CLIMATE SUMMARY FOR SEPTEMBER 20 2016...
VALID TODAY AS OF 0300 PM LOCAL TIME.

CLIMATE NORMAL PERIOD 1981 TO 2010
CLIMATE RECORD PERIOD 1871 TO 2016


WEATHER ITEM   OBSERVED TIME   RECORD YEAR NORMAL DEPARTURE LAST
                VALUE   (LST)  VALUE       VALUE  FROM      YEAR
                                                  NORMAL
..................................................................
TEMPERATURE (F)
 TODAY
  MAXIMUM         79   1143 AM  92    1891  70      9       69
  MINIMUM         58    456 AM  30    1956  53      5       50
  AVERAGE         69                        61      8       60

PRECIPITATION (IN)
  TODAY            0.00          3.40 1923   0.12  -0.12     0.00
  MONTH TO DATE    2.44                      2.12   0.32     3.81
  SINCE SEP 1      2.44                      2.12   0.32     3.81
  SINCE JAN 1     20.10                     26.30  -6.20    21.56

SNOWFALL (IN)
  TODAY            0.0           T    1954   0.0    0.0      0.0
  MONTH TO DATE    0.0                       0.0    0.0      0.0
  SINCE SEP 1      0.0                       0.0    0.0      0.0
  SINCE JUL 1      0.0                       0.0    0.0      0.0
  SNOW DEPTH       0

DEGREE DAYS
 HEATING
  TODAY            0                         5     -5        5
  MONTH TO DATE    0                        56    -56       27
  SINCE SEP 1      0                        56    -56       27
  SINCE JUL 1      2                        82    -80       75

 COOLING
  TODAY            4                         2      2        0
  MONTH TO DATE  121                        60     61      124
  SINCE SEP 1    121                        60     61      124
  SINCE JAN 1    957                       625    332      611
..................................................................


WIND (MPH)
  HIGHEST WIND SPEED    15   HIGHEST WIND DIRECTION    SE (130)
  HIGHEST GUST SPEED    17   HIGHEST GUST DIRECTION    SE (140)
  AVERAGE WIND SPEED     5.0


SKY COVER
  POSSIBLE SUNSHINE  MM
  AVERAGE SKY COVER 0.1


WEATHER CONDITIONS
 THE FOLLOWING WEATHER WAS RECORDED TODAY.
  NO SIGNIFICANT WEATHER WAS OBSERVED.


RELATIVE HUMIDITY (PERCENT)
 HIGHEST    93           100 AM
 LOWEST     39          1200 PM
 AVERAGE    66

..........................................................


THE MILWAUKEE WI CLIMATE NORMALS FOR TOMORROW
                         NORMAL    RECORD    YEAR
 MAXIMUM TEMPERATURE (F)   69        90      1920
                                             1893
 MINIMUM TEMPERATURE (F)   53        33      1962


SUNRISE AND SUNSET
SEPTEMBER 20 2016.....SUNRISE   637 AM CDT   SUNSET   652 PM CDT
SEPTEMBER 21 2016.....SUNRISE   638 AM CDT   SUNSET   650 PM CDT


-  INDICATES NEGATIVE NUMBERS.
R  INDICATES RECORD WAS SET OR TIED.
MM INDICATES DATA IS MISSING.
T  INDICATES TRACE AMOUNT.




$$
