886
CDUS43 KMKX 220645
CLIMKE


CLIMATE REPORT
NATIONAL WEATHER SERVICE IN MILWAUKEE
145 AM CDT MON AUG 22 2016


...................................

...THE MILWAUKEE WI CLIMATE SUMMARY FOR AUGUST 21 2016...

CLIMATE NORMAL PERIOD 1981 TO 2010
CLIMATE RECORD PERIOD 1871 TO 2016


WEATHER ITEM   OBSERVED TIME   RECORD YEAR NORMAL DEPARTURE LAST
                VALUE   (LST)  VALUE       VALUE  FROM      YEAR
                                                  NORMAL
..................................................................
TEMPERATURE (F)
 YESTERDAY
  MAXIMUM         75    439 PM 100    1955  78     -3       83
  MINIMUM         60   1146 PM  46    1950  63     -3       55
  AVERAGE         68                        70     -2       69

PRECIPITATION (IN)
  YESTERDAY        T             1.95 1886   0.12  -0.12     0.00
  MONTH TO DATE    0.88                      2.80  -1.92     2.54
  SINCE JUN 1      6.13                     10.37  -4.24     6.63
  SINCE JAN 1     14.95                     23.01  -8.06    16.83

SNOWFALL (IN)
  YESTERDAY        0.0           0.0    MM   0.0    0.0      0.0
  MONTH TO DATE    0.0                       0.0    0.0      0.0
  SINCE JUN 1      0.0                       0.0    0.0      0.0
  SINCE JUL 1      0.0                       0.0    0.0      0.0
  SNOW DEPTH       0

DEGREE DAYS
 HEATING
  YESTERDAY        0                         0      0        0
  MONTH TO DATE    0                         0      0        2
  SINCE JUN 1     31                        95    -64      132
  SINCE JUL 1      2                        11     -9       30

 COOLING
  YESTERDAY        3                         6     -3        4
  MONTH TO DATE  251                       140    111      164
  SINCE JUN 1    708                       482    226      445
  SINCE JAN 1    753                       512    241      471
..................................................................


WIND (MPH)
  HIGHEST WIND SPEED    21   HIGHEST WIND DIRECTION    NW (300)
  HIGHEST GUST SPEED    26   HIGHEST GUST DIRECTION     W (290)
  AVERAGE WIND SPEED     9.7


SKY COVER
  POSSIBLE SUNSHINE  MM
  AVERAGE SKY COVER 0.4


WEATHER CONDITIONS
 THE FOLLOWING WEATHER WAS RECORDED YESTERDAY.
  NO SIGNIFICANT WEATHER WAS OBSERVED.


RELATIVE HUMIDITY (PERCENT)
 HIGHEST    78           200 AM
 LOWEST     44           400 PM
 AVERAGE    61

..........................................................


THE MILWAUKEE WI CLIMATE NORMALS FOR TODAY
                         NORMAL    RECORD    YEAR
 MAXIMUM TEMPERATURE (F)   78        98      1936
 MINIMUM TEMPERATURE (F)   63        43      1875


SUNRISE AND SUNSET
AUGUST 22 2016........SUNRISE   606 AM CDT   SUNSET   742 PM CDT
AUGUST 23 2016........SUNRISE   607 AM CDT   SUNSET   740 PM CDT


-  INDICATES NEGATIVE NUMBERS.
R  INDICATES RECORD WAS SET OR TIED.
MM INDICATES DATA IS MISSING.
T  INDICATES TRACE AMOUNT.




$$
