000
CDUS43 KMKX 230648
CLIMKE


CLIMATE REPORT
NATIONAL WEATHER SERVICE IN MILWAUKEE
147 AM CDT MON MAY 23 2016


...................................

...THE MILWAUKEE WI CLIMATE SUMMARY FOR MAY 22 2016...

CLIMATE NORMAL PERIOD 1981 TO 2010
CLIMATE RECORD PERIOD 1871 TO 2016


WEATHER ITEM   OBSERVED TIME   RECORD YEAR NORMAL DEPARTURE LAST
                VALUE   (LST)  VALUE       VALUE  FROM      YEAR
                                                  NORMAL
..................................................................
TEMPERATURE (F)
 YESTERDAY
  MAXIMUM         71    510 PM  91    1925  67      4       57
  MINIMUM         54   1137 PM  33    1963  48      6       43
  AVERAGE         63                        58      5       50

PRECIPITATION (IN)
  YESTERDAY        0.00          2.15 1991   0.12  -0.12     0.00
  MONTH TO DATE    1.83                      2.35  -0.52     1.12
  SINCE MAR 1      6.97                      8.18  -1.21     7.17
  SINCE JAN 1      8.28                     11.59  -3.31     8.89

SNOWFALL (IN)
  YESTERDAY        0.0           T    1963   0.0    0.0      0.0
  MONTH TO DATE    T                         0.1   -0.1      0.0
  SINCE MAR 1     10.0                       9.1    0.9      4.9
  SINCE JUL 1     39.1                      46.9   -7.8     43.0
  SNOW DEPTH       0

DEGREE DAYS
 HEATING
  YESTERDAY        2                         9     -7       15
  MONTH TO DATE  262                       250     12      226
  SINCE MAR 1   1659                      1767   -108     1725
  SINCE JUL 1   5878                      6747   -869     7057

 COOLING
  YESTERDAY        0                         1     -1        0
  MONTH TO DATE    0                        12    -12       11
  SINCE MAR 1      0                        17    -17       11
  SINCE JAN 1      0                        17    -17       11
..................................................................


WIND (MPH)
  HIGHEST WIND SPEED    14   HIGHEST WIND DIRECTION     N (20)
  HIGHEST GUST SPEED    20   HIGHEST GUST DIRECTION     N (20)
  AVERAGE WIND SPEED     6.1


SKY COVER
  POSSIBLE SUNSHINE  MM
  AVERAGE SKY COVER 0.3


WEATHER CONDITIONS
 THE FOLLOWING WEATHER WAS RECORDED YESTERDAY.
  NO SIGNIFICANT WEATHER WAS OBSERVED.


RELATIVE HUMIDITY (PERCENT)
 HIGHEST    61          1000 PM
 LOWEST     40          1200 PM
 AVERAGE    51

..........................................................


THE MILWAUKEE WI CLIMATE NORMALS FOR TODAY
                         NORMAL    RECORD    YEAR
 MAXIMUM TEMPERATURE (F)   67        87      1977
                                             1964
                                             1921
 MINIMUM TEMPERATURE (F)   49        30      1963
                                             1961


SUNRISE AND SUNSET
MAY 23 2016...........SUNRISE   521 AM CDT   SUNSET   817 PM CDT
MAY 24 2016...........SUNRISE   520 AM CDT   SUNSET   817 PM CDT


-  INDICATES NEGATIVE NUMBERS.
R  INDICATES RECORD WAS SET OR TIED.
MM INDICATES DATA IS MISSING.
T  INDICATES TRACE AMOUNT.




$$
