000
CDUS43 KMKX 030700
CLIMKE


CLIMATE REPORT
NATIONAL WEATHER SERVICE IN MILWAUKEE
200 AM CDT THU AUG 3 2017


...................................

...THE MILWAUKEE WI CLIMATE SUMMARY FOR AUGUST 2 2017...

CLIMATE NORMAL PERIOD 1981 TO 2010
CLIMATE RECORD PERIOD 1871 TO 2017


WEATHER ITEM   OBSERVED TIME   RECORD YEAR NORMAL DEPARTURE LAST
                VALUE   (LST)  VALUE       VALUE  FROM      YEAR
                                                  NORMAL
..................................................................
TEMPERATURE (F)
 YESTERDAY
  MAXIMUM         82    959 AM  99    1988  80      2       84
  MINIMUM         68    358 AM  50    1907  64      4       66
  AVERAGE         75                        72      3       75

PRECIPITATION (IN)
  YESTERDAY        0.00          2.79 1960   0.13  -0.13     0.00
  MONTH TO DATE    0.00                      0.25  -0.25     0.00
  SINCE JUN 1      8.90                      7.82   1.08     5.25
  SINCE JAN 1     25.69                     20.46   5.23    14.07

SNOWFALL (IN)
  YESTERDAY        0.0           0.0    MM   0.0    0.0      0.0
  MONTH TO DATE    0.0                       0.0    0.0      0.0
  SINCE JUN 1      0.0                       0.0    0.0      0.0
  SINCE JUL 1      0.0                       0.0    0.0      0.0
  SNOW DEPTH       0

DEGREE DAYS
 HEATING
  YESTERDAY        0                         0      0        0
  MONTH TO DATE    0                         0      0        0
  SINCE JUN 1     15                        95    -80       31
  SINCE JUL 1      1                        11    -10        2

 COOLING
  YESTERDAY       10                         7      3       10
  MONTH TO DATE   21                        14      7       19
  SINCE JUN 1    433                       356     77      476
  SINCE JAN 1    454                       386     68      521
..................................................................


WIND (MPH)
  HIGHEST WIND SPEED    17   HIGHEST WIND DIRECTION    NE (40)
  HIGHEST GUST SPEED    20   HIGHEST GUST DIRECTION    NE (40)
  AVERAGE WIND SPEED     9.0


SKY COVER
  POSSIBLE SUNSHINE  MM
  AVERAGE SKY COVER 0.6


WEATHER CONDITIONS
 THE FOLLOWING WEATHER WAS RECORDED YESTERDAY.
  NO SIGNIFICANT WEATHER WAS OBSERVED.


RELATIVE HUMIDITY (PERCENT)
 HIGHEST    90          1000 PM
 LOWEST     58          1000 AM
 AVERAGE    74

..........................................................


THE MILWAUKEE WI CLIMATE NORMALS FOR TODAY
                         NORMAL    RECORD    YEAR
 MAXIMUM TEMPERATURE (F)   80       100      1988
 MINIMUM TEMPERATURE (F)   64        47      1894


SUNRISE AND SUNSET
AUGUST  3 2017........SUNRISE   545 AM CDT   SUNSET   810 PM CDT
AUGUST  4 2017........SUNRISE   546 AM CDT   SUNSET   809 PM CDT


-  INDICATES NEGATIVE NUMBERS.
R  INDICATES RECORD WAS SET OR TIED.
MM INDICATES DATA IS MISSING.
T  INDICATES TRACE AMOUNT.




$$
