000
CDUS43 KMKX 072229
CLIMKE


CLIMATE REPORT
NATIONAL WEATHER SERVICE IN MILWAUKEE
428 PM CST SUN JAN 7 2018


...................................

...THE MILWAUKEE WI CLIMATE SUMMARY FOR JANUARY 7 2018...
VALID TODAY AS OF 0400 PM LOCAL TIME.

CLIMATE NORMAL PERIOD 1981 TO 2010
CLIMATE RECORD PERIOD 1871 TO 2018


WEATHER ITEM   OBSERVED TIME   RECORD YEAR NORMAL DEPARTURE LAST
                VALUE   (LST)  VALUE       VALUE  FROM      YEAR
                                                  NORMAL
..................................................................
TEMPERATURE (F)
 TODAY
  MAXIMUM         30    359 PM  63    2008  29      1       15
  MINIMUM         11    119 AM -21    1942  16     -5        1
  AVERAGE         21                        22     -1        8

PRECIPITATION (IN)
  TODAY            T             0.50 2008   0.06  -0.06     0.00
  MONTH TO DATE    T                         0.42  -0.42     0.01
  SINCE DEC 1      0.46                      2.46  -2.00     1.94
  SINCE JAN 1      T                         0.42  -0.42     0.01

SNOWFALL (IN)
  TODAY            T             7.3  2010   0.5   -0.5      0.0
  MONTH TO DATE    0.1                       3.2   -3.1       T
  SINCE DEC 1      4.7                      13.8   -9.1     18.8
  SINCE JUL 1      4.9                      16.5  -11.6     18.8
  SNOW DEPTH       T

DEGREE DAYS
 HEATING
  TODAY           44                        43      1       57
  MONTH TO DATE  398                       296    102      332
  SINCE DEC 1   1604                      1491    113     1539
  SINCE JUL 1   2709                      2856   -147     2369

 COOLING
  TODAY            0                         0      0        0
  MONTH TO DATE    0                         0      0        0
  SINCE DEC 1      0                         0      0        0
  SINCE JAN 1      0                         0      0        0
..................................................................


WIND (MPH)
  HIGHEST WIND SPEED    22   HIGHEST WIND DIRECTION    SW (230)
  HIGHEST GUST SPEED    31   HIGHEST GUST DIRECTION    SW (230)
  AVERAGE WIND SPEED    15.2


SKY COVER
  POSSIBLE SUNSHINE  MM
  AVERAGE SKY COVER 0.9


WEATHER CONDITIONS
 THE FOLLOWING WEATHER WAS RECORDED TODAY.
  NO SIGNIFICANT WEATHER WAS OBSERVED.


RELATIVE HUMIDITY (PERCENT)
 HIGHEST    63          1200 AM
 LOWEST     53           200 AM
 AVERAGE    58

..........................................................


THE MILWAUKEE WI CLIMATE NORMALS FOR TOMORROW
                         NORMAL    RECORD    YEAR
 MAXIMUM TEMPERATURE (F)   29        57      1965
 MINIMUM TEMPERATURE (F)   16       -23      1942


SUNRISE AND SUNSET
JANUARY  7 2018.......SUNRISE   722 AM CST   SUNSET   434 PM CST
JANUARY  8 2018.......SUNRISE   722 AM CST   SUNSET   435 PM CST


-  INDICATES NEGATIVE NUMBERS.
R  INDICATES RECORD WAS SET OR TIED.
MM INDICATES DATA IS MISSING.
T  INDICATES TRACE AMOUNT.




$$
