000
CDUS43 KMKX 192145
CLIMKE


CLIMATE REPORT
NATIONAL WEATHER SERVICE IN MILWAUKEE
345 PM CST WED NOV 19 2014


...................................

...THE MILWAUKEE WI CLIMATE SUMMARY FOR NOVEMBER 19 2014...
VALID TODAY AS OF 0300 PM LOCAL TIME.

CLIMATE NORMAL PERIOD 1981 TO 2010
CLIMATE RECORD PERIOD 1871 TO 2014


WEATHER ITEM   OBSERVED TIME   RECORD YEAR NORMAL DEPARTURE LAST
                VALUE   (LST)  VALUE       VALUE  FROM      YEAR
                                                  NORMAL
..................................................................
TEMPERATURE (F)
 TODAY
  MAXIMUM         28    257 PM  72    1953  44    -16       37
  MINIMUM         17    312 AM   6    1894  31    -14       25
  AVERAGE         23                        37    -14       31

PRECIPITATION (IN)
  TODAY            0.01          1.76 1934   0.09  -0.08     0.00
  MONTH TO DATE    0.60                      1.73  -1.13     2.86
  SINCE SEP 1      4.55                      7.56  -3.01     7.99
  SINCE JAN 1     29.84                     31.74  -1.90    38.12

SNOWFALL (IN)
  TODAY           MM             4.1  1895   0.1   MM        0.0
  MONTH TO DATE    1.8                       0.8    0.0      1.2
  SINCE SEP 1      1.9                       1.1    0.8      1.2
  SINCE JUL 1      1.9                       1.1    0.8      1.2
  SNOW DEPTH       0

DEGREE DAYS
 HEATING
  TODAY           42                        28     14       34
  MONTH TO DATE  583                       444    139      435
  SINCE SEP 1   1159                      1003    156      953
  SINCE JUL 1   1185                      1029    156      975

 COOLING
  TODAY            0                         0      0        0
  MONTH TO DATE    0                         0      0        0
  SINCE SEP 1     63                        76    -13      111
  SINCE JAN 1    464                       641   -177      688
..................................................................


WIND (MPH)
  HIGHEST WIND SPEED    24   HIGHEST WIND DIRECTION     W (290)
  HIGHEST GUST SPEED    34   HIGHEST GUST DIRECTION     W (280)
  AVERAGE WIND SPEED    13.1


SKY COVER
  POSSIBLE SUNSHINE  MM
  AVERAGE SKY COVER 0.9


WEATHER CONDITIONS
 THE FOLLOWING WEATHER WAS RECORDED TODAY.
  LIGHT SNOW


RELATIVE HUMIDITY (PERCENT)
 HIGHEST    74           900 AM
 LOWEST     46           200 PM
 AVERAGE    60

..........................................................


THE MILWAUKEE WI CLIMATE NORMALS FOR TOMORROW
                         NORMAL    RECORD    YEAR
 MAXIMUM TEMPERATURE (F)   44        66      1897
 MINIMUM TEMPERATURE (F)   30         8      1880


SUNRISE AND SUNSET
NOVEMBER 19 2014......SUNRISE   649 AM CST   SUNSET   425 PM CST
NOVEMBER 20 2014......SUNRISE   650 AM CST   SUNSET   424 PM CST


-  INDICATES NEGATIVE NUMBERS.
R  INDICATES RECORD WAS SET OR TIED.
MM INDICATES DATA IS MISSING.
T  INDICATES TRACE AMOUNT.




$$
