000
CDUS43 KMKX 270642
CLIMKE


CLIMATE REPORT
NATIONAL WEATHER SERVICE IN MILWAUKEE
1241 AM CST SUN NOV 27 2016


...................................

...THE MILWAUKEE WI CLIMATE SUMMARY FOR NOVEMBER 26 2016...

CLIMATE NORMAL PERIOD 1981 TO 2010
CLIMATE RECORD PERIOD 1871 TO 2016


WEATHER ITEM   OBSERVED TIME   RECORD YEAR NORMAL DEPARTURE LAST
                VALUE   (LST)  VALUE       VALUE  FROM      YEAR
                                                  NORMAL
..................................................................
TEMPERATURE (F)
 YESTERDAY
  MAXIMUM         48    113 PM  67    1990  41      7       58
  MINIMUM         32    429 AM   3    1977  27      5       40
  AVERAGE         40                        34      6       49

PRECIPITATION (IN)
  YESTERDAY        0.00          1.55 2015   0.08  -0.08     1.55
  MONTH TO DATE    0.71                      2.36  -1.65     4.10
  SINCE SEP 1      8.57                      8.19   0.38    10.44
  SINCE JAN 1     26.23                     32.37  -6.14    28.19

SNOWFALL (IN)
  YESTERDAY        0.0           6.5  1895   0.2   -0.2      0.0
  MONTH TO DATE    T                         1.7   -1.7      6.9
  SINCE SEP 1      T                         2.0   -2.0      6.9
  SINCE JUL 1      T                         2.0   -2.0      6.9
  SNOW DEPTH       0

DEGREE DAYS
 HEATING
  YESTERDAY       25                        31     -6       16
  MONTH TO DATE  439                       652   -213      485
  SINCE SEP 1    739                      1211   -472      869
  SINCE JUL 1    741                      1237   -496      917

 COOLING
  YESTERDAY        0                         0      0        0
  MONTH TO DATE    3                         0      3        0
  SINCE SEP 1    155                        76     79      135
  SINCE JAN 1    991                       641    350      622
..................................................................


WIND (MPH)
  HIGHEST WIND SPEED    14   HIGHEST WIND DIRECTION    SW (210)
  HIGHEST GUST SPEED    18   HIGHEST GUST DIRECTION     S (200)
  AVERAGE WIND SPEED     6.6


SKY COVER
  POSSIBLE SUNSHINE  MM
  AVERAGE SKY COVER 0.5


WEATHER CONDITIONS
 THE FOLLOWING WEATHER WAS RECORDED YESTERDAY.
  FOG
  HAZE


RELATIVE HUMIDITY (PERCENT)
 HIGHEST    89           500 AM
 LOWEST     65          1200 PM
 AVERAGE    77

..........................................................


THE MILWAUKEE WI CLIMATE NORMALS FOR TODAY
                         NORMAL    RECORD    YEAR
 MAXIMUM TEMPERATURE (F)   40        67      1990
 MINIMUM TEMPERATURE (F)   27         0      1872


SUNRISE AND SUNSET
NOVEMBER 27 2016......SUNRISE   659 AM CST   SUNSET   420 PM CST
NOVEMBER 28 2016......SUNRISE   700 AM CST   SUNSET   419 PM CST


-  INDICATES NEGATIVE NUMBERS.
R  INDICATES RECORD WAS SET OR TIED.
MM INDICATES DATA IS MISSING.
T  INDICATES TRACE AMOUNT.




$$
