000
CDUS43 KMKX 022143
CLIMKE


CLIMATE REPORT
NATIONAL WEATHER SERVICE IN MILWAUKEE
443 PM CDT THU JUL 2 2015


...................................

...THE MILWAUKEE WI CLIMATE SUMMARY FOR JULY 2 2015...
VALID TODAY AS OF 0400 PM LOCAL TIME.

CLIMATE NORMAL PERIOD 1981 TO 2010
CLIMATE RECORD PERIOD 1871 TO 2015


WEATHER ITEM   OBSERVED TIME   RECORD YEAR NORMAL DEPARTURE LAST
                VALUE   (LST)  VALUE       VALUE  FROM      YEAR
                                                  NORMAL
..................................................................
TEMPERATURE (F)
 TODAY
  MAXIMUM         64   1254 PM  98    1911  80    -16       66
  MINIMUM         51    144 AM  47    2001  62    -11       53
  AVERAGE         58                        71    -13       60

PRECIPITATION (IN)
  TODAY            0.00          4.42 2000   0.13  -0.13     0.05
  MONTH TO DATE    0.00                      0.26  -0.26     0.06
  SINCE JUN 1      2.49                      4.16  -1.67     6.40
  SINCE JAN 1     12.69                     16.80  -4.11    17.35

SNOWFALL (IN)
  TODAY            0.0           0.0    MM   0.0    0.0      0.0
  MONTH TO DATE    0.0                       0.0    0.0      0.0
  SINCE JUN 1      0.0                       0.0    0.0      0.0
  SINCE JUL 1      0.0                       0.0    0.0      0.0
  SNOW DEPTH       0

DEGREE DAYS
 HEATING
  TODAY            7                         1      6        5
  MONTH TO DATE   14                         2     12        5
  SINCE JUN 1    116                        86     30       79
  SINCE JUL 1     14                         2     12        5

 COOLING
  TODAY            0                         7     -7        0
  MONTH TO DATE    0                        13    -13        8
  SINCE JUN 1     73                       133    -60       98
  SINCE JAN 1     99                       163    -64      116
..................................................................


WIND (MPH)
  HIGHEST WIND SPEED    15   HIGHEST WIND DIRECTION    NE (40)
  HIGHEST GUST SPEED    18   HIGHEST GUST DIRECTION    NE (30)
  AVERAGE WIND SPEED     9.1


SKY COVER
  POSSIBLE SUNSHINE  MM
  AVERAGE SKY COVER 0.2


WEATHER CONDITIONS
 THE FOLLOWING WEATHER WAS RECORDED TODAY.
  NO SIGNIFICANT WEATHER WAS OBSERVED.


RELATIVE HUMIDITY (PERCENT)
 HIGHEST    86           700 AM
 LOWEST     60           300 PM
 AVERAGE    73

..........................................................


THE MILWAUKEE WI CLIMATE NORMALS FOR TOMORROW
                         NORMAL    RECORD    YEAR
 MAXIMUM TEMPERATURE (F)   80        99      1911
 MINIMUM TEMPERATURE (F)   62        49      1968
                                             1945


SUNRISE AND SUNSET
JULY  2 2015..........SUNRISE   517 AM CDT   SUNSET   834 PM CDT
JULY  3 2015..........SUNRISE   517 AM CDT   SUNSET   834 PM CDT


-  INDICATES NEGATIVE NUMBERS.
R  INDICATES RECORD WAS SET OR TIED.
MM INDICATES DATA IS MISSING.
T  INDICATES TRACE AMOUNT.




$$
