000
CDUS43 KMKX 040648
CLIMKE


CLIMATE REPORT
NATIONAL WEATHER SERVICE IN MILWAUKEE
147 AM CDT WED OCT 4 2017


...................................

...THE MILWAUKEE WI CLIMATE SUMMARY FOR OCTOBER 3 2017...

CLIMATE NORMAL PERIOD 1981 TO 2010
CLIMATE RECORD PERIOD 1871 TO 2017


WEATHER ITEM   OBSERVED TIME   RECORD YEAR NORMAL DEPARTURE LAST
                VALUE   (LST)  VALUE       VALUE  FROM      YEAR
                                                  NORMAL
..................................................................
TEMPERATURE (F)
 YESTERDAY
  MAXIMUM         82   1249 PM  86    2005  64     18       68
  MINIMUM         67    645 AM  27    1974  48     19       53
  AVERAGE         75                        56     19       61

PRECIPITATION (IN)
  YESTERDAY        0.00          2.27 1911   0.09  -0.09     0.00
  MONTH TO DATE    0.00                      0.27  -0.27     0.28
  SINCE SEP 1      0.85                      3.45  -2.60     4.58
  SINCE JAN 1     28.17                     27.63   0.54    22.24

SNOWFALL (IN)
  YESTERDAY        0.0           0.0    MM   0.0    0.0      0.0
  MONTH TO DATE    0.0                       0.0    0.0      0.0
  SINCE SEP 1      0.0                       0.0    0.0      0.0
  SINCE JUL 1      0.0                       0.0    0.0      0.0
  SNOW DEPTH       0

DEGREE DAYS
 HEATING
  YESTERDAY        0                        10    -10        4
  MONTH TO DATE    6                        28    -22       13
  SINCE SEP 1     69                       154    -85       38
  SINCE JUL 1     78                       180   -102       40

 COOLING
  YESTERDAY       10                         1      9        0
  MONTH TO DATE   16                         3     13        0
  SINCE SEP 1    151                        72     79      141
  SINCE JAN 1    761                       637    124      977
..................................................................


WIND (MPH)
  HIGHEST WIND SPEED    25   HIGHEST WIND DIRECTION    SW (220)
  HIGHEST GUST SPEED    30   HIGHEST GUST DIRECTION    SW (220)
  AVERAGE WIND SPEED    13.4


SKY COVER
  POSSIBLE SUNSHINE  MM
  AVERAGE SKY COVER 0.6


WEATHER CONDITIONS
 THE FOLLOWING WEATHER WAS RECORDED YESTERDAY.
  NO SIGNIFICANT WEATHER WAS OBSERVED.


RELATIVE HUMIDITY (PERCENT)
 HIGHEST    79           800 PM
 LOWEST     55           200 AM
 AVERAGE    67

..........................................................


THE MILWAUKEE WI CLIMATE NORMALS FOR TODAY
                         NORMAL    RECORD    YEAR
 MAXIMUM TEMPERATURE (F)   64        88      1897
 MINIMUM TEMPERATURE (F)   47        31      1935


SUNRISE AND SUNSET
OCTOBER  4 2017.......SUNRISE   653 AM CDT   SUNSET   627 PM CDT
OCTOBER  5 2017.......SUNRISE   654 AM CDT   SUNSET   625 PM CDT


-  INDICATES NEGATIVE NUMBERS.
R  INDICATES RECORD WAS SET OR TIED.
MM INDICATES DATA IS MISSING.
T  INDICATES TRACE AMOUNT.




$$
