000
CDUS43 KMKX 270656
CLIMKE


CLIMATE REPORT
NATIONAL WEATHER SERVICE IN MILWAUKEE
155 AM CDT SAT SEP 27 2014


...................................

...THE MILWAUKEE WI CLIMATE SUMMARY FOR SEPTEMBER 26 2014...

CLIMATE NORMAL PERIOD 1981 TO 2010
CLIMATE RECORD PERIOD 1871 TO 2014


WEATHER ITEM   OBSERVED TIME   RECORD YEAR NORMAL DEPARTURE LAST
                VALUE   (LST)  VALUE       VALUE  FROM      YEAR
                                                  NORMAL
..................................................................
TEMPERATURE (F)
 YESTERDAY
  MAXIMUM         70    247 PM  88    1998  67      3       71
  MINIMUM         55    533 AM  34    1928  50      5       50
  AVERAGE         63                        59      4       61

PRECIPITATION (IN)
  YESTERDAY        0.00          1.33 1996   0.10  -0.10     0.00
  MONTH TO DATE    1.07                      2.78  -1.71     1.45
  SINCE SEP 1      1.07                      2.78  -1.71     1.45
  SINCE JAN 1     26.36                     26.96  -0.60    31.58

SNOWFALL (IN)
  YESTERDAY        0.0           T    1942   0.0    0.0      0.0
  MONTH TO DATE    0.0                       0.0    0.0      0.0
  SINCE SEP 1      0.0                       0.0    0.0      0.0
  SINCE JUL 1      0.0                       0.0    0.0      0.0
  SNOW DEPTH       0

DEGREE DAYS
 HEATING
  YESTERDAY        2                         7     -5        4
  MONTH TO DATE  131                        93     38       91
  SINCE SEP 1    131                        93     38       91
  SINCE JUL 1    157                       119     38      113

 COOLING
  YESTERDAY        0                         1     -1        0
  MONTH TO DATE   58                        66     -8       99
  SINCE SEP 1     58                        66     -8       99
  SINCE JAN 1    459                       631   -172      676
..................................................................


WIND (MPH)
  HIGHEST WIND SPEED     9   HIGHEST WIND DIRECTION     E (100)
  HIGHEST GUST SPEED    12   HIGHEST GUST DIRECTION     E (80)
  AVERAGE WIND SPEED     2.8


SKY COVER
  POSSIBLE SUNSHINE  MM
  AVERAGE SKY COVER 0.5


WEATHER CONDITIONS
 THE FOLLOWING WEATHER WAS RECORDED YESTERDAY.
  FOG
  FOG W/VISIBILITY <= 1/4 MILE
  HAZE


RELATIVE HUMIDITY (PERCENT)
 HIGHEST   100           100 AM
 LOWEST     61           300 PM
 AVERAGE    81

..........................................................


THE MILWAUKEE WI CLIMATE NORMALS FOR TODAY
                         NORMAL    RECORD    YEAR
 MAXIMUM TEMPERATURE (F)   67        88      1891
 MINIMUM TEMPERATURE (F)   50        31      1942


SUNRISE AND SUNSET
SEPTEMBER 27 2014.....SUNRISE   644 AM CDT   SUNSET   640 PM CDT
SEPTEMBER 28 2014.....SUNRISE   645 AM CDT   SUNSET   638 PM CDT


-  INDICATES NEGATIVE NUMBERS.
R  INDICATES RECORD WAS SET OR TIED.
MM INDICATES DATA IS MISSING.
T  INDICATES TRACE AMOUNT.




$$
