000
CDUS43 KMKX 092240
CLIMKE


CLIMATE REPORT
NATIONAL WEATHER SERVICE IN MILWAUKEE
440 PM CST FRI FEB 9 2018


...................................

...THE MILWAUKEE WI CLIMATE SUMMARY FOR FEBRUARY 9 2018...
VALID TODAY AS OF 0400 PM LOCAL TIME.

CLIMATE NORMAL PERIOD 1981 TO 2010
CLIMATE RECORD PERIOD 1871 TO 2018


WEATHER ITEM   OBSERVED TIME   RECORD YEAR NORMAL DEPARTURE LAST
                VALUE   (LST)  VALUE       VALUE  FROM      YEAR
                                                  NORMAL
..................................................................
TEMPERATURE (F)
 TODAY
  MAXIMUM         24    754 AM  51    1938  31     -7       22
                                      1925
  MINIMUM         19    257 AM -22    1933  18      1       10
                                      1899
  AVERAGE         22                        24     -2       16

PRECIPITATION (IN)
  TODAY            0.25          1.09 2001   0.05   0.20     0.00
  MONTH TO DATE    0.85                      0.48   0.37     0.17
  SINCE DEC 1      2.93                      4.28  -1.35     4.26
  SINCE JAN 1      2.47                      2.24   0.23     2.33

SNOWFALL (IN)
  TODAY           MM            10.0  1901   0.3   MM        0.0
  MONTH TO DATE    6.9                       3.3    3.6      0.4
  SINCE DEC 1     22.9                      28.6   -5.7     23.3
  SINCE JUL 1     23.1                      31.3   -8.2     23.3
  SNOW DEPTH       7

DEGREE DAYS
 HEATING
  TODAY           43                        41      2       49
  MONTH TO DATE  436                       373     63      367
  SINCE DEC 1   2886                      2893     -7     2717
  SINCE JUL 1   3991                      4258   -267     3547

 COOLING
  TODAY            0                         0      0        0
  MONTH TO DATE    0                         0      0        0
  SINCE DEC 1      0                         0      0        0
  SINCE JAN 1      0                         0      0        0
..................................................................


WIND (MPH)
  HIGHEST WIND SPEED    20   HIGHEST WIND DIRECTION     N (360)
  HIGHEST GUST SPEED    28   HIGHEST GUST DIRECTION     N (10)
  AVERAGE WIND SPEED    11.3


SKY COVER
  POSSIBLE SUNSHINE  MM
  AVERAGE SKY COVER 1.0


WEATHER CONDITIONS
 THE FOLLOWING WEATHER WAS RECORDED TODAY.
  LIGHT SNOW
  FOG
  HAZE


RELATIVE HUMIDITY (PERCENT)
 HIGHEST    92           400 AM
 LOWEST     71           300 PM
 AVERAGE    82

..........................................................


THE MILWAUKEE WI CLIMATE NORMALS FOR TOMORROW
                         NORMAL    RECORD    YEAR
 MAXIMUM TEMPERATURE (F)   31        59      2009
 MINIMUM TEMPERATURE (F)   18       -22      1899


SUNRISE AND SUNSET
FEBRUARY  9 2018......SUNRISE   657 AM CST   SUNSET   515 PM CST
FEBRUARY 10 2018......SUNRISE   656 AM CST   SUNSET   516 PM CST


-  INDICATES NEGATIVE NUMBERS.
R  INDICATES RECORD WAS SET OR TIED.
MM INDICATES DATA IS MISSING.
T  INDICATES TRACE AMOUNT.




$$
