010
CDUS43 KMKX 020654
CLIMKE


CLIMATE REPORT
NATIONAL WEATHER SERVICE IN MILWAUKEE
151 AM CDT MON MAY 2 2016


...................................

...THE MILWAUKEE WI CLIMATE SUMMARY FOR MAY 1 2016...

CLIMATE NORMAL PERIOD 1981 TO 2010
CLIMATE RECORD PERIOD 1871 TO 2016


WEATHER ITEM   OBSERVED TIME   RECORD YEAR NORMAL DEPARTURE LAST
                VALUE   (LST)  VALUE       VALUE  FROM      YEAR
                                                  NORMAL
..................................................................
TEMPERATURE (F)
 YESTERDAY
  MAXIMUM         47    125 PM  88    1992  60    -13       61
  MINIMUM         41    600 AM  24    1963  42     -1       39
  AVERAGE         44                        51     -7       50

PRECIPITATION (IN)
  YESTERDAY        0.13          1.90 1873   0.10   0.03     0.00
  MONTH TO DATE    0.13                      0.10   0.03     0.00
  SINCE MAR 1      5.27                      5.93  -0.66     6.05
  SINCE JAN 1      6.58                      9.34  -2.76     7.77

SNOWFALL (IN)
  YESTERDAY        0.0           1.9  1909   0.0    0.0      0.0
  MONTH TO DATE    0.0                       0.0    0.0      0.0
  SINCE MAR 1     10.0                       9.0    1.0      4.9
  SINCE JUL 1     39.1                      46.8   -7.7     43.0
  SNOW DEPTH       0

DEGREE DAYS
 HEATING
  YESTERDAY       21                        14      7       15
  MONTH TO DATE   21                        14      7       15
  SINCE MAR 1   1418                      1531   -113     1514
  SINCE JUL 1   5637                      6511   -874     6846

 COOLING
  YESTERDAY        0                         0      0        0
  MONTH TO DATE    0                         0      0        0
  SINCE MAR 1      0                         5     -5        0
  SINCE JAN 1      0                         5     -5        0
..................................................................


WIND (MPH)
  HIGHEST WIND SPEED    22   HIGHEST WIND DIRECTION     N (20)
  HIGHEST GUST SPEED    30   HIGHEST GUST DIRECTION    NE (30)
  AVERAGE WIND SPEED    14.1


SKY COVER
  POSSIBLE SUNSHINE  MM
  AVERAGE SKY COVER 1.0


WEATHER CONDITIONS
 THE FOLLOWING WEATHER WAS RECORDED YESTERDAY.
  LIGHT RAIN
  FOG
  HAZE


RELATIVE HUMIDITY (PERCENT)
 HIGHEST   100           700 PM
 LOWEST     76          1000 AM
 AVERAGE    88

..........................................................


THE MILWAUKEE WI CLIMATE NORMALS FOR TODAY
                         NORMAL    RECORD    YEAR
 MAXIMUM TEMPERATURE (F)   60        90      1959
 MINIMUM TEMPERATURE (F)   43        29      1961


SUNRISE AND SUNSET
MAY  2 2016...........SUNRISE   544 AM CDT   SUNSET   754 PM CDT
MAY  3 2016...........SUNRISE   542 AM CDT   SUNSET   755 PM CDT


-  INDICATES NEGATIVE NUMBERS.
R  INDICATES RECORD WAS SET OR TIED.
MM INDICATES DATA IS MISSING.
T  INDICATES TRACE AMOUNT.




$$
