000
CDUS43 KMKX 070703
CLIMKE


CLIMATE REPORT
NATIONAL WEATHER SERVICE IN MILWAUKEE
102 AM CST THU DEC 7 2017


...................................

...THE MILWAUKEE WI CLIMATE SUMMARY FOR DECEMBER 6 2017...

CLIMATE NORMAL PERIOD 1981 TO 2010
CLIMATE RECORD PERIOD 1871 TO 2017


WEATHER ITEM   OBSERVED TIME   RECORD YEAR NORMAL DEPARTURE LAST
                VALUE   (LST)  VALUE       VALUE  FROM      YEAR
                                                  NORMAL
..................................................................
TEMPERATURE (F)
 YESTERDAY
  MAXIMUM         35    321 PM  56    1998  36     -1       41
  MINIMUM         22   1159 PM  -7    1972  23     -1       28
  AVERAGE         29                        29      0       35

PRECIPITATION (IN)
  YESTERDAY        T             0.83 1908   0.08  -0.08     0.00
  MONTH TO DATE    0.10                      0.47  -0.37     0.33
  SINCE DEC 1      0.10                      0.47  -0.37     0.33
  SINCE JAN 1     33.73                     33.19   0.54    27.66

SNOWFALL (IN)
  YESTERDAY        T             8.0  1908   0.4   -0.4      0.0
  MONTH TO DATE    T                         1.8   -1.8      1.8
  SINCE DEC 1      T                         1.8   -1.8      1.8
  SINCE JUL 1      0.2                       4.5   -4.3      1.8
  SNOW DEPTH       0

DEGREE DAYS
 HEATING
  YESTERDAY       36                        36      0       30
  MONTH TO DATE  140                       207    -67      179
  SINCE DEC 1    140                       207    -67      179
  SINCE JUL 1   1245                      1572   -327     1009

 COOLING
  YESTERDAY        0                         0      0        0
  MONTH TO DATE    0                         0      0        0
  SINCE DEC 1      0                         0      0        0
  SINCE JAN 1    772                       641    131      991
..................................................................


WIND (MPH)
  HIGHEST WIND SPEED    22   HIGHEST WIND DIRECTION     W (260)
  HIGHEST GUST SPEED    34   HIGHEST GUST DIRECTION     W (260)
  AVERAGE WIND SPEED    14.7


SKY COVER
  POSSIBLE SUNSHINE  MM
  AVERAGE SKY COVER 0.3


WEATHER CONDITIONS
 THE FOLLOWING WEATHER WAS RECORDED YESTERDAY.
  LIGHT SNOW


RELATIVE HUMIDITY (PERCENT)
 HIGHEST    63           900 PM
 LOWEST     41           100 PM
 AVERAGE    52

..........................................................


THE MILWAUKEE WI CLIMATE NORMALS FOR TODAY
                         NORMAL    RECORD    YEAR
 MAXIMUM TEMPERATURE (F)   35        60      1946
 MINIMUM TEMPERATURE (F)   23       -13      1882


SUNRISE AND SUNSET
DECEMBER  7 2017......SUNRISE   709 AM CST   SUNSET   417 PM CST
DECEMBER  8 2017......SUNRISE   710 AM CST   SUNSET   417 PM CST


-  INDICATES NEGATIVE NUMBERS.
R  INDICATES RECORD WAS SET OR TIED.
MM INDICATES DATA IS MISSING.
T  INDICATES TRACE AMOUNT.




$$
