000
CDUS43 KMKX 180055
CLIMKE


CLIMATE REPORT
NATIONAL WEATHER SERVICE IN MILWAUKEE
652 PM CST FRI FEB 17 2017


...................................

...THE MILWAUKEE WI CLIMATE SUMMARY FOR FEBRUARY 17 2017...
VALID TODAY AS OF 0600 PM LOCAL TIME.

CLIMATE NORMAL PERIOD 1981 TO 2010
CLIMATE RECORD PERIOD 1871 TO 2017


WEATHER ITEM   OBSERVED TIME   RECORD YEAR NORMAL DEPARTURE LAST
                VALUE   (LST)  VALUE       VALUE  FROM      YEAR
                                                  NORMAL
..................................................................
TEMPERATURE (F)
 TODAY
  MAXIMUM         64R   413 PM  55    1981  33     31       32
  MINIMUM         28    343 AM -16    1885  20      8       13
  AVERAGE         46                        26     20       23

PRECIPITATION (IN)
  TODAY            0.00          1.18 2008   0.06  -0.06     0.00
  MONTH TO DATE    0.18                      0.94  -0.76     0.61
  SINCE DEC 1      4.27                      4.74  -0.47     5.12
  SINCE JAN 1      2.34                      2.70  -0.36     1.30

SNOWFALL (IN)
  TODAY            0.0           6.7  2014   0.3   -0.3      0.0
  MONTH TO DATE    0.4                       6.0   -5.6      7.7
  SINCE DEC 1     23.3                      31.3   -8.0     22.2
  SINCE JUL 1     23.3                      34.0  -10.7     29.1
  SNOW DEPTH       0

DEGREE DAYS
 HEATING
  TODAY           19                        39    -20       42
  MONTH TO DATE  586                       689   -103      706
  SINCE DEC 1   2936                      3209   -273     2843
  SINCE JUL 1   3766                      4574   -808     3882

 COOLING
  TODAY            0                         0      0        0
  MONTH TO DATE    0                         0      0        0
  SINCE DEC 1      0                         0      0        0
  SINCE JAN 1      0                         0      0        0
..................................................................


WIND (MPH)
  HIGHEST WIND SPEED    20   HIGHEST WIND DIRECTION    SW (210)
  HIGHEST GUST SPEED    24   HIGHEST GUST DIRECTION    SW (210)
  AVERAGE WIND SPEED     5.3


SKY COVER
  POSSIBLE SUNSHINE  MM
  AVERAGE SKY COVER 0.2


WEATHER CONDITIONS
 THE FOLLOWING WEATHER WAS RECORDED TODAY.
  FOG
  HAZE


RELATIVE HUMIDITY (PERCENT)
 HIGHEST    85           200 AM
 LOWEST     34           400 PM
 AVERAGE    60

..........................................................


THE MILWAUKEE WI CLIMATE NORMALS FOR TOMORROW
                         NORMAL    RECORD    YEAR
 MAXIMUM TEMPERATURE (F)   33        57      1877
 MINIMUM TEMPERATURE (F)   20       -17      1936


SUNRISE AND SUNSET
FEBRUARY 17 2017......SUNRISE   646 AM CST   SUNSET   526 PM CST
FEBRUARY 18 2017......SUNRISE   644 AM CST   SUNSET   527 PM CST


-  INDICATES NEGATIVE NUMBERS.
R  INDICATES RECORD WAS SET OR TIED.
MM INDICATES DATA IS MISSING.
T  INDICATES TRACE AMOUNT.




$$

HAHN
