499
CDUS43 KMKX 260653
CLIMKE


CLIMATE REPORT
NATIONAL WEATHER SERVICE IN MILWAUKEE
152 AM CDT TUE APR 26 2016


...................................

...THE MILWAUKEE WI CLIMATE SUMMARY FOR APRIL 25 2016...

CLIMATE NORMAL PERIOD 1981 TO 2010
CLIMATE RECORD PERIOD 1871 TO 2016


WEATHER ITEM   OBSERVED TIME   RECORD YEAR NORMAL DEPARTURE LAST
                VALUE   (LST)  VALUE       VALUE  FROM      YEAR
                                                  NORMAL
..................................................................
TEMPERATURE (F)
 YESTERDAY
  MAXIMUM         78   1257 PM  87    1990  57     21       42
  MINIMUM         47    851 PM  27    1887  40      7       38
  AVERAGE         63                        49     14       40

PRECIPITATION (IN)
  YESTERDAY        0.07          1.54 1979   0.11  -0.04     0.00
  MONTH TO DATE    1.27                      2.98  -1.71     5.22
  SINCE MAR 1      4.61                      5.25  -0.64     6.05
  SINCE JAN 1      5.92                      8.66  -2.74     7.77

SNOWFALL (IN)
  YESTERDAY        0.0           0.1  1976   0.0    0.0      0.0
  MONTH TO DATE    3.4                       1.9    1.5       T
  SINCE MAR 1     10.0                       8.9    1.1      4.9
  SINCE JUL 1     39.1                      46.7   -7.6     43.0
  SNOW DEPTH       0

DEGREE DAYS
 HEATING
  YESTERDAY        2                        16    -14       25
  MONTH TO DATE  525                       512     13      466
  SINCE MAR 1   1289                      1441   -152     1397
  SINCE JUL 1   5508                      6421   -913     6729

 COOLING
  YESTERDAY        0                         0      0        0
  MONTH TO DATE    0                         0      0        0
  SINCE MAR 1      0                         0      0        0
  SINCE JAN 1      0                         0      0        0
..................................................................


WIND (MPH)
  HIGHEST WIND SPEED    20   HIGHEST WIND DIRECTION    SW (220)
  HIGHEST GUST SPEED    24   HIGHEST GUST DIRECTION    SW (240)
  AVERAGE WIND SPEED     8.5


SKY COVER
  POSSIBLE SUNSHINE  MM
  AVERAGE SKY COVER 0.7


WEATHER CONDITIONS
 THE FOLLOWING WEATHER WAS RECORDED YESTERDAY.
  THUNDERSTORM
  LIGHT RAIN
  FOG
  HAZE


RELATIVE HUMIDITY (PERCENT)
 HIGHEST    93          1000 PM
 LOWEST     45           100 PM
 AVERAGE    69

..........................................................


THE MILWAUKEE WI CLIMATE NORMALS FOR TODAY
                         NORMAL    RECORD    YEAR
 MAXIMUM TEMPERATURE (F)   58        85      1994
                                             1990
                                             1962
 MINIMUM TEMPERATURE (F)   41        27      1972


SUNRISE AND SUNSET
APRIL 26 2016.........SUNRISE   552 AM CDT   SUNSET   747 PM CDT
APRIL 27 2016.........SUNRISE   551 AM CDT   SUNSET   748 PM CDT


-  INDICATES NEGATIVE NUMBERS.
R  INDICATES RECORD WAS SET OR TIED.
MM INDICATES DATA IS MISSING.
T  INDICATES TRACE AMOUNT.




$$
