000
CDUS43 KMKX 050647
CLIMKE


CLIMATE REPORT
NATIONAL WEATHER SERVICE IN MILWAUKEE
1246 AM CST FRI JAN 5 2018


...................................

...THE MILWAUKEE WI CLIMATE SUMMARY FOR JANUARY 4 2018...

CLIMATE NORMAL PERIOD 1981 TO 2010
CLIMATE RECORD PERIOD 1871 TO 2018


WEATHER ITEM   OBSERVED TIME   RECORD YEAR NORMAL DEPARTURE LAST
                VALUE   (LST)  VALUE       VALUE  FROM      YEAR
                                                  NORMAL
..................................................................
TEMPERATURE (F)
 YESTERDAY
  MAXIMUM         12    244 PM  60    1997  29    -17       18
  MINIMUM          0    600 AM -23    1884  16    -16        5
  AVERAGE          6                        23    -17       12

PRECIPITATION (IN)
  YESTERDAY        0.00          0.92 1982   0.06  -0.06      T
  MONTH TO DATE    T                         0.24  -0.24     0.01
  SINCE DEC 1      0.46                      2.28  -1.82     1.94
  SINCE JAN 1      T                         0.24  -0.24     0.01

SNOWFALL (IN)
  YESTERDAY        0.0           6.7  1982   0.4   -0.4       T
  MONTH TO DATE    0.1                       1.8   -1.7       T
  SINCE DEC 1      4.7                      12.4   -7.7     18.8
  SINCE JUL 1      4.9                      15.1  -10.2     18.8
  SNOW DEPTH       1

DEGREE DAYS
 HEATING
  YESTERDAY       59                        42     17       53
  MONTH TO DATE  237                       168     69      156
  SINCE DEC 1   1443                      1363     80     1363
  SINCE JUL 1   2548                      2728   -180     2193

 COOLING
  YESTERDAY        0                         0      0        0
  MONTH TO DATE    0                         0      0        0
  SINCE DEC 1      0                         0      0        0
  SINCE JAN 1      0                         0      0        0
..................................................................


WIND (MPH)
  HIGHEST WIND SPEED    17   HIGHEST WIND DIRECTION     N (340)
  HIGHEST GUST SPEED    25   HIGHEST GUST DIRECTION    NW (330)
  AVERAGE WIND SPEED     9.2


SKY COVER
  POSSIBLE SUNSHINE  MM
  AVERAGE SKY COVER 0.1


WEATHER CONDITIONS
 THE FOLLOWING WEATHER WAS RECORDED YESTERDAY.
  NO SIGNIFICANT WEATHER WAS OBSERVED.


RELATIVE HUMIDITY (PERCENT)
 HIGHEST    75           300 AM
 LOWEST     48           200 PM
 AVERAGE    62

..........................................................


THE MILWAUKEE WI CLIMATE NORMALS FOR TODAY
                         NORMAL    RECORD    YEAR
 MAXIMUM TEMPERATURE (F)   29        53      2007
                                             1998
 MINIMUM TEMPERATURE (F)   16       -24      1884


SUNRISE AND SUNSET
JANUARY  5 2018.......SUNRISE   723 AM CST   SUNSET   432 PM CST
JANUARY  6 2018.......SUNRISE   723 AM CST   SUNSET   433 PM CST


-  INDICATES NEGATIVE NUMBERS.
R  INDICATES RECORD WAS SET OR TIED.
MM INDICATES DATA IS MISSING.
T  INDICATES TRACE AMOUNT.




$$
