000
CDUS43 KMKX 150641
CLIMKE


CLIMATE REPORT
NATIONAL WEATHER SERVICE IN MILWAUKEE
1241 AM CST WED FEB 15 2017


...................................

...THE MILWAUKEE WI CLIMATE SUMMARY FOR FEBRUARY 14 2017...

CLIMATE NORMAL PERIOD 1981 TO 2010
CLIMATE RECORD PERIOD 1871 TO 2017


WEATHER ITEM   OBSERVED TIME   RECORD YEAR NORMAL DEPARTURE LAST
                VALUE   (LST)  VALUE       VALUE  FROM      YEAR
                                                  NORMAL
..................................................................
TEMPERATURE (F)
 YESTERDAY
  MAXIMUM         49    343 PM  55    1954  32     17       22
  MINIMUM         33   1159 PM -12    1875  19     14        2
  AVERAGE         41                        26     15       12

PRECIPITATION (IN)
  YESTERDAY        T             0.98 1909   0.06  -0.06     0.05
  MONTH TO DATE    0.18                      0.77  -0.59     0.56
  SINCE DEC 1      4.27                      4.57  -0.30     5.07
  SINCE JAN 1      2.34                      2.53  -0.19     1.25

SNOWFALL (IN)
  YESTERDAY        T            10.5  1909   0.3   -0.3      1.8
  MONTH TO DATE    0.4                       5.0   -4.6      6.6
  SINCE DEC 1     23.3                      30.3   -7.0     21.1
  SINCE JUL 1     23.3                      33.0   -9.7     28.0
  SNOW DEPTH       0

DEGREE DAYS
 HEATING
  YESTERDAY       24                        39    -15       53
  MONTH TO DATE  502                       572    -70      585
  SINCE DEC 1   2852                      3092   -240     2722
  SINCE JUL 1   3682                      4457   -775     3761

 COOLING
  YESTERDAY        0                         0      0        0
  MONTH TO DATE    0                         0      0        0
  SINCE DEC 1      0                         0      0        0
  SINCE JAN 1      0                         0      0        0
..................................................................


WIND (MPH)
  HIGHEST WIND SPEED    24   HIGHEST WIND DIRECTION     W (270)
  HIGHEST GUST SPEED    34   HIGHEST GUST DIRECTION     W (290)
  AVERAGE WIND SPEED    13.9


SKY COVER
  POSSIBLE SUNSHINE  MM
  AVERAGE SKY COVER 0.4


WEATHER CONDITIONS
 THE FOLLOWING WEATHER WAS RECORDED YESTERDAY.
  LIGHT SNOW


RELATIVE HUMIDITY (PERCENT)
 HIGHEST    70           600 AM
 LOWEST     38           800 PM
 AVERAGE    54

..........................................................


THE MILWAUKEE WI CLIMATE NORMALS FOR TODAY
                         NORMAL    RECORD    YEAR
 MAXIMUM TEMPERATURE (F)   32        62      1921
 MINIMUM TEMPERATURE (F)   19       -15      1875


SUNRISE AND SUNSET
FEBRUARY 15 2017......SUNRISE   649 AM CST   SUNSET   523 PM CST
FEBRUARY 16 2017......SUNRISE   647 AM CST   SUNSET   525 PM CST


-  INDICATES NEGATIVE NUMBERS.
R  INDICATES RECORD WAS SET OR TIED.
MM INDICATES DATA IS MISSING.
T  INDICATES TRACE AMOUNT.




$$
