000
CDUS43 KMKX 270650
CLIMKE


CLIMATE REPORT
NATIONAL WEATHER SERVICE IN MILWAUKEE
149 AM CDT WED APR 27 2016


...................................

...THE MILWAUKEE WI CLIMATE SUMMARY FOR APRIL 26 2016...

CLIMATE NORMAL PERIOD 1981 TO 2010
CLIMATE RECORD PERIOD 1871 TO 2016


WEATHER ITEM   OBSERVED TIME   RECORD YEAR NORMAL DEPARTURE LAST
                VALUE   (LST)  VALUE       VALUE  FROM      YEAR
                                                  NORMAL
..................................................................
TEMPERATURE (F)
 YESTERDAY
  MAXIMUM         49   1200 AM  85    1994  58     -9       50
                                      1990
                                      1962
  MINIMUM         40    810 PM  27    1972  41     -1       35
  AVERAGE         45                        49     -4       43

PRECIPITATION (IN)
  YESTERDAY        T             1.62 2009   0.11  -0.11     0.00
  MONTH TO DATE    1.27                      3.09  -1.82     5.22
  SINCE MAR 1      4.61                      5.36  -0.75     6.05
  SINCE JAN 1      5.92                      8.77  -2.85     7.77

SNOWFALL (IN)
  YESTERDAY        0.0           T    1950   0.0    0.0      0.0
  MONTH TO DATE    3.4                       1.9    1.5       T
  SINCE MAR 1     10.0                       8.9    1.1      4.9
  SINCE JUL 1     39.1                      46.7   -7.6     43.0
  SNOW DEPTH       0

DEGREE DAYS
 HEATING
  YESTERDAY       20                        16      4       22
  MONTH TO DATE  545                       528     17      488
  SINCE MAR 1   1309                      1457   -148     1419
  SINCE JUL 1   5528                      6437   -909     6751

 COOLING
  YESTERDAY        0                         0      0        0
  MONTH TO DATE    0                         0      0        0
  SINCE MAR 1      0                         0      0        0
  SINCE JAN 1      0                         0      0        0
..................................................................


WIND (MPH)
  HIGHEST WIND SPEED    25   HIGHEST WIND DIRECTION     N (20)
  HIGHEST GUST SPEED    34   HIGHEST GUST DIRECTION     N (20)
  AVERAGE WIND SPEED    15.1


SKY COVER
  POSSIBLE SUNSHINE  MM
  AVERAGE SKY COVER 1.0


WEATHER CONDITIONS
 THE FOLLOWING WEATHER WAS RECORDED YESTERDAY.
  FOG


RELATIVE HUMIDITY (PERCENT)
 HIGHEST   100           500 AM
 LOWEST     76           100 PM
 AVERAGE    88

..........................................................


THE MILWAUKEE WI CLIMATE NORMALS FOR TODAY
                         NORMAL    RECORD    YEAR
 MAXIMUM TEMPERATURE (F)   58        83      1962
                                             1938
 MINIMUM TEMPERATURE (F)   41        28      1967


SUNRISE AND SUNSET
APRIL 27 2016.........SUNRISE   551 AM CDT   SUNSET   748 PM CDT
APRIL 28 2016.........SUNRISE   549 AM CDT   SUNSET   750 PM CDT


-  INDICATES NEGATIVE NUMBERS.
R  INDICATES RECORD WAS SET OR TIED.
MM INDICATES DATA IS MISSING.
T  INDICATES TRACE AMOUNT.




$$
