926
CDUS43 KMKX 170649
CLIMKE


CLIMATE REPORT
NATIONAL WEATHER SERVICE IN MILWAUKEE
149 AM CDT FRI MAR 17 2017


...................................

...THE MILWAUKEE WI CLIMATE SUMMARY FOR MARCH 16 2017...

CLIMATE NORMAL PERIOD 1981 TO 2010
CLIMATE RECORD PERIOD 1871 TO 2017


WEATHER ITEM   OBSERVED TIME   RECORD YEAR NORMAL DEPARTURE LAST
                VALUE   (LST)  VALUE       VALUE  FROM      YEAR
                                                  NORMAL
..................................................................
TEMPERATURE (F)
 YESTERDAY
  MAXIMUM         37    455 PM  71    2015  42     -5       55
                                      1930
  MINIMUM         22    652 AM   0    1900  28     -6       45
  AVERAGE         30                        35     -5       50

PRECIPITATION (IN)
  YESTERDAY        0.00          0.85 1876   0.07  -0.07     0.08
  MONTH TO DATE    1.26                      1.04   0.22     1.28
  SINCE MAR 1      1.26                      1.04   0.22     1.28
  SINCE JAN 1      5.27                      4.45   0.82     2.59

SNOWFALL (IN)
  YESTERDAY        0.0           7.1  1877   0.3   -0.3      0.0
  MONTH TO DATE   13.5                       4.7    8.8      4.2
  SINCE MAR 1     13.5                       4.7    8.8      4.2
  SINCE JUL 1     37.5                      42.5   -5.0     33.3
  SNOW DEPTH       6

DEGREE DAYS
 HEATING
  YESTERDAY       35                        30      5       15
  MONTH TO DATE  514                       520     -6      391
  SINCE MAR 1    514                       520     -6      391
  SINCE JUL 1   4513                      5500   -987     4610

 COOLING
  YESTERDAY        0                         0      0        0
  MONTH TO DATE    0                         0      0        0
  SINCE MAR 1      0                         0      0        0
  SINCE JAN 1      0                         0      0        0
..................................................................


WIND (MPH)
  HIGHEST WIND SPEED    14   HIGHEST WIND DIRECTION    SE (140)
  HIGHEST GUST SPEED    16   HIGHEST GUST DIRECTION     S (200)
  AVERAGE WIND SPEED     7.6


SKY COVER
  POSSIBLE SUNSHINE  MM
  AVERAGE SKY COVER 0.3


WEATHER CONDITIONS
 THE FOLLOWING WEATHER WAS RECORDED YESTERDAY.
  NO SIGNIFICANT WEATHER WAS OBSERVED.


RELATIVE HUMIDITY (PERCENT)
 HIGHEST    70          1100 PM
 LOWEST     27           200 PM
 AVERAGE    49

..........................................................


THE MILWAUKEE WI CLIMATE NORMALS FOR TODAY
                         NORMAL    RECORD    YEAR
 MAXIMUM TEMPERATURE (F)   43        75      2009
 MINIMUM TEMPERATURE (F)   28        -7      1941


SUNRISE AND SUNSET
MARCH 17 2017.........SUNRISE   700 AM CDT   SUNSET   701 PM CDT
MARCH 18 2017.........SUNRISE   658 AM CDT   SUNSET   702 PM CDT


-  INDICATES NEGATIVE NUMBERS.
R  INDICATES RECORD WAS SET OR TIED.
MM INDICATES DATA IS MISSING.
T  INDICATES TRACE AMOUNT.




$$
