000
CDUS43 KMKX 100652
CLIMKE


CLIMATE REPORT
NATIONAL WEATHER SERVICE IN MILWAUKEE
152 AM CDT WED MAY 10 2017


...................................

...THE MILWAUKEE WI CLIMATE SUMMARY FOR MAY 9 2017...

CLIMATE NORMAL PERIOD 1981 TO 2010
CLIMATE RECORD PERIOD 1871 TO 2017


WEATHER ITEM   OBSERVED TIME   RECORD YEAR NORMAL DEPARTURE LAST
                VALUE   (LST)  VALUE       VALUE  FROM      YEAR
                                                  NORMAL
..................................................................
TEMPERATURE (F)
 YESTERDAY
  MAXIMUM         53    148 PM  93    1934  63    -10       58
  MINIMUM         44    751 AM  26    1966  44      0       43
  AVERAGE         49                        54     -5       51

PRECIPITATION (IN)
  YESTERDAY        T             1.43 1990   0.11  -0.11     0.22
  MONTH TO DATE    0.09                      0.95  -0.86     0.39
  SINCE MAR 1     10.04                      6.78   3.26     5.53
  SINCE JAN 1     14.05                     10.19   3.86     6.84

SNOWFALL (IN)
  YESTERDAY        0.0           1.2  1923   0.1   -0.1      0.0
  MONTH TO DATE    0.0                       0.1   -0.1      0.0
  SINCE MAR 1     13.6                       9.1    4.5     10.0
  SINCE JUL 1     37.6                      46.9   -9.3     39.1
  SNOW DEPTH       0

DEGREE DAYS
 HEATING
  YESTERDAY       16                        12      4       14
  MONTH TO DATE  164                       118     46      114
  SINCE MAR 1   1469                      1635   -166     1511
  SINCE JUL 1   5468                      6615  -1147     5730

 COOLING
  YESTERDAY        0                         0      0        0
  MONTH TO DATE    0                         0      0        0
  SINCE MAR 1      3                         5     -2        0
  SINCE JAN 1      3                         5     -2        0
..................................................................


WIND (MPH)
  HIGHEST WIND SPEED    12   HIGHEST WIND DIRECTION    SE (130)
  HIGHEST GUST SPEED    14   HIGHEST GUST DIRECTION    SE (130)
  AVERAGE WIND SPEED     5.6


SKY COVER
  POSSIBLE SUNSHINE  MM
  AVERAGE SKY COVER 1.0


WEATHER CONDITIONS
 THE FOLLOWING WEATHER WAS RECORDED YESTERDAY.
  LIGHT RAIN


RELATIVE HUMIDITY (PERCENT)
 HIGHEST    76           800 AM
 LOWEST     37          1200 AM
 AVERAGE    57

..........................................................


THE MILWAUKEE WI CLIMATE NORMALS FOR TODAY
                         NORMAL    RECORD    YEAR
 MAXIMUM TEMPERATURE (F)   63        88      1896
 MINIMUM TEMPERATURE (F)   45        21      1966


SUNRISE AND SUNSET
MAY 10 2017...........SUNRISE   534 AM CDT   SUNSET   803 PM CDT
MAY 11 2017...........SUNRISE   533 AM CDT   SUNSET   804 PM CDT


-  INDICATES NEGATIVE NUMBERS.
R  INDICATES RECORD WAS SET OR TIED.
MM INDICATES DATA IS MISSING.
T  INDICATES TRACE AMOUNT.




$$
