000
CDUS43 KMKX 210731
CLIMKE


CLIMATE REPORT
NATIONAL WEATHER SERVICE IN MILWAUKEE
131 AM CST SUN DEC 21 2014


...................................

...THE MILWAUKEE WI CLIMATE SUMMARY FOR DECEMBER 20 2014...

CLIMATE NORMAL PERIOD 1981 TO 2010
CLIMATE RECORD PERIOD 1871 TO 2014


WEATHER ITEM   OBSERVED TIME   RECORD YEAR NORMAL DEPARTURE LAST
                VALUE   (LST)  VALUE       VALUE  FROM      YEAR
                                                  NORMAL
..................................................................
TEMPERATURE (F)
 YESTERDAY
  MAXIMUM         32   1159 PM  63    1877  31      1       33
  MINIMUM         27    852 AM -12    1963  19      8       28
                                      1924
                                      1871
  AVERAGE         30                        25      5       31

PRECIPITATION (IN)
  YESTERDAY        T             2.16 2012   0.06  -0.06     0.05
  MONTH TO DATE    0.34                      1.40  -1.06     0.89
  SINCE DEC 1      0.34                      1.40  -1.06     0.89
  SINCE JAN 1     31.42                     34.12  -2.70    39.12

SNOWFALL (IN)
  YESTERDAY        T             4.0  1977   0.3   -0.3      0.1
  MONTH TO DATE    0.5                       6.3   -5.8      7.4
  SINCE DEC 1      0.5                       6.3   -5.8      7.4
  SINCE JUL 1      5.3                       9.0   -3.7      9.4
  SNOW DEPTH       0

DEGREE DAYS
 HEATING
  YESTERDAY       35                        40     -5       34
  MONTH TO DATE  665                       741    -76      856
  SINCE DEC 1    665                       741    -76      856
  SINCE JUL 1   2236                      2106    130     2231

 COOLING
  YESTERDAY        0                         0      0        0
  MONTH TO DATE    0                         0      0        0
  SINCE DEC 1      0                         0      0        0
  SINCE JAN 1    464                       641   -177      688
..................................................................


WIND (MPH)
  HIGHEST WIND SPEED     8   HIGHEST WIND DIRECTION    SW (210)
  HIGHEST GUST SPEED    10   HIGHEST GUST DIRECTION    SW (210)
  AVERAGE WIND SPEED     4.7


SKY COVER
  POSSIBLE SUNSHINE  MM
  AVERAGE SKY COVER 1.0


WEATHER CONDITIONS
 THE FOLLOWING WEATHER WAS RECORDED YESTERDAY.
  LIGHT SNOW


RELATIVE HUMIDITY (PERCENT)
 HIGHEST    78           900 PM
 LOWEST     63          1100 AM
 AVERAGE    71

..........................................................


THE MILWAUKEE WI CLIMATE NORMALS FOR TODAY
                         NORMAL    RECORD    YEAR
 MAXIMUM TEMPERATURE (F)   31        57      1967
 MINIMUM TEMPERATURE (F)   18       -15      1989


SUNRISE AND SUNSET
DECEMBER 21 2014......SUNRISE   719 AM CST   SUNSET   420 PM CST
DECEMBER 22 2014......SUNRISE   720 AM CST   SUNSET   421 PM CST


-  INDICATES NEGATIVE NUMBERS.
R  INDICATES RECORD WAS SET OR TIED.
MM INDICATES DATA IS MISSING.
T  INDICATES TRACE AMOUNT.




$$
