000
CDUS43 KMKX 032145
CLIMKE


CLIMATE REPORT
NATIONAL WEATHER SERVICE IN MILWAUKEE
445 PM CDT MON JUL 3 2017


...................................

...THE MILWAUKEE WI CLIMATE SUMMARY FOR JULY 3 2017...
VALID TODAY AS OF 0400 PM LOCAL TIME.

CLIMATE NORMAL PERIOD 1981 TO 2010
CLIMATE RECORD PERIOD 1871 TO 2017


WEATHER ITEM   OBSERVED TIME   RECORD YEAR NORMAL DEPARTURE LAST
                VALUE   (LST)  VALUE       VALUE  FROM      YEAR
                                                  NORMAL
..................................................................
TEMPERATURE (F)
 TODAY
  MAXIMUM         73    235 PM  99    1911  80     -7       73
  MINIMUM         59    415 AM  49    1968  62     -3       55
                                      1945
  AVERAGE         66                        71     -5       64

PRECIPITATION (IN)
  TODAY            0.00          1.58 2004   0.12  -0.12     0.00
  MONTH TO DATE    0.46                      0.38   0.08     0.00
  SINCE JUN 1      5.67                      4.28   1.39     3.49
  SINCE JAN 1     22.46                     16.92   5.54    12.31

SNOWFALL (IN)
  TODAY            0.0           0.0    MM   0.0    0.0      0.0
  MONTH TO DATE    0.0                       0.0    0.0      0.0
  SINCE JUN 1      0.0                       0.0    0.0      0.0
  SINCE JUL 1      0.0                       0.0    0.0      0.0
  SNOW DEPTH       0

DEGREE DAYS
 HEATING
  TODAY            0                         1     -1        1
  MONTH TO DATE    0                         3     -3        2
  SINCE JUN 1     14                        87    -73       31
  SINCE JUL 1      0                         3     -3        2

 COOLING
  TODAY            1                         7     -6        0
  MONTH TO DATE   18                        20     -2        2
  SINCE JUN 1    200                       140     60      153
  SINCE JAN 1    221                       170     51      198
..................................................................


WIND (MPH)
  HIGHEST WIND SPEED    14   HIGHEST WIND DIRECTION    NE (30)
  HIGHEST GUST SPEED    18   HIGHEST GUST DIRECTION    NE (50)
  AVERAGE WIND SPEED     7.8


SKY COVER
  POSSIBLE SUNSHINE  MM
  AVERAGE SKY COVER 0.5


WEATHER CONDITIONS
 THE FOLLOWING WEATHER WAS RECORDED TODAY.
  NO SIGNIFICANT WEATHER WAS OBSERVED.


RELATIVE HUMIDITY (PERCENT)
 HIGHEST   100           200 AM
 LOWEST     64           200 PM
 AVERAGE    82

..........................................................


THE MILWAUKEE WI CLIMATE NORMALS FOR TOMORROW
                         NORMAL    RECORD    YEAR
 MAXIMUM TEMPERATURE (F)   80       102      2012
 MINIMUM TEMPERATURE (F)   63        45      1963


SUNRISE AND SUNSET
JULY  3 2017..........SUNRISE   518 AM CDT   SUNSET   834 PM CDT
JULY  4 2017..........SUNRISE   518 AM CDT   SUNSET   834 PM CDT


-  INDICATES NEGATIVE NUMBERS.
R  INDICATES RECORD WAS SET OR TIED.
MM INDICATES DATA IS MISSING.
T  INDICATES TRACE AMOUNT.




$$
