000
CDUS43 KMKX 132144
CLIMKE


CLIMATE REPORT
NATIONAL WEATHER SERVICE IN MILWAUKEE
442 PM CDT WED JUL 13 2016


...................................

...THE MILWAUKEE WI CLIMATE SUMMARY FOR JULY 13 2016...
VALID TODAY AS OF 0400 PM LOCAL TIME.

CLIMATE NORMAL PERIOD 1981 TO 2010
CLIMATE RECORD PERIOD 1871 TO 2016


WEATHER ITEM   OBSERVED TIME   RECORD YEAR NORMAL DEPARTURE LAST
                VALUE   (LST)  VALUE       VALUE  FROM      YEAR
                                                  NORMAL
..................................................................
TEMPERATURE (F)
 TODAY
  MAXIMUM         90    230 PM 103    1995  80     10       88
  MINIMUM         71    521 AM  52    1967  64      7       65
                                      1888
                                      1883
  AVERAGE         81                        72      9       77

PRECIPITATION (IN)
  TODAY            0.00          2.19 1912   0.12  -0.12     0.56
  MONTH TO DATE    0.15                      1.61  -1.46     1.03
  SINCE JUN 1      3.64                      5.51  -1.87     3.52
  SINCE JAN 1     12.46                     18.15  -5.69    13.72

SNOWFALL (IN)
  TODAY            0.0           0.0    MM   0.0    0.0      0.0
  MONTH TO DATE    0.0                       0.0    0.0      0.0
  SINCE JUN 1      0.0                       0.0    0.0      0.0
  SINCE JUL 1      0.0                       0.0    0.0      0.0
  SNOW DEPTH       0

DEGREE DAYS
 HEATING
  TODAY            0                         0      0        0
  MONTH TO DATE    2                         4     -2       26
  SINCE JUN 1     31                        88    -57      128
  SINCE JUL 1      2                         4     -2       26

 COOLING
  TODAY           16                         7      9       12
  MONTH TO DATE  104                        90     14       47
  SINCE JUN 1    255                       210     45      120
  SINCE JAN 1    300                       240     60      146
..................................................................


WIND (MPH)
  HIGHEST WIND SPEED    18   HIGHEST WIND DIRECTION    SW (230)
  HIGHEST GUST SPEED    23   HIGHEST GUST DIRECTION    SW (240)
  AVERAGE WIND SPEED     9.8


SKY COVER
  POSSIBLE SUNSHINE  MM
  AVERAGE SKY COVER 0.4


WEATHER CONDITIONS
 THE FOLLOWING WEATHER WAS RECORDED TODAY.
  THUNDERSTORM


RELATIVE HUMIDITY (PERCENT)
 HIGHEST    90           300 AM
 LOWEST     55           100 PM
 AVERAGE    73

..........................................................


THE MILWAUKEE WI CLIMATE NORMALS FOR TOMORROW
                         NORMAL    RECORD    YEAR
 MAXIMUM TEMPERATURE (F)   80       102      1995
 MINIMUM TEMPERATURE (F)   64        48      1950


SUNRISE AND SUNSET
JULY 13 2016..........SUNRISE   525 AM CDT   SUNSET   829 PM CDT
JULY 14 2016..........SUNRISE   526 AM CDT   SUNSET   829 PM CDT


-  INDICATES NEGATIVE NUMBERS.
R  INDICATES RECORD WAS SET OR TIED.
MM INDICATES DATA IS MISSING.
T  INDICATES TRACE AMOUNT.




$$

HAHN
