000
CDUS43 KMKX 240700
CLIMKE


CLIMATE REPORT
NATIONAL WEATHER SERVICE IN MILWAUKEE
200 AM CDT MON JUL 24 2017


...................................

...THE MILWAUKEE WI CLIMATE SUMMARY FOR JULY 23 2017...

CLIMATE NORMAL PERIOD 1981 TO 2010
CLIMATE RECORD PERIOD 1871 TO 2017


WEATHER ITEM   OBSERVED TIME   RECORD YEAR NORMAL DEPARTURE LAST
                VALUE   (LST)  VALUE       VALUE  FROM      YEAR
                                                  NORMAL
..................................................................
TEMPERATURE (F)
 YESTERDAY
  MAXIMUM         86   1218 PM  99    2012  80      6       89
                                      1940
  MINIMUM         66   1159 PM  50    1876  64      2       72
  AVERAGE         76                        72      4       81

PRECIPITATION (IN)
  YESTERDAY        0.01          2.19 1935   0.12  -0.11     0.85
  MONTH TO DATE    3.67                      2.76   0.91     1.70
  SINCE JUN 1      8.88                      6.66   2.22     5.19
  SINCE JAN 1     25.67                     19.30   6.37    14.01

SNOWFALL (IN)
  YESTERDAY        0.0           0.0    MM   0.0    0.0      0.0
  MONTH TO DATE    0.0                       0.0    0.0      0.0
  SINCE JUN 1      0.0                       0.0    0.0      0.0
  SINCE JUL 1      0.0                       0.0    0.0      0.0
  SNOW DEPTH       0

DEGREE DAYS
 HEATING
  YESTERDAY        0                         0      0        0
  MONTH TO DATE    1                         4     -3        2
  SINCE JUN 1     15                        88    -73       31
  SINCE JUL 1      1                         4     -3        2

 COOLING
  YESTERDAY       11                         7      4       16
  MONTH TO DATE  179                       160     19      216
  SINCE JUN 1    361                       280     81      367
  SINCE JAN 1    382                       310     72      412
..................................................................


WIND (MPH)
  HIGHEST WIND SPEED    20   HIGHEST WIND DIRECTION     N (20)
  HIGHEST GUST SPEED    28   HIGHEST GUST DIRECTION     N (20)
  AVERAGE WIND SPEED     8.3


SKY COVER
  POSSIBLE SUNSHINE  MM
  AVERAGE SKY COVER 0.7


WEATHER CONDITIONS
 THE FOLLOWING WEATHER WAS RECORDED YESTERDAY.
  FOG


RELATIVE HUMIDITY (PERCENT)
 HIGHEST    93          1200 AM
 LOWEST     48          1100 AM
 AVERAGE    71

..........................................................


THE MILWAUKEE WI CLIMATE NORMALS FOR TODAY
                         NORMAL    RECORD    YEAR
 MAXIMUM TEMPERATURE (F)   80       105      1934
 MINIMUM TEMPERATURE (F)   64        51      2000
                                             1876


SUNRISE AND SUNSET
JULY 24 2017..........SUNRISE   535 AM CDT   SUNSET   821 PM CDT
JULY 25 2017..........SUNRISE   536 AM CDT   SUNSET   820 PM CDT


-  INDICATES NEGATIVE NUMBERS.
R  INDICATES RECORD WAS SET OR TIED.
MM INDICATES DATA IS MISSING.
T  INDICATES TRACE AMOUNT.




$$
