000
CDUS43 KMKX 220655
CLIMKE


CLIMATE REPORT
NATIONAL WEATHER SERVICE IN MILWAUKEE
1254 AM CST THU JAN 22 2015


...................................

...THE MILWAUKEE WI CLIMATE SUMMARY FOR JANUARY 21 2015...

CLIMATE NORMAL PERIOD 1981 TO 2010
CLIMATE RECORD PERIOD 1871 TO 2015


WEATHER ITEM   OBSERVED TIME   RECORD YEAR NORMAL DEPARTURE LAST
                VALUE   (LST)  VALUE       VALUE  FROM      YEAR
                                                  NORMAL
..................................................................
TEMPERATURE (F)
 YESTERDAY
  MAXIMUM         31    233 PM  56    1934  29      2       10
  MINIMUM         27   1117 PM -23    1888  15     12        0
  AVERAGE         29                        22      7        5

PRECIPITATION (IN)
  YESTERDAY        0.02          1.06 1959   0.06  -0.04      T
  MONTH TO DATE    0.72                      1.23  -0.51     0.87
  SINCE DEC 1      1.75                      3.27  -1.52     2.66
  SINCE JAN 1      0.72                      1.23  -0.51     0.87

SNOWFALL (IN)
  YESTERDAY        0.4          10.2  1959   0.4    0.0       T
  MONTH TO DATE   11.1                      10.2    0.9     12.6
  SINCE DEC 1     11.6                      20.8   -9.2     31.9
  SINCE JUL 1     16.4                      23.5   -7.1     33.9
  SNOW DEPTH       T

DEGREE DAYS
 HEATING
  YESTERDAY       36                        43     -7       60
  MONTH TO DATE  945                       898     47     1022
  SINCE DEC 1   1981                      2093   -112     2380
  SINCE JUL 1   3552                      3458     94     3755

 COOLING
  YESTERDAY        0                         0      0        0
  MONTH TO DATE    0                         0      0        0
  SINCE DEC 1      0                         0      0        0
  SINCE JAN 1      0                         0      0        0
..................................................................


WIND (MPH)
  HIGHEST WIND SPEED    15   HIGHEST WIND DIRECTION     N (360)
  HIGHEST GUST SPEED    21   HIGHEST GUST DIRECTION     N (20)
  AVERAGE WIND SPEED     8.0


SKY COVER
  POSSIBLE SUNSHINE  MM
  AVERAGE SKY COVER 1.0


WEATHER CONDITIONS
 THE FOLLOWING WEATHER WAS RECORDED YESTERDAY.
  LT FREEZING RAIN
  SNOW
  LIGHT SNOW
  FOG


RELATIVE HUMIDITY (PERCENT)
 HIGHEST    85           600 AM
 LOWEST     63           200 PM
 AVERAGE    74

..........................................................


THE MILWAUKEE WI CLIMATE NORMALS FOR TODAY
                         NORMAL    RECORD    YEAR
 MAXIMUM TEMPERATURE (F)   29        53      1964
 MINIMUM TEMPERATURE (F)   15       -22      1885
                                             1883


SUNRISE AND SUNSET
JANUARY 22 2015.......SUNRISE   716 AM CST   SUNSET   451 PM CST
JANUARY 23 2015.......SUNRISE   715 AM CST   SUNSET   452 PM CST


-  INDICATES NEGATIVE NUMBERS.
R  INDICATES RECORD WAS SET OR TIED.
MM INDICATES DATA IS MISSING.
T  INDICATES TRACE AMOUNT.




$$
