000
CDUS43 KMKX 100100
CLIMKE


CLIMATE REPORT
NATIONAL WEATHER SERVICE IN MILWAUKEE
700 PM CST THU FEB 9 2017


...................................

...THE MILWAUKEE WI CLIMATE SUMMARY FOR FEBRUARY 9 2017...
VALID TODAY AS OF 0700 PM LOCAL TIME.

CLIMATE NORMAL PERIOD 1981 TO 2010
CLIMATE RECORD PERIOD 1871 TO 2017


WEATHER ITEM   OBSERVED TIME   RECORD YEAR NORMAL DEPARTURE LAST
                VALUE   (LST)  VALUE       VALUE  FROM      YEAR
                                                  NORMAL
..................................................................
TEMPERATURE (F)
 TODAY
  MAXIMUM         22    426 PM  51    1938  31     -9       19
                                      1925
  MINIMUM         10    739 AM -22    1933  18     -8       13
                                      1899
  AVERAGE         16                        24     -8       16

PRECIPITATION (IN)
  TODAY            0.00          1.09 2001   0.05  -0.05     0.04
  MONTH TO DATE    0.17                      0.48  -0.31     0.51
  SINCE DEC 1      4.26                      4.28  -0.02     5.02
  SINCE JAN 1      2.33                      2.24   0.09     1.20

SNOWFALL (IN)
  TODAY            0.0          10.0  1901   0.3   -0.3      0.8
  MONTH TO DATE    0.4                       3.3   -2.9      4.8
  SINCE DEC 1     23.3                      28.6   -5.3     19.3
  SINCE JUL 1     23.3                      31.3   -8.0     26.2
  SNOW DEPTH       0

DEGREE DAYS
 HEATING
  TODAY           49                        41      8       49
  MONTH TO DATE  367                       373     -6      316
  SINCE DEC 1   2717                      2893   -176     2453
  SINCE JUL 1   3547                      4258   -711     3492

 COOLING
  TODAY            0                         0      0        0
  MONTH TO DATE    0                         0      0        0
  SINCE DEC 1      0                         0      0        0
  SINCE JAN 1      0                         0      0        0
..................................................................


WIND (MPH)
  HIGHEST WIND SPEED    23   HIGHEST WIND DIRECTION    NW (300)
  HIGHEST GUST SPEED    29   HIGHEST GUST DIRECTION    NW (300)
  AVERAGE WIND SPEED    14.7


SKY COVER
  POSSIBLE SUNSHINE  MM
  AVERAGE SKY COVER 0.1


WEATHER CONDITIONS
 THE FOLLOWING WEATHER WAS RECORDED TODAY.
  NO SIGNIFICANT WEATHER WAS OBSERVED.


RELATIVE HUMIDITY (PERCENT)
 HIGHEST    53           200 AM
 LOWEST     36           300 PM
 AVERAGE    45

..........................................................


THE MILWAUKEE WI CLIMATE NORMALS FOR TOMORROW
                         NORMAL    RECORD    YEAR
 MAXIMUM TEMPERATURE (F)   31        59      2009
 MINIMUM TEMPERATURE (F)   18       -22      1899


SUNRISE AND SUNSET
FEBRUARY  9 2017......SUNRISE   657 AM CST   SUNSET   515 PM CST
FEBRUARY 10 2017......SUNRISE   655 AM CST   SUNSET   517 PM CST


-  INDICATES NEGATIVE NUMBERS.
R  INDICATES RECORD WAS SET OR TIED.
MM INDICATES DATA IS MISSING.
T  INDICATES TRACE AMOUNT.




$$
