000
CDUS43 KMKX 022123
CLIMKE


CLIMATE REPORT
NATIONAL WEATHER SERVICE IN MILWAUKEE
422 PM CDT SAT SEP 2 2017


...................................

...THE MILWAUKEE WI CLIMATE SUMMARY FOR SEPTEMBER 2 2017...
VALID TODAY AS OF 0400 PM LOCAL TIME.

CLIMATE NORMAL PERIOD 1981 TO 2010
CLIMATE RECORD PERIOD 1871 TO 2017


WEATHER ITEM   OBSERVED TIME   RECORD YEAR NORMAL DEPARTURE LAST
                VALUE   (LST)  VALUE       VALUE  FROM      YEAR
                                                  NORMAL
..................................................................
TEMPERATURE (F)
 TODAY
  MAXIMUM         73    128 PM  96    1953  76     -3       72
                                      1913
  MINIMUM         49    502 AM  43    1967  60    -11       62
                                      1946
  AVERAGE         61                        68     -7       67

PRECIPITATION (IN)
  TODAY            0.00          1.45 1934   0.10  -0.10     0.00
  MONTH TO DATE    0.00                      0.21  -0.21     0.00
  SINCE SEP 1      0.00                      0.21  -0.21     0.00
  SINCE JAN 1     27.32                     24.39   2.93    17.66

SNOWFALL (IN)
  TODAY            0.0           0.0    MM   0.0    0.0      0.0
  MONTH TO DATE    0.0                       0.0    0.0      0.0
  SINCE SEP 1      0.0                       0.0    0.0      0.0
  SINCE JUL 1      0.0                       0.0    0.0      0.0
  SNOW DEPTH       0

DEGREE DAYS
 HEATING
  TODAY            4                         1      3        0
  MONTH TO DATE    7                         2      5        0
  SINCE SEP 1      7                         2      5        0
  SINCE JUL 1     16                        28    -12        2

 COOLING
  TODAY            0                         4     -4        2
  MONTH TO DATE    0                         9     -9        5
  SINCE SEP 1      0                         9     -9        5
  SINCE JAN 1    610                       574     36      841
..................................................................


WIND (MPH)
  HIGHEST WIND SPEED    14   HIGHEST WIND DIRECTION    SW (210)
  HIGHEST GUST SPEED    17   HIGHEST GUST DIRECTION    SW (210)
  AVERAGE WIND SPEED     5.8


SKY COVER
  POSSIBLE SUNSHINE  MM
  AVERAGE SKY COVER 0.4


WEATHER CONDITIONS
 THE FOLLOWING WEATHER WAS RECORDED TODAY.
  NO SIGNIFICANT WEATHER WAS OBSERVED.


RELATIVE HUMIDITY (PERCENT)
 HIGHEST    96           300 AM
 LOWEST     41          1200 PM
 AVERAGE    69

..........................................................


THE MILWAUKEE WI CLIMATE NORMALS FOR TOMORROW
                         NORMAL    RECORD    YEAR
 MAXIMUM TEMPERATURE (F)   76        95      1939
 MINIMUM TEMPERATURE (F)   60        44      1974


SUNRISE AND SUNSET
SEPTEMBER  2 2017.....SUNRISE   617 AM CDT   SUNSET   724 PM CDT
SEPTEMBER  3 2017.....SUNRISE   619 AM CDT   SUNSET   722 PM CDT


-  INDICATES NEGATIVE NUMBERS.
R  INDICATES RECORD WAS SET OR TIED.
MM INDICATES DATA IS MISSING.
T  INDICATES TRACE AMOUNT.




$$
