000
CDUS43 KMKX 180643
CLIMKE


CLIMATE REPORT
NATIONAL WEATHER SERVICE IN MILWAUKEE
142 AM CDT WED MAY 18 2016


...................................

...THE MILWAUKEE WI CLIMATE SUMMARY FOR MAY 17 2016...

CLIMATE NORMAL PERIOD 1981 TO 2010
CLIMATE RECORD PERIOD 1871 TO 2016


WEATHER ITEM   OBSERVED TIME   RECORD YEAR NORMAL DEPARTURE LAST
                VALUE   (LST)  VALUE       VALUE  FROM      YEAR
                                                  NORMAL
..................................................................
TEMPERATURE (F)
 YESTERDAY
  MAXIMUM         54    312 PM  88    1987  65    -11       78
                                      1911
                                      1906
  MINIMUM         43    725 AM  31    1983  47     -4       47
  AVERAGE         49                        56     -7       63

PRECIPITATION (IN)
  YESTERDAY        0.00          1.70 2000   0.11  -0.11     0.21
  MONTH TO DATE    1.83                      1.78   0.05     1.12
  SINCE MAR 1      6.97                      7.61  -0.64     7.17
  SINCE JAN 1      8.28                     11.02  -2.74     8.89

SNOWFALL (IN)
  YESTERDAY        0.0           T    1915   0.0    0.0      0.0
  MONTH TO DATE    T                         0.1   -0.1      0.0
  SINCE MAR 1     10.0                       9.1    0.9      4.9
  SINCE JUL 1     39.1                      46.9   -7.8     43.0
  SNOW DEPTH       0

DEGREE DAYS
 HEATING
  YESTERDAY       16                        10      6        2
  MONTH TO DATE  222                       204     18      159
  SINCE MAR 1   1619                      1721   -102     1658
  SINCE JUL 1   5838                      6701   -863     6990

 COOLING
  YESTERDAY        0                         1     -1        0
  MONTH TO DATE    0                         7     -7       11
  SINCE MAR 1      0                        12    -12       11
  SINCE JAN 1      0                        12    -12       11
..................................................................


WIND (MPH)
  HIGHEST WIND SPEED    23   HIGHEST WIND DIRECTION     N (20)
  HIGHEST GUST SPEED    27   HIGHEST GUST DIRECTION     N (10)
  AVERAGE WIND SPEED    13.4


SKY COVER
  POSSIBLE SUNSHINE  MM
  AVERAGE SKY COVER 0.5


WEATHER CONDITIONS
 THE FOLLOWING WEATHER WAS RECORDED YESTERDAY.
  NO SIGNIFICANT WEATHER WAS OBSERVED.


RELATIVE HUMIDITY (PERCENT)
 HIGHEST    82           700 AM
 LOWEST     39           800 PM
 AVERAGE    61

..........................................................


THE MILWAUKEE WI CLIMATE NORMALS FOR TODAY
                         NORMAL    RECORD    YEAR
 MAXIMUM TEMPERATURE (F)   66        90      1996
 MINIMUM TEMPERATURE (F)   47        33      2002


SUNRISE AND SUNSET
MAY 18 2016...........SUNRISE   525 AM CDT   SUNSET   812 PM CDT
MAY 19 2016...........SUNRISE   524 AM CDT   SUNSET   813 PM CDT


-  INDICATES NEGATIVE NUMBERS.
R  INDICATES RECORD WAS SET OR TIED.
MM INDICATES DATA IS MISSING.
T  INDICATES TRACE AMOUNT.




$$
