000
CDUS43 KMKX 060655
CLIMKE


CLIMATE REPORT
NATIONAL WEATHER SERVICE IN MILWAUKEE
153 AM CDT SUN JUL 6 2014


...................................

...THE MILWAUKEE WI CLIMATE SUMMARY FOR JULY 5 2014...

CLIMATE NORMAL PERIOD 1981 TO 2010
CLIMATE RECORD PERIOD 1871 TO 2014


WEATHER ITEM   OBSERVED TIME   RECORD YEAR NORMAL DEPARTURE LAST
                VALUE   (LST)  VALUE       VALUE  FROM      YEAR
                                                  NORMAL
..................................................................
TEMPERATURE (F)
 YESTERDAY
  MAXIMUM         78    241 PM 103    2012  80     -2       84
  MINIMUM         56    252 AM  45    1972  63     -7       67
  AVERAGE         67                        71     -4       76

PRECIPITATION (IN)
  YESTERDAY        0.00          2.10 1876   0.12  -0.12     0.00
  MONTH TO DATE    0.06                      0.62  -0.56     0.34
  SINCE JUN 1      6.40                      4.52   1.88     6.14
  SINCE JAN 1     17.35                     17.16   0.19    25.65

SNOWFALL (IN)
  YESTERDAY        0.0           0.0    MM   0.0    0.0      0.0
  MONTH TO DATE    0.0                       0.0    0.0      0.0
  SINCE JUN 1      0.0                       0.0    0.0      0.0
  SINCE JUL 1      0.0                       0.0    0.0      0.0
  SNOW DEPTH       0

DEGREE DAYS
 HEATING
  YESTERDAY        0                         0      0        0
  MONTH TO DATE    6                         4      2        3
  SINCE JUN 1     80                        88     -8       90
  SINCE JUL 1      6                         4      2        3

 COOLING
  YESTERDAY        2                         7     -5       11
  MONTH TO DATE   10                        34    -24       19
  SINCE JUN 1    100                       154    -54      118
  SINCE JAN 1    118                       184    -66      157
..................................................................


WIND (MPH)
  HIGHEST WIND SPEED    22   HIGHEST WIND DIRECTION     S (200)
  HIGHEST GUST SPEED    28   HIGHEST GUST DIRECTION     S (200)
  AVERAGE WIND SPEED    10.0


SKY COVER
  POSSIBLE SUNSHINE  MM
  AVERAGE SKY COVER 0.6


WEATHER CONDITIONS
 THE FOLLOWING WEATHER WAS RECORDED YESTERDAY.
  HAZE


RELATIVE HUMIDITY (PERCENT)
 HIGHEST    77           300 AM
 LOWEST     42          1200 PM
 AVERAGE    60

..........................................................


THE MILWAUKEE WI CLIMATE NORMALS FOR TODAY
                         NORMAL    RECORD    YEAR
 MAXIMUM TEMPERATURE (F)   80        99      1988
 MINIMUM TEMPERATURE (F)   63        46      1965


SUNRISE AND SUNSET
JULY  6 2014..........SUNRISE   519 AM CDT   SUNSET   833 PM CDT
JULY  7 2014..........SUNRISE   520 AM CDT   SUNSET   833 PM CDT


-  INDICATES NEGATIVE NUMBERS.
R  INDICATES RECORD WAS SET OR TIED.
MM INDICATES DATA IS MISSING.
T  INDICATES TRACE AMOUNT.




$$
