000
CDUS43 KMKX 150646
CLIMKE


CLIMATE REPORT
NATIONAL WEATHER SERVICE IN MILWAUKEE
145 AM CDT FRI AUG 15 2014


...................................

...THE MILWAUKEE WI CLIMATE SUMMARY FOR AUGUST 14 2014...

CLIMATE NORMAL PERIOD 1981 TO 2010
CLIMATE RECORD PERIOD 1871 TO 2014


WEATHER ITEM   OBSERVED TIME   RECORD YEAR NORMAL DEPARTURE LAST
                VALUE   (LST)  VALUE       VALUE  FROM      YEAR
                                                  NORMAL
..................................................................
TEMPERATURE (F)
 YESTERDAY
  MAXIMUM         68    330 PM  96    1944  79    -11       68
  MINIMUM         56    957 PM  47    1964  64     -8       53
                                      1962
  AVERAGE         62                        71     -9       61

PRECIPITATION (IN)
  YESTERDAY        0.00          0.84 1981   0.14  -0.14     0.00
  MONTH TO DATE    2.10                      1.85   0.25     1.60
  SINCE JUN 1     10.75                      9.42   1.33     8.95
  SINCE JAN 1     21.70                     22.06  -0.36    28.46

SNOWFALL (IN)
  YESTERDAY        0.0           0.0    MM   0.0    0.0      0.0
  MONTH TO DATE    0.0                       0.0    0.0      0.0
  SINCE JUN 1      0.0                       0.0    0.0      0.0
  SINCE JUL 1      0.0                       0.0    0.0      0.0
  SNOW DEPTH       0

DEGREE DAYS
 HEATING
  YESTERDAY        3                         0      3        4
  MONTH TO DATE    4                         0      4        8
  SINCE JUN 1     99                        95      4      109
  SINCE JUL 1     25                        11     14       22

 COOLING
  YESTERDAY        0                         7     -7        0
  MONTH TO DATE   50                        98    -48       53
  SINCE JUN 1    267                       440   -173      393
  SINCE JAN 1    285                       470   -185      432
..................................................................


WIND (MPH)
  HIGHEST WIND SPEED    15   HIGHEST WIND DIRECTION    NE (50)
  HIGHEST GUST SPEED    19   HIGHEST GUST DIRECTION    NE (40)
  AVERAGE WIND SPEED     7.6


SKY COVER
  POSSIBLE SUNSHINE  MM
  AVERAGE SKY COVER 0.4


WEATHER CONDITIONS
 THE FOLLOWING WEATHER WAS RECORDED YESTERDAY.
  NO SIGNIFICANT WEATHER WAS OBSERVED.


RELATIVE HUMIDITY (PERCENT)
 HIGHEST    78           100 AM
 LOWEST     42           100 PM
 AVERAGE    60

..........................................................


THE MILWAUKEE WI CLIMATE NORMALS FOR TODAY
                         NORMAL    RECORD    YEAR
 MAXIMUM TEMPERATURE (F)   79        93      1955
                                             1937
 MINIMUM TEMPERATURE (F)   63        46      1962
                                             1885


SUNRISE AND SUNSET
AUGUST 15 2014........SUNRISE   558 AM CDT   SUNSET   754 PM CDT
AUGUST 16 2014........SUNRISE   559 AM CDT   SUNSET   752 PM CDT


-  INDICATES NEGATIVE NUMBERS.
R  INDICATES RECORD WAS SET OR TIED.
MM INDICATES DATA IS MISSING.
T  INDICATES TRACE AMOUNT.




$$
