000
CDUS43 KMKX 240653
CLIMKE


CLIMATE REPORT
NATIONAL WEATHER SERVICE IN MILWAUKEE
1253 AM CST SAT JAN 24 2015


...................................

...THE MILWAUKEE WI CLIMATE SUMMARY FOR JANUARY 23 2015...

CLIMATE NORMAL PERIOD 1981 TO 2010
CLIMATE RECORD PERIOD 1871 TO 2015


WEATHER ITEM   OBSERVED TIME   RECORD YEAR NORMAL DEPARTURE LAST
                VALUE   (LST)  VALUE       VALUE  FROM      YEAR
                                                  NORMAL
..................................................................
TEMPERATURE (F)
 YESTERDAY
  MAXIMUM         33    230 PM  52    1909  29      4       11
  MINIMUM         26    826 AM -23    1883  15     11       -4
  AVERAGE         30                        22      8        4

PRECIPITATION (IN)
  YESTERDAY        T             0.92 1898   0.05  -0.05      T
  MONTH TO DATE    0.72                      1.33  -0.61     0.89
  SINCE DEC 1      1.75                      3.37  -1.62     2.68
  SINCE JAN 1      0.72                      1.33  -0.61     0.89

SNOWFALL (IN)
  YESTERDAY        T            10.9  1898   0.4   -0.4       T
  MONTH TO DATE   11.1                      11.1    0.0     13.5
  SINCE DEC 1     11.6                      21.7  -10.1     32.8
  SINCE JUL 1     16.4                      24.4   -8.0     34.8
  SNOW DEPTH       0

DEGREE DAYS
 HEATING
  YESTERDAY       35                        43     -8       61
  MONTH TO DATE 1015                       984     31     1141
  SINCE DEC 1   2051                      2179   -128     2499
  SINCE JUL 1   3622                      3544     78     3874

 COOLING
  YESTERDAY        0                         0      0        0
  MONTH TO DATE    0                         0      0        0
  SINCE DEC 1      0                         0      0        0
  SINCE JAN 1      0                         0      0        0
..................................................................


WIND (MPH)
  HIGHEST WIND SPEED    22   HIGHEST WIND DIRECTION    SW (240)
  HIGHEST GUST SPEED    29   HIGHEST GUST DIRECTION    SW (240)
  AVERAGE WIND SPEED    14.6


SKY COVER
  POSSIBLE SUNSHINE  MM
  AVERAGE SKY COVER 0.8


WEATHER CONDITIONS
 THE FOLLOWING WEATHER WAS RECORDED YESTERDAY.
  LIGHT SNOW
  HAZE


RELATIVE HUMIDITY (PERCENT)
 HIGHEST    81           100 AM
 LOWEST     63           100 PM
 AVERAGE    72

..........................................................


THE MILWAUKEE WI CLIMATE NORMALS FOR TODAY
                         NORMAL    RECORD    YEAR
 MAXIMUM TEMPERATURE (F)   29        60      1950
 MINIMUM TEMPERATURE (F)   15       -20      1904


SUNRISE AND SUNSET
JANUARY 24 2015.......SUNRISE   714 AM CST   SUNSET   454 PM CST
JANUARY 25 2015.......SUNRISE   713 AM CST   SUNSET   455 PM CST


-  INDICATES NEGATIVE NUMBERS.
R  INDICATES RECORD WAS SET OR TIED.
MM INDICATES DATA IS MISSING.
T  INDICATES TRACE AMOUNT.




$$
