265
CDUS43 KMKX 020645
CLIMKE


CLIMATE REPORT
NATIONAL WEATHER SERVICE IN MILWAUKEE
1245 AM CST TUE FEB 2 2016


...................................

...THE MILWAUKEE WI CLIMATE SUMMARY FOR FEBRUARY 1 2016...

CLIMATE NORMAL PERIOD 1981 TO 2010
CLIMATE RECORD PERIOD 1871 TO 2016


WEATHER ITEM   OBSERVED TIME   RECORD YEAR NORMAL DEPARTURE LAST
                VALUE   (LST)  VALUE       VALUE  FROM      YEAR
                                                  NORMAL
..................................................................
TEMPERATURE (F)
 YESTERDAY
  MAXIMUM         44    221 PM  49    1968  30     14       29
  MINIMUM         29   1159 PM -13    1918  16     13       13
                                      1883
  AVERAGE         37                        23     14       21

PRECIPITATION (IN)
  YESTERDAY        0.00          1.63 1915   0.05  -0.05     0.48
  MONTH TO DATE    0.00                      0.05  -0.05     0.48
  SINCE DEC 1      4.51                      3.85   0.66     2.42
  SINCE JAN 1      0.69                      1.81  -1.12     1.39

SNOWFALL (IN)
  YESTERDAY        0.0          10.4  2015   0.4   -0.4     10.4
  MONTH TO DATE    0.0                       0.4   -0.4     10.4
  SINCE DEC 1     14.5                      25.7  -11.2     24.1
  SINCE JUL 1     21.4                      28.4   -7.0     28.9
  SNOW DEPTH       0

DEGREE DAYS
 HEATING
  YESTERDAY       28                        42    -14       44
  MONTH TO DATE   28                        42    -14       44
  SINCE DEC 1   2165                      2562   -397     2391
  SINCE JUL 1   3204                      3927   -723     3962

 COOLING
  YESTERDAY        0                         0      0        0
  MONTH TO DATE    0                         0      0        0
  SINCE DEC 1      0                         0      0        0
  SINCE JAN 1      0                         0      0        0
..................................................................


WIND (MPH)
  HIGHEST WIND SPEED    10   HIGHEST WIND DIRECTION     W (270)
  HIGHEST GUST SPEED    16   HIGHEST GUST DIRECTION     W (260)
  AVERAGE WIND SPEED     4.9


SKY COVER
  POSSIBLE SUNSHINE  MM
  AVERAGE SKY COVER 0.3


WEATHER CONDITIONS
 THE FOLLOWING WEATHER WAS RECORDED YESTERDAY.
  FOG
  HAZE


RELATIVE HUMIDITY (PERCENT)
 HIGHEST    92           400 AM
 LOWEST     62           200 PM
 AVERAGE    77

..........................................................


THE MILWAUKEE WI CLIMATE NORMALS FOR TODAY
                         NORMAL    RECORD    YEAR
 MAXIMUM TEMPERATURE (F)   30        49      1992
 MINIMUM TEMPERATURE (F)   16       -20      1996


SUNRISE AND SUNSET
FEBRUARY  2 2016......SUNRISE   706 AM CST   SUNSET   505 PM CST
FEBRUARY  3 2016......SUNRISE   705 AM CST   SUNSET   506 PM CST


-  INDICATES NEGATIVE NUMBERS.
R  INDICATES RECORD WAS SET OR TIED.
MM INDICATES DATA IS MISSING.
T  INDICATES TRACE AMOUNT.




$$
