000
CDUS43 KMKX 060045
CLIMKE


CLIMATE REPORT
NATIONAL WEATHER SERVICE IN MILWAUKEE
742 PM CDT SAT APR 5 2014


...................................

...THE MILWAUKEE WI CLIMATE SUMMARY FOR APRIL 5 2014...
VALID TODAY AS OF 0700 PM LOCAL TIME.

CLIMATE NORMAL PERIOD 1981 TO 2010
CLIMATE RECORD PERIOD 1871 TO 2014


WEATHER ITEM   OBSERVED TIME   RECORD YEAR NORMAL DEPARTURE LAST
                VALUE   (LST)  VALUE       VALUE  FROM      YEAR
                                                  NORMAL
..................................................................
TEMPERATURE (F)
 TODAY
  MAXIMUM         49   1151 AM  79    1929  50     -1       42
  MINIMUM         30    600 AM  14    1881  34     -4       33
  AVERAGE         40                        42     -2       38

PRECIPITATION (IN)
  TODAY            0.00          1.00 1982   0.11  -0.11     0.00
  MONTH TO DATE    0.09                      0.56  -0.47     0.00
  SINCE MAR 1      1.21                      2.83  -1.62     1.63
  SINCE JAN 1      3.95                      6.24  -2.29     7.83

SNOWFALL (IN)
  TODAY            0.0           8.6  1982   0.1   -0.1      0.0
  MONTH TO DATE    T                         0.6   -0.6      0.0
  SINCE MAR 1      6.3                       7.6   -1.3      7.4
  SINCE JUL 1     63.1                      45.4   17.7     44.6
  SNOW DEPTH       0

DEGREE DAYS
 HEATING
  TODAY           25                        23      2       27
  MONTH TO DATE  138                       120     18      146
  SINCE MAR 1   1248                      1049    199     1221
  SINCE JUL 1   6904                      6029    875     5946

 COOLING
  TODAY            0                         0      0        0
  MONTH TO DATE    0                         0      0        0
  SINCE MAR 1      0                         0      0        0
  SINCE JAN 1      0                         0      0        0
..................................................................


WIND (MPH)
  HIGHEST WIND SPEED    20   HIGHEST WIND DIRECTION    SE (140)
  HIGHEST GUST SPEED    22   HIGHEST GUST DIRECTION    SE (130)
  AVERAGE WIND SPEED     9.4


SKY COVER
  POSSIBLE SUNSHINE  MM
  AVERAGE SKY COVER 0.3


WEATHER CONDITIONS
 THE FOLLOWING WEATHER WAS RECORDED TODAY.
  NO SIGNIFICANT WEATHER WAS OBSERVED.


RELATIVE HUMIDITY (PERCENT)
 HIGHEST    78           600 AM
 LOWEST     31          1200 PM
 AVERAGE    55

..........................................................


THE MILWAUKEE WI CLIMATE NORMALS FOR TOMORROW
                         NORMAL    RECORD    YEAR
 MAXIMUM TEMPERATURE (F)   50        85      1991
 MINIMUM TEMPERATURE (F)   34        16      1982


SUNRISE AND SUNSET
APRIL  5 2014.........SUNRISE   627 AM CDT   SUNSET   723 PM CDT
APRIL  6 2014.........SUNRISE   625 AM CDT   SUNSET   724 PM CDT


-  INDICATES NEGATIVE NUMBERS.
R  INDICATES RECORD WAS SET OR TIED.
MM INDICATES DATA IS MISSING.
T  INDICATES TRACE AMOUNT.




$$

HAHN
