000
CDUS43 KMKX 282140
CLIMKE


CLIMATE REPORT
NATIONAL WEATHER SERVICE IN MILWAUKEE
440 PM CDT THU SEP 28 2017


...................................

...THE MILWAUKEE WI CLIMATE SUMMARY FOR SEPTEMBER 28 2017...
VALID TODAY AS OF 0400 PM LOCAL TIME.

CLIMATE NORMAL PERIOD 1981 TO 2010
CLIMATE RECORD PERIOD 1871 TO 2017


WEATHER ITEM   OBSERVED TIME   RECORD YEAR NORMAL DEPARTURE LAST
                VALUE   (LST)  VALUE       VALUE  FROM      YEAR
                                                  NORMAL
..................................................................
TEMPERATURE (F)
 TODAY
  MAXIMUM         73    259 PM  88    1952  66      7       62
                                      1939
  MINIMUM         51    356 AM  28    1942  50      1       50
  AVERAGE         62                        58      4       56

PRECIPITATION (IN)
  TODAY            0.00          1.56 1973   0.11  -0.11     0.03
  MONTH TO DATE    0.85                      2.99  -2.14     3.73
  SINCE SEP 1      0.85                      2.99  -2.14     3.73
  SINCE JAN 1     28.17                     27.17   1.00    21.39

SNOWFALL (IN)
  TODAY            0.0           0.0    MM   0.0    0.0      0.0
  MONTH TO DATE    0.0                       0.0    0.0      0.0
  SINCE SEP 1      0.0                       0.0    0.0      0.0
  SINCE JUL 1      0.0                       0.0    0.0      0.0
  SNOW DEPTH       0

DEGREE DAYS
 HEATING
  TODAY            3                         8     -5        9
  MONTH TO DATE   50                       109    -59       20
  SINCE SEP 1     50                       109    -59       20
  SINCE JUL 1     59                       135    -76       22

 COOLING
  TODAY            0                         1     -1        0
  MONTH TO DATE  135                        68     67      141
  SINCE SEP 1    135                        68     67      141
  SINCE JAN 1    745                       633    112      977
..................................................................


WIND (MPH)
  HIGHEST WIND SPEED    14   HIGHEST WIND DIRECTION     W (250)
  HIGHEST GUST SPEED    18   HIGHEST GUST DIRECTION     W (250)
  AVERAGE WIND SPEED     6.5


SKY COVER
  POSSIBLE SUNSHINE  MM
  AVERAGE SKY COVER 0.2


WEATHER CONDITIONS
 THE FOLLOWING WEATHER WAS RECORDED TODAY.
  NO SIGNIFICANT WEATHER WAS OBSERVED.


RELATIVE HUMIDITY (PERCENT)
 HIGHEST    83           500 AM
 LOWEST     38           100 PM
 AVERAGE    61

..........................................................


THE MILWAUKEE WI CLIMATE NORMALS FOR TOMORROW
                         NORMAL    RECORD    YEAR
 MAXIMUM TEMPERATURE (F)   66        91      1953
 MINIMUM TEMPERATURE (F)   49        31      1961
                                             1942


SUNRISE AND SUNSET
SEPTEMBER 28 2017.....SUNRISE   646 AM CDT   SUNSET   638 PM CDT
SEPTEMBER 29 2017.....SUNRISE   647 AM CDT   SUNSET   636 PM CDT


-  INDICATES NEGATIVE NUMBERS.
R  INDICATES RECORD WAS SET OR TIED.
MM INDICATES DATA IS MISSING.
T  INDICATES TRACE AMOUNT.




$$
