000
CDUS43 KMKX 180653
CLIMKE


CLIMATE REPORT
NATIONAL WEATHER SERVICE IN MILWAUKEE
153 AM CDT TUE APR 18 2017


...................................

...THE MILWAUKEE WI CLIMATE SUMMARY FOR APRIL 17 2017...

CLIMATE NORMAL PERIOD 1981 TO 2010
CLIMATE RECORD PERIOD 1871 TO 2017


WEATHER ITEM   OBSERVED TIME   RECORD YEAR NORMAL DEPARTURE LAST
                VALUE   (LST)  VALUE       VALUE  FROM      YEAR
                                                  NORMAL
..................................................................
TEMPERATURE (F)
 YESTERDAY
  MAXIMUM         57   1208 AM  84    1976  54      3       67
  MINIMUM         39    856 PM  14    1875  38      1       42
  AVERAGE         48                        46      2       55

PRECIPITATION (IN)
  YESTERDAY        0.00          1.24 1896   0.12  -0.12     0.00
  MONTH TO DATE    3.27                      2.06   1.21     1.01
  SINCE MAR 1      6.99                      4.33   2.66     4.35
  SINCE JAN 1     11.00                      7.74   3.26     5.66

SNOWFALL (IN)
  YESTERDAY        0.0           2.5  1965   0.1   -0.1      0.0
  MONTH TO DATE    0.0                       1.6   -1.6      3.4
  SINCE MAR 1     13.6                       8.6    5.0     10.0
  SINCE JUL 1     37.6                      46.4   -8.8     39.1
  SNOW DEPTH       0

DEGREE DAYS
 HEATING
  YESTERDAY       17                        19     -2       10
  MONTH TO DATE  248                       372   -124      421
  SINCE MAR 1   1135                      1301   -166     1185
  SINCE JUL 1   5134                      6281  -1147     5404

 COOLING
  YESTERDAY        0                         0      0        0
  MONTH TO DATE    2                         0      2        0
  SINCE MAR 1      2                         0      2        0
  SINCE JAN 1      2                         0      2        0
..................................................................


WIND (MPH)
  HIGHEST WIND SPEED    18   HIGHEST WIND DIRECTION     N (20)
  HIGHEST GUST SPEED    23   HIGHEST GUST DIRECTION     N (20)
  AVERAGE WIND SPEED     9.6


SKY COVER
  POSSIBLE SUNSHINE  MM
  AVERAGE SKY COVER 0.4


WEATHER CONDITIONS
 THE FOLLOWING WEATHER WAS RECORDED YESTERDAY.
  FOG
  HAZE


RELATIVE HUMIDITY (PERCENT)
 HIGHEST    89           800 AM
 LOWEST     36          1200 AM
 AVERAGE    63

..........................................................


THE MILWAUKEE WI CLIMATE NORMALS FOR TODAY
                         NORMAL    RECORD    YEAR
 MAXIMUM TEMPERATURE (F)   55        88      2002
 MINIMUM TEMPERATURE (F)   38        23      1983


SUNRISE AND SUNSET
APRIL 18 2017.........SUNRISE   605 AM CDT   SUNSET   738 PM CDT
APRIL 19 2017.........SUNRISE   603 AM CDT   SUNSET   739 PM CDT


-  INDICATES NEGATIVE NUMBERS.
R  INDICATES RECORD WAS SET OR TIED.
MM INDICATES DATA IS MISSING.
T  INDICATES TRACE AMOUNT.




$$
