000
CDUS43 KMKX 200709
CLIMKE


CLIMATE REPORT
NATIONAL WEATHER SERVICE IN MILWAUKEE
107 AM CST SAT DEC 20 2014


...................................

...THE MILWAUKEE WI CLIMATE SUMMARY FOR DECEMBER 19 2014...

CLIMATE NORMAL PERIOD 1981 TO 2010
CLIMATE RECORD PERIOD 1871 TO 2014


WEATHER ITEM   OBSERVED TIME   RECORD YEAR NORMAL DEPARTURE LAST
                VALUE   (LST)  VALUE       VALUE  FROM      YEAR
                                                  NORMAL
..................................................................
TEMPERATURE (F)
 YESTERDAY
  MAXIMUM         31    430 PM  55    1877  32     -1       35
  MINIMUM         25    627 AM -22    1884  19      6       25
  AVERAGE         28                        25      3       30

PRECIPITATION (IN)
  YESTERDAY        T             1.02 1987   0.06  -0.06     0.07
  MONTH TO DATE    0.34                      1.34  -1.00     0.84
  SINCE DEC 1      0.34                      1.34  -1.00     0.84
  SINCE JAN 1     31.42                     34.06  -2.64    39.07

SNOWFALL (IN)
  YESTERDAY        T            11.4  2008   0.4   -0.4      0.0
  MONTH TO DATE    0.5                       6.0   -5.5      7.3
  SINCE DEC 1      0.5                       6.0   -5.5      7.3
  SINCE JUL 1      5.3                       8.7   -3.4      9.3
  SNOW DEPTH       0

DEGREE DAYS
 HEATING
  YESTERDAY       37                        40     -3       35
  MONTH TO DATE  630                       701    -71      822
  SINCE DEC 1    630                       701    -71      822
  SINCE JUL 1   2201                      2066    135     2197

 COOLING
  YESTERDAY        0                         0      0        0
  MONTH TO DATE    0                         0      0        0
  SINCE DEC 1      0                         0      0        0
  SINCE JAN 1    464                       641   -177      688
..................................................................


WIND (MPH)
  HIGHEST WIND SPEED    10   HIGHEST WIND DIRECTION     W (290)
  HIGHEST GUST SPEED    12   HIGHEST GUST DIRECTION     W (290)
  AVERAGE WIND SPEED     5.2


SKY COVER
  POSSIBLE SUNSHINE  MM
  AVERAGE SKY COVER 0.8


WEATHER CONDITIONS
 THE FOLLOWING WEATHER WAS RECORDED YESTERDAY.
  LIGHT SNOW


RELATIVE HUMIDITY (PERCENT)
 HIGHEST    69           200 AM
 LOWEST     58          1200 PM
 AVERAGE    64

..........................................................


THE MILWAUKEE WI CLIMATE NORMALS FOR TODAY
                         NORMAL    RECORD    YEAR
 MAXIMUM TEMPERATURE (F)   31        63      1877
 MINIMUM TEMPERATURE (F)   19       -12      1963
                                             1924
                                             1871


SUNRISE AND SUNSET
DECEMBER 20 2014......SUNRISE   719 AM CST   SUNSET   420 PM CST
DECEMBER 21 2014......SUNRISE   719 AM CST   SUNSET   420 PM CST


-  INDICATES NEGATIVE NUMBERS.
R  INDICATES RECORD WAS SET OR TIED.
MM INDICATES DATA IS MISSING.
T  INDICATES TRACE AMOUNT.




$$
