000
CDUS43 KMKX 240659
CLIMKE


CLIMATE REPORT
NATIONAL WEATHER SERVICE IN MILWAUKEE
1259 AM CST FRI NOV 24 2017


...................................

...THE MILWAUKEE WI CLIMATE SUMMARY FOR NOVEMBER 23 2017...

CLIMATE NORMAL PERIOD 1981 TO 2010
CLIMATE RECORD PERIOD 1871 TO 2017


WEATHER ITEM   OBSERVED TIME   RECORD YEAR NORMAL DEPARTURE LAST
                VALUE   (LST)  VALUE       VALUE  FROM      YEAR
                                                  NORMAL
..................................................................
TEMPERATURE (F)
 YESTERDAY
  MAXIMUM         45    340 PM  65    1931  42      3       45
  MINIMUM         32    109 AM  -4    1950  29      3       41
  AVERAGE         39                        35      4       43

PRECIPITATION (IN)
  YESTERDAY        0.00          0.99 1983   0.09  -0.09     0.19
  MONTH TO DATE    1.37                      2.10  -0.73     0.71
  SINCE SEP 1      6.31                      7.93  -1.62     8.57
  SINCE JAN 1     33.63                     32.11   1.52    26.23

SNOWFALL (IN)
  YESTERDAY        0.0           2.2  2005   0.2   -0.2      0.0
  MONTH TO DATE    0.2                       1.3   -1.1       T
  SINCE SEP 1      0.2                       1.6   -1.4       T
  SINCE JUL 1      0.2                       1.6   -1.4       T
  SNOW DEPTH       0

DEGREE DAYS
 HEATING
  YESTERDAY       26                        30     -4       22
  MONTH TO DATE  628                       560     68      363
  SINCE SEP 1    954                      1119   -165      663
  SINCE JUL 1    963                      1145   -182      665

 COOLING
  YESTERDAY        0                         0      0        0
  MONTH TO DATE    0                         0      0        3
  SINCE SEP 1    162                        76     86      155
  SINCE JAN 1    772                       641    131      991
..................................................................


WIND (MPH)
  HIGHEST WIND SPEED    16   HIGHEST WIND DIRECTION    SW (220)
  HIGHEST GUST SPEED    19   HIGHEST GUST DIRECTION    SW (220)
  AVERAGE WIND SPEED     8.1


SKY COVER
  POSSIBLE SUNSHINE  MM
  AVERAGE SKY COVER 0.5


WEATHER CONDITIONS
 THE FOLLOWING WEATHER WAS RECORDED YESTERDAY.
  NO SIGNIFICANT WEATHER WAS OBSERVED.


RELATIVE HUMIDITY (PERCENT)
 HIGHEST    64           800 PM
 LOWEST     41           100 PM
 AVERAGE    53

..........................................................


THE MILWAUKEE WI CLIMATE NORMALS FOR TODAY
                         NORMAL    RECORD    YEAR
 MAXIMUM TEMPERATURE (F)   42        65      1931
 MINIMUM TEMPERATURE (F)   28        -5      1950


SUNRISE AND SUNSET
NOVEMBER 24 2017......SUNRISE   655 AM CST   SUNSET   421 PM CST
NOVEMBER 25 2017......SUNRISE   656 AM CST   SUNSET   421 PM CST


-  INDICATES NEGATIVE NUMBERS.
R  INDICATES RECORD WAS SET OR TIED.
MM INDICATES DATA IS MISSING.
T  INDICATES TRACE AMOUNT.




$$
