000
CDUS43 KMKX 220041
CLIMKE


CLIMATE REPORT
NATIONAL WEATHER SERVICE IN MILWAUKEE
641 PM CST MON NOV 21 2016


...................................

...THE MILWAUKEE WI CLIMATE SUMMARY FOR NOVEMBER 21 2016...
VALID TODAY AS OF 0600 PM LOCAL TIME.

CLIMATE NORMAL PERIOD 1981 TO 2010
CLIMATE RECORD PERIOD 1871 TO 2016


WEATHER ITEM   OBSERVED TIME   RECORD YEAR NORMAL DEPARTURE LAST
                VALUE   (LST)  VALUE       VALUE  FROM      YEAR
                                                  NORMAL
..................................................................
TEMPERATURE (F)
 TODAY
  MAXIMUM         36    255 PM  70    1913  43     -7       33
  MINIMUM         24    648 AM  -3    1880  30     -6       20
  AVERAGE         30                        36     -6       27

PRECIPITATION (IN)
  TODAY            0.00          1.41 1906   0.09  -0.09     0.30
  MONTH TO DATE    0.52                      1.91  -1.39     2.55
  SINCE SEP 1      8.38                      7.74   0.64     8.89
  SINCE JAN 1     26.04                     31.92  -5.88    26.64

SNOWFALL (IN)
  TODAY            0.0           6.1  2015   0.1   -0.1      6.1
  MONTH TO DATE    T                         1.0   -1.0      6.9
  SINCE SEP 1      T                         1.3   -1.3      6.9
  SINCE JUL 1      T                         1.3   -1.3      6.9
  SNOW DEPTH       0

DEGREE DAYS
 HEATING
  TODAY           35                        29      6       38
  MONTH TO DATE  311                       501   -190      344
  SINCE SEP 1    611                      1060   -449      728
  SINCE JUL 1    613                      1086   -473      776

 COOLING
  TODAY            0                         0      0        0
  MONTH TO DATE    3                         0      3        0
  SINCE SEP 1    155                        76     79      135
  SINCE JAN 1    991                       641    350      622
..................................................................


WIND (MPH)
  HIGHEST WIND SPEED    12   HIGHEST WIND DIRECTION    NW (330)
  HIGHEST GUST SPEED    14   HIGHEST GUST DIRECTION     N (350)
  AVERAGE WIND SPEED     5.8


SKY COVER
  POSSIBLE SUNSHINE  MM
  AVERAGE SKY COVER 0.2


WEATHER CONDITIONS
 THE FOLLOWING WEATHER WAS RECORDED TODAY.
  NO SIGNIFICANT WEATHER WAS OBSERVED.


RELATIVE HUMIDITY (PERCENT)
 HIGHEST    69           500 PM
 LOWEST     52          1200 PM
 AVERAGE    61

..........................................................


THE MILWAUKEE WI CLIMATE NORMALS FOR TOMORROW
                         NORMAL    RECORD    YEAR
 MAXIMUM TEMPERATURE (F)   43        66      1913
 MINIMUM TEMPERATURE (F)   29         1      1880


SUNRISE AND SUNSET
NOVEMBER 21 2016......SUNRISE   652 AM CST   SUNSET   423 PM CST
NOVEMBER 22 2016......SUNRISE   653 AM CST   SUNSET   422 PM CST


-  INDICATES NEGATIVE NUMBERS.
R  INDICATES RECORD WAS SET OR TIED.
MM INDICATES DATA IS MISSING.
T  INDICATES TRACE AMOUNT.




$$
