000
CDUS43 KMKX 070648
CLIMKE


CLIMATE REPORT
NATIONAL WEATHER SERVICE IN MILWAUKEE
1248 AM CST SUN JAN 7 2018


...................................

...THE MILWAUKEE WI CLIMATE SUMMARY FOR JANUARY 6 2018...

CLIMATE NORMAL PERIOD 1981 TO 2010
CLIMATE RECORD PERIOD 1871 TO 2018


WEATHER ITEM   OBSERVED TIME   RECORD YEAR NORMAL DEPARTURE LAST
                VALUE   (LST)  VALUE       VALUE  FROM      YEAR
                                                  NORMAL
..................................................................
TEMPERATURE (F)
 YESTERDAY
  MAXIMUM         14    350 PM  52    2008  29    -15        8
                                      1933
  MINIMUM         -1    755 AM -18    1912  16    -17        0
  AVERAGE          7                        22    -15        4

PRECIPITATION (IN)
  YESTERDAY        0.00          1.82 1918   0.06  -0.06     0.00
  MONTH TO DATE    T                         0.36  -0.36     0.01
  SINCE DEC 1      0.46                      2.40  -1.94     1.94
  SINCE JAN 1      T                         0.36  -0.36     0.01

SNOWFALL (IN)
  YESTERDAY        0.0          15.7  1918   0.4   -0.4      0.0
  MONTH TO DATE    0.1                       2.7   -2.6       T
  SINCE DEC 1      4.7                      13.3   -8.6     18.8
  SINCE JUL 1      4.9                      16.0  -11.1     18.8
  SNOW DEPTH       T

DEGREE DAYS
 HEATING
  YESTERDAY       58                        43     15       61
  MONTH TO DATE  354                       253    101      275
  SINCE DEC 1   1560                      1448    112     1482
  SINCE JUL 1   2665                      2813   -148     2312

 COOLING
  YESTERDAY        0                         0      0        0
  MONTH TO DATE    0                         0      0        0
  SINCE DEC 1      0                         0      0        0
  SINCE JAN 1      0                         0      0        0
..................................................................


WIND (MPH)
  HIGHEST WIND SPEED    14   HIGHEST WIND DIRECTION     S (200)
  HIGHEST GUST SPEED    21   HIGHEST GUST DIRECTION     W (290)
  AVERAGE WIND SPEED     6.8


SKY COVER
  POSSIBLE SUNSHINE  MM
  AVERAGE SKY COVER 0.3


WEATHER CONDITIONS
 THE FOLLOWING WEATHER WAS RECORDED YESTERDAY.
  NO SIGNIFICANT WEATHER WAS OBSERVED.


RELATIVE HUMIDITY (PERCENT)
 HIGHEST    72           600 AM
 LOWEST     46           300 PM
 AVERAGE    59

..........................................................


THE MILWAUKEE WI CLIMATE NORMALS FOR TODAY
                         NORMAL    RECORD    YEAR
 MAXIMUM TEMPERATURE (F)   29        63      2008
 MINIMUM TEMPERATURE (F)   16       -21      1942


SUNRISE AND SUNSET
JANUARY  7 2018.......SUNRISE   722 AM CST   SUNSET   434 PM CST
JANUARY  8 2018.......SUNRISE   722 AM CST   SUNSET   435 PM CST


-  INDICATES NEGATIVE NUMBERS.
R  INDICATES RECORD WAS SET OR TIED.
MM INDICATES DATA IS MISSING.
T  INDICATES TRACE AMOUNT.




$$
