000
CDUS43 KMKX 310700
CLIMKE


CLIMATE REPORT
NATIONAL WEATHER SERVICE IN MILWAUKEE
200 AM CDT TUE OCT 31 2017


...................................

...THE MILWAUKEE WI CLIMATE SUMMARY FOR OCTOBER 30 2017...

CLIMATE NORMAL PERIOD 1981 TO 2010
CLIMATE RECORD PERIOD 1871 TO 2017


WEATHER ITEM   OBSERVED TIME   RECORD YEAR NORMAL DEPARTURE LAST
                VALUE   (LST)  VALUE       VALUE  FROM      YEAR
                                                  NORMAL
..................................................................
TEMPERATURE (F)
 YESTERDAY
  MAXIMUM         49   1112 AM  78    1901  54     -5       54
  MINIMUM         36   1139 PM  18    1925  39     -3       39
  AVERAGE         43                        46     -3       47

PRECIPITATION (IN)
  YESTERDAY        0.02          1.80 1919   0.08  -0.06     0.01
  MONTH TO DATE    4.09                      2.56   1.53     3.56
  SINCE SEP 1      4.94                      5.74  -0.80     7.86
  SINCE JAN 1     32.26                     29.92   2.34    25.52

SNOWFALL (IN)
  YESTERDAY        T             0.8  1923   0.0    0.0      0.0
  MONTH TO DATE    T                         0.3   -0.3      0.0
  SINCE SEP 1      T                         0.3   -0.3      0.0
  SINCE JUL 1      T                         0.3   -0.3      0.0
  SNOW DEPTH       0

DEGREE DAYS
 HEATING
  YESTERDAY       22                        19      3       18
  MONTH TO DATE  236                       415   -179      259
  SINCE SEP 1    299                       541   -242      284
  SINCE JUL 1    308                       567   -259      286

 COOLING
  YESTERDAY        0                         0      0        0
  MONTH TO DATE   27                         3     24       11
  SINCE SEP 1    162                        72     90      152
  SINCE JAN 1    772                       637    135      988
..................................................................


WIND (MPH)
  HIGHEST WIND SPEED    28   HIGHEST WIND DIRECTION     W (270)
  HIGHEST GUST SPEED    37   HIGHEST GUST DIRECTION     W (260)
  AVERAGE WIND SPEED    12.5


SKY COVER
  POSSIBLE SUNSHINE  MM
  AVERAGE SKY COVER 0.8


WEATHER CONDITIONS
 THE FOLLOWING WEATHER WAS RECORDED YESTERDAY.
  LIGHT RAIN
  LIGHT SNOW
  SLEET
  FOG


RELATIVE HUMIDITY (PERCENT)
 HIGHEST    85          1000 PM
 LOWEST     60          1000 AM
 AVERAGE    73

..........................................................


THE MILWAUKEE WI CLIMATE NORMALS FOR TODAY
                         NORMAL    RECORD    YEAR
 MAXIMUM TEMPERATURE (F)   54        80      1950
 MINIMUM TEMPERATURE (F)   38        20      1917


SUNRISE AND SUNSET
OCTOBER 31 2017.......SUNRISE   725 AM CDT   SUNSET   545 PM CDT
NOVEMBER  1 2017......SUNRISE   726 AM CDT   SUNSET   543 PM CDT


-  INDICATES NEGATIVE NUMBERS.
R  INDICATES RECORD WAS SET OR TIED.
MM INDICATES DATA IS MISSING.
T  INDICATES TRACE AMOUNT.




$$
