000
CDUS43 KMKX 100700
CLIMKE


CLIMATE REPORT
NATIONAL WEATHER SERVICE IN MILWAUKEE
200 AM CDT WED SEP 10 2014


...................................

...THE MILWAUKEE WI CLIMATE SUMMARY FOR SEPTEMBER 9 2014...

CLIMATE NORMAL PERIOD 1981 TO 2010
CLIMATE RECORD PERIOD 1871 TO 2014


WEATHER ITEM   OBSERVED TIME   RECORD YEAR NORMAL DEPARTURE LAST
                VALUE   (LST)  VALUE       VALUE  FROM      YEAR
                                                  NORMAL
..................................................................
TEMPERATURE (F)
 YESTERDAY
  MAXIMUM         78    106 PM  96    1955  74      4       84
  MINIMUM         61    538 AM  40    1883  58      3       69
  AVERAGE         70                        66      4       77

PRECIPITATION (IN)
  YESTERDAY        0.00          1.90 1965   0.11  -0.11      T
  MONTH TO DATE    0.29                      0.93  -0.64     0.50
  SINCE SEP 1      0.29                      0.93  -0.64     0.50
  SINCE JAN 1     25.58                     25.11   0.47    30.63

SNOWFALL (IN)
  YESTERDAY        0.0           0.0    MM   0.0    0.0      0.0
  MONTH TO DATE    0.0                       0.0    0.0      0.0
  SINCE SEP 1      0.0                       0.0    0.0      0.0
  SINCE JUL 1      0.0                       0.0    0.0      0.0
  SNOW DEPTH       0

DEGREE DAYS
 HEATING
  YESTERDAY        0                         2     -2        0
  MONTH TO DATE    0                        14    -14        2
  SINCE SEP 1      0                        14    -14        2
  SINCE JUL 1     26                        40    -14       24

 COOLING
  YESTERDAY        5                         3      2       12
  MONTH TO DATE   51                        35     16       48
  SINCE SEP 1     51                        35     16       48
  SINCE JAN 1    452                       600   -148      625
..................................................................


WIND (MPH)
  HIGHEST WIND SPEED    20   HIGHEST WIND DIRECTION    SE (140)
  HIGHEST GUST SPEED    22   HIGHEST GUST DIRECTION    SE (140)
  AVERAGE WIND SPEED     7.7


SKY COVER
  POSSIBLE SUNSHINE  MM
  AVERAGE SKY COVER 0.6


WEATHER CONDITIONS
 THE FOLLOWING WEATHER WAS RECORDED YESTERDAY.
  NO SIGNIFICANT WEATHER WAS OBSERVED.


RELATIVE HUMIDITY (PERCENT)
 HIGHEST    84           300 AM
 LOWEST     60          1100 AM
 AVERAGE    72

..........................................................


THE MILWAUKEE WI CLIMATE NORMALS FOR TODAY
                         NORMAL    RECORD    YEAR
 MAXIMUM TEMPERATURE (F)   74        97      1931
 MINIMUM TEMPERATURE (F)   57        39      1883


SUNRISE AND SUNSET
SEPTEMBER 10 2014.....SUNRISE   626 AM CDT   SUNSET   710 PM CDT
SEPTEMBER 11 2014.....SUNRISE   627 AM CDT   SUNSET   709 PM CDT


-  INDICATES NEGATIVE NUMBERS.
R  INDICATES RECORD WAS SET OR TIED.
MM INDICATES DATA IS MISSING.
T  INDICATES TRACE AMOUNT.




$$
