821
CDUS43 KMKX 110645
CLIMKE


CLIMATE REPORT
NATIONAL WEATHER SERVICE IN MILWAUKEE
1244 AM CST SUN FEB 11 2018


...................................

...THE MILWAUKEE WI CLIMATE SUMMARY FOR FEBRUARY 10 2018...

CLIMATE NORMAL PERIOD 1981 TO 2010
CLIMATE RECORD PERIOD 1871 TO 2018


WEATHER ITEM   OBSERVED TIME   RECORD YEAR NORMAL DEPARTURE LAST
                VALUE   (LST)  VALUE       VALUE  FROM      YEAR
                                                  NORMAL
..................................................................
TEMPERATURE (F)
 YESTERDAY
  MAXIMUM         22    329 PM  59    2009  31     -9       42
  MINIMUM         12    817 AM -22    1899  18     -6       21
  AVERAGE         17                        24     -7       32

PRECIPITATION (IN)
  YESTERDAY        0.01          1.67 1960   0.06  -0.05     0.00
  MONTH TO DATE    0.86                      0.54   0.32     0.17
  SINCE DEC 1      2.94                      4.34  -1.40     4.26
  SINCE JAN 1      2.48                      2.30   0.18     2.33

SNOWFALL (IN)
  YESTERDAY        0.2          16.7  1960   0.3   -0.1      0.0
  MONTH TO DATE   11.9                       3.6    8.3      0.4
  SINCE DEC 1     27.9                      28.9   -1.0     23.3
  SINCE JUL 1     28.1                      31.6   -3.5     23.3
  SNOW DEPTH       6

DEGREE DAYS
 HEATING
  YESTERDAY       48                        40      8       33
  MONTH TO DATE  487                       413     74      400
  SINCE DEC 1   2937                      2933      4     2750
  SINCE JUL 1   4042                      4298   -256     3580

 COOLING
  YESTERDAY        0                         0      0        0
  MONTH TO DATE    0                         0      0        0
  SINCE DEC 1      0                         0      0        0
  SINCE JAN 1      0                         0      0        0
..................................................................


WIND (MPH)
  HIGHEST WIND SPEED    15   HIGHEST WIND DIRECTION    NW (330)
  HIGHEST GUST SPEED    18   HIGHEST GUST DIRECTION    NW (330)
  AVERAGE WIND SPEED     6.0


SKY COVER
  POSSIBLE SUNSHINE  MM
  AVERAGE SKY COVER 0.9


WEATHER CONDITIONS
 THE FOLLOWING WEATHER WAS RECORDED YESTERDAY.
  LIGHT SNOW
  HAZE


RELATIVE HUMIDITY (PERCENT)
 HIGHEST    76           800 AM
 LOWEST     41           300 PM
 AVERAGE    59

..........................................................


THE MILWAUKEE WI CLIMATE NORMALS FOR TODAY
                         NORMAL    RECORD    YEAR
 MAXIMUM TEMPERATURE (F)   31        68      1999
 MINIMUM TEMPERATURE (F)   18       -24      1885


SUNRISE AND SUNSET
FEBRUARY 11 2018......SUNRISE   654 AM CST   SUNSET   518 PM CST
FEBRUARY 12 2018......SUNRISE   653 AM CST   SUNSET   519 PM CST


-  INDICATES NEGATIVE NUMBERS.
R  INDICATES RECORD WAS SET OR TIED.
MM INDICATES DATA IS MISSING.
T  INDICATES TRACE AMOUNT.




$$
