000
CDUS43 KMKX 202046
CLIMKE


CLIMATE REPORT
NATIONAL WEATHER SERVICE IN MILWAUKEE
345 PM CDT SUN JUL 20 2014


...................................

...THE MILWAUKEE WI CLIMATE SUMMARY FOR JULY 20 2014...
VALID TODAY AS OF 0300 PM LOCAL TIME.

CLIMATE NORMAL PERIOD 1981 TO 2010
CLIMATE RECORD PERIOD 1871 TO 2014


WEATHER ITEM   OBSERVED TIME   RECORD YEAR NORMAL DEPARTURE LAST
                VALUE   (LST)  VALUE       VALUE  FROM      YEAR
                                                  NORMAL
..................................................................
TEMPERATURE (F)
 TODAY
  MAXIMUM         80    149 PM 100    1930  80      0       83
                                      1901
  MINIMUM         59    342 AM  50    1880  64     -5       67
  AVERAGE         70                        72     -2       75

PRECIPITATION (IN)
  TODAY            0.00          1.31 1912   0.11  -0.11     0.00
  MONTH TO DATE    1.88                      2.41  -0.53     0.60
  SINCE JUN 1      8.22                      6.31   1.91     6.40
  SINCE JAN 1     19.17                     18.95   0.22    25.91

SNOWFALL (IN)
  TODAY            0.0           0.0    MM   0.0    0.0      0.0
  MONTH TO DATE    0.0                       0.0    0.0      0.0
  SINCE JUN 1      0.0                       0.0    0.0      0.0
  SINCE JUL 1      0.0                       0.0    0.0      0.0
  SNOW DEPTH       0

DEGREE DAYS
 HEATING
  TODAY            0                         0      0        0
  MONTH TO DATE   12                         4      8        3
  SINCE JUN 1     86                        88     -2       90
  SINCE JUL 1     12                         4      8        3

 COOLING
  TODAY            5                         7     -2       10
  MONTH TO DATE   78                       139    -61      210
  SINCE JUN 1    168                       259    -91      309
  SINCE JAN 1    186                       289   -103      348
..................................................................


WIND (MPH)
  HIGHEST WIND SPEED    14   HIGHEST WIND DIRECTION    SW (210)
  HIGHEST GUST SPEED    18   HIGHEST GUST DIRECTION    SW (210)
  AVERAGE WIND SPEED     4.4


SKY COVER
  POSSIBLE SUNSHINE  MM
  AVERAGE SKY COVER 0.4


WEATHER CONDITIONS
 THE FOLLOWING WEATHER WAS RECORDED TODAY.
  NO SIGNIFICANT WEATHER WAS OBSERVED.


RELATIVE HUMIDITY (PERCENT)
 HIGHEST    84           400 AM
 LOWEST     47          1100 AM
 AVERAGE    66

..........................................................


THE MILWAUKEE WI CLIMATE NORMALS FOR TOMORROW
                         NORMAL    RECORD    YEAR
 MAXIMUM TEMPERATURE (F)   80        99      1983
 MINIMUM TEMPERATURE (F)   64        49      1970
                                             1950


SUNRISE AND SUNSET
JULY 20 2014..........SUNRISE   531 AM CDT   SUNSET   825 PM CDT
JULY 21 2014..........SUNRISE   532 AM CDT   SUNSET   824 PM CDT


-  INDICATES NEGATIVE NUMBERS.
R  INDICATES RECORD WAS SET OR TIED.
MM INDICATES DATA IS MISSING.
T  INDICATES TRACE AMOUNT.




$$
