000
CDUS43 KMKX 130649
CLIMKE


CLIMATE REPORT
NATIONAL WEATHER SERVICE IN MILWAUKEE
1248 AM CST MON FEB 13 2017


...................................

...THE MILWAUKEE WI CLIMATE SUMMARY FOR FEBRUARY 12 2017...

CLIMATE NORMAL PERIOD 1981 TO 2010
CLIMATE RECORD PERIOD 1871 TO 2017


WEATHER ITEM   OBSERVED TIME   RECORD YEAR NORMAL DEPARTURE LAST
                VALUE   (LST)  VALUE       VALUE  FROM      YEAR
                                                  NORMAL
..................................................................
TEMPERATURE (F)
 YESTERDAY
  MAXIMUM         45    108 PM  60    1882  32     13       20
  MINIMUM         33   1159 PM -22    1875  19     14        3
  AVERAGE         39                        25     14       12

PRECIPITATION (IN)
  YESTERDAY        T             1.26 1938   0.05  -0.05     0.00
  MONTH TO DATE    0.18                      0.65  -0.47     0.51
  SINCE DEC 1      4.27                      4.45  -0.18     5.02
  SINCE JAN 1      2.34                      2.41  -0.07     1.20

SNOWFALL (IN)
  YESTERDAY        0.0           7.5  2008   0.4   -0.4      0.0
  MONTH TO DATE    0.4                       4.4   -4.0      4.8
  SINCE DEC 1     23.3                      29.7   -6.4     19.3
  SINCE JUL 1     23.3                      32.4   -9.1     26.2
  SNOW DEPTH       0

DEGREE DAYS
 HEATING
  YESTERDAY       26                        40    -14       53
  MONTH TO DATE  451                       493    -42      474
  SINCE DEC 1   2801                      3013   -212     2611
  SINCE JUL 1   3631                      4378   -747     3650

 COOLING
  YESTERDAY        0                         0      0        0
  MONTH TO DATE    0                         0      0        0
  SINCE DEC 1      0                         0      0        0
  SINCE JAN 1      0                         0      0        0
..................................................................


WIND (MPH)
  HIGHEST WIND SPEED    38   HIGHEST WIND DIRECTION    NW (300)
  HIGHEST GUST SPEED    51   HIGHEST GUST DIRECTION     W (290)
  AVERAGE WIND SPEED    15.9


SKY COVER
  POSSIBLE SUNSHINE  MM
  AVERAGE SKY COVER 0.5


WEATHER CONDITIONS
 THE FOLLOWING WEATHER WAS RECORDED YESTERDAY.
  LIGHT RAIN
  FOG
  HAZE


RELATIVE HUMIDITY (PERCENT)
 HIGHEST    89           300 AM
 LOWEST     29           300 PM
 AVERAGE    59

..........................................................


THE MILWAUKEE WI CLIMATE NORMALS FOR TODAY
                         NORMAL    RECORD    YEAR
 MAXIMUM TEMPERATURE (F)   32        58      1882
 MINIMUM TEMPERATURE (F)   19       -18      1905
                                             1885


SUNRISE AND SUNSET
FEBRUARY 13 2017......SUNRISE   651 AM CST   SUNSET   521 PM CST
FEBRUARY 14 2017......SUNRISE   650 AM CST   SUNSET   522 PM CST


-  INDICATES NEGATIVE NUMBERS.
R  INDICATES RECORD WAS SET OR TIED.
MM INDICATES DATA IS MISSING.
T  INDICATES TRACE AMOUNT.




$$
