000
CDUS43 KMKX 200649
CLIMKE


CLIMATE REPORT
NATIONAL WEATHER SERVICE IN MILWAUKEE
1249 AM CST TUE JAN 20 2015


...................................

...THE MILWAUKEE WI CLIMATE SUMMARY FOR JANUARY 19 2015...

CLIMATE NORMAL PERIOD 1981 TO 2010
CLIMATE RECORD PERIOD 1871 TO 2015


WEATHER ITEM   OBSERVED TIME   RECORD YEAR NORMAL DEPARTURE LAST
                VALUE   (LST)  VALUE       VALUE  FROM      YEAR
                                                  NORMAL
..................................................................
TEMPERATURE (F)
 YESTERDAY
  MAXIMUM         36    121 AM  51    1933  29      7       34
  MINIMUM         32    808 PM -22    1985  15     17       11
  AVERAGE         34                        22     12       23

PRECIPITATION (IN)
  YESTERDAY        T             1.54 1988   0.05  -0.05     0.00
  MONTH TO DATE    0.68                      1.12  -0.44     0.86
  SINCE DEC 1      1.71                      3.16  -1.45     2.65
  SINCE JAN 1      0.68                      1.12  -0.44     0.86

SNOWFALL (IN)
  YESTERDAY        T             5.4  1920   0.5   -0.5      0.0
  MONTH TO DATE   10.6                       9.3    1.3     11.9
  SINCE DEC 1     11.1                      19.9   -8.8     31.2
  SINCE JUL 1     15.9                      22.6   -6.7     33.2
  SNOW DEPTH       T

DEGREE DAYS
 HEATING
  YESTERDAY       31                        43    -12       42
  MONTH TO DATE  877                       812     65      917
  SINCE DEC 1   1913                      2007    -94     2275
  SINCE JUL 1   3484                      3372    112     3650

 COOLING
  YESTERDAY        0                         0      0        0
  MONTH TO DATE    0                         0      0        0
  SINCE DEC 1      0                         0      0        0
  SINCE JAN 1      0                         0      0        0
..................................................................


WIND (MPH)
  HIGHEST WIND SPEED    12   HIGHEST WIND DIRECTION    NE (30)
  HIGHEST GUST SPEED    16   HIGHEST GUST DIRECTION     N (20)
  AVERAGE WIND SPEED     6.3


SKY COVER
  POSSIBLE SUNSHINE  MM
  AVERAGE SKY COVER 1.0


WEATHER CONDITIONS
 THE FOLLOWING WEATHER WAS RECORDED YESTERDAY.
  LIGHT SNOW
  HAZE


RELATIVE HUMIDITY (PERCENT)
 HIGHEST    82           400 AM
 LOWEST     69          1000 AM
 AVERAGE    76

..........................................................


THE MILWAUKEE WI CLIMATE NORMALS FOR TODAY
                         NORMAL    RECORD    YEAR
 MAXIMUM TEMPERATURE (F)   29        61      1906
 MINIMUM TEMPERATURE (F)   15       -25      1985


SUNRISE AND SUNSET
JANUARY 20 2015.......SUNRISE   717 AM CST   SUNSET   448 PM CST
JANUARY 21 2015.......SUNRISE   716 AM CST   SUNSET   450 PM CST


-  INDICATES NEGATIVE NUMBERS.
R  INDICATES RECORD WAS SET OR TIED.
MM INDICATES DATA IS MISSING.
T  INDICATES TRACE AMOUNT.




$$
