000
CDUS43 KMKX 210656
CLIMKE


CLIMATE REPORT
NATIONAL WEATHER SERVICE IN MILWAUKEE
1254 AM CST FRI NOV 21 2014


...................................

...THE MILWAUKEE WI CLIMATE SUMMARY FOR NOVEMBER 20 2014...

CLIMATE NORMAL PERIOD 1981 TO 2010
CLIMATE RECORD PERIOD 1871 TO 2014


WEATHER ITEM   OBSERVED TIME   RECORD YEAR NORMAL DEPARTURE LAST
                VALUE   (LST)  VALUE       VALUE  FROM      YEAR
                                                  NORMAL
..................................................................
TEMPERATURE (F)
 YESTERDAY
  MAXIMUM         25    214 PM  66    1897  44    -19       43
  MINIMUM         14   1159 PM   8    1880  30    -16       32
  AVERAGE         20                        37    -17       38

PRECIPITATION (IN)
  YESTERDAY        0.00          1.39 1931   0.09  -0.09     0.06
  MONTH TO DATE    0.60                      1.82  -1.22     2.92
  SINCE SEP 1      4.55                      7.65  -3.10     8.05
  SINCE JAN 1     29.84                     31.83  -1.99    38.18

SNOWFALL (IN)
  YESTERDAY        0.0           2.0  1981   0.1   -0.1      0.0
  MONTH TO DATE    2.1                       0.9    1.2      1.2
  SINCE SEP 1      2.2                       1.2    1.0      1.2
  SINCE JUL 1      2.2                       1.2    1.0      1.2
  SNOW DEPTH       T

DEGREE DAYS
 HEATING
  YESTERDAY       45                        28     17       27
  MONTH TO DATE  628                       472    156      462
  SINCE SEP 1   1204                      1031    173      980
  SINCE JUL 1   1230                      1057    173     1002

 COOLING
  YESTERDAY        0                         0      0        0
  MONTH TO DATE    0                         0      0        0
  SINCE SEP 1     63                        76    -13      111
  SINCE JAN 1    464                       641   -177      688
..................................................................


WIND (MPH)
  HIGHEST WIND SPEED    23   HIGHEST WIND DIRECTION     W (280)
  HIGHEST GUST SPEED    32   HIGHEST GUST DIRECTION     W (270)
  AVERAGE WIND SPEED    13.6


SKY COVER
  POSSIBLE SUNSHINE  MM
  AVERAGE SKY COVER 0.1


WEATHER CONDITIONS
 THE FOLLOWING WEATHER WAS RECORDED YESTERDAY.
  HAZE


RELATIVE HUMIDITY (PERCENT)
 HIGHEST    67           100 AM
 LOWEST     34           400 PM
 AVERAGE    51

..........................................................


THE MILWAUKEE WI CLIMATE NORMALS FOR TODAY
                         NORMAL    RECORD    YEAR
 MAXIMUM TEMPERATURE (F)   43        70      1913
 MINIMUM TEMPERATURE (F)   30        -3      1880


SUNRISE AND SUNSET
NOVEMBER 21 2014......SUNRISE   651 AM CST   SUNSET   423 PM CST
NOVEMBER 22 2014......SUNRISE   653 AM CST   SUNSET   423 PM CST


-  INDICATES NEGATIVE NUMBERS.
R  INDICATES RECORD WAS SET OR TIED.
MM INDICATES DATA IS MISSING.
T  INDICATES TRACE AMOUNT.




$$
