000
CDUS43 KMKX 122041
CLIMKE


CLIMATE REPORT
NATIONAL WEATHER SERVICE IN MILWAUKEE
341 PM CDT TUE JUL 12 2016


...................................

...THE MILWAUKEE WI CLIMATE SUMMARY FOR JULY 12 2016...
VALID TODAY AS OF 0300 PM LOCAL TIME.

CLIMATE NORMAL PERIOD 1981 TO 2010
CLIMATE RECORD PERIOD 1871 TO 2016


WEATHER ITEM   OBSERVED TIME   RECORD YEAR NORMAL DEPARTURE LAST
                VALUE   (LST)  VALUE       VALUE  FROM      YEAR
                                                  NORMAL
..................................................................
TEMPERATURE (F)
 TODAY
  MAXIMUM         88    159 PM  97    1930  80      8       77
  MINIMUM         76    549 AM  50    1975  64     12       63
  AVERAGE         82                        72     10       70

PRECIPITATION (IN)
  TODAY            0.00          1.95 1956   0.12  -0.12     0.00
  MONTH TO DATE    0.15                      1.49  -1.34     0.47
  SINCE JUN 1      3.64                      5.39  -1.75     2.96
  SINCE JAN 1     12.46                     18.03  -5.57    13.16

SNOWFALL (IN)
  TODAY            0.0           0.0    MM   0.0    0.0      0.0
  MONTH TO DATE    0.0                       0.0    0.0      0.0
  SINCE JUN 1      0.0                       0.0    0.0      0.0
  SINCE JUL 1      0.0                       0.0    0.0      0.0
  SNOW DEPTH       0

DEGREE DAYS
 HEATING
  TODAY            0                         0      0        0
  MONTH TO DATE    2                         4     -2       26
  SINCE JUN 1     31                        88    -57      128
  SINCE JUL 1      2                         4     -2       26

 COOLING
  TODAY           17                         7     10        5
  MONTH TO DATE   89                        83      6       35
  SINCE JUN 1    240                       203     37      108
  SINCE JAN 1    285                       233     52      134
..................................................................


WIND (MPH)
  HIGHEST WIND SPEED    21   HIGHEST WIND DIRECTION    SW (210)
  HIGHEST GUST SPEED    28   HIGHEST GUST DIRECTION    SW (220)
  AVERAGE WIND SPEED    14.7


SKY COVER
  POSSIBLE SUNSHINE  MM
  AVERAGE SKY COVER 0.5


WEATHER CONDITIONS
 THE FOLLOWING WEATHER WAS RECORDED TODAY.
  NO SIGNIFICANT WEATHER WAS OBSERVED.


RELATIVE HUMIDITY (PERCENT)
 HIGHEST    79           700 AM
 LOWEST     43           100 PM
 AVERAGE    61

..........................................................


THE MILWAUKEE WI CLIMATE NORMALS FOR TOMORROW
                         NORMAL    RECORD    YEAR
 MAXIMUM TEMPERATURE (F)   80       103      1995
 MINIMUM TEMPERATURE (F)   64        52      1967
                                             1888
                                             1883


SUNRISE AND SUNSET
JULY 12 2016..........SUNRISE   524 AM CDT   SUNSET   830 PM CDT
JULY 13 2016..........SUNRISE   525 AM CDT   SUNSET   829 PM CDT


-  INDICATES NEGATIVE NUMBERS.
R  INDICATES RECORD WAS SET OR TIED.
MM INDICATES DATA IS MISSING.
T  INDICATES TRACE AMOUNT.




$$
