000
CDUS43 KMKX 130644
CLIMKE


CLIMATE REPORT
NATIONAL WEATHER SERVICE IN MILWAUKEE
143 AM CDT TUE JUN 13 2017


...................................

...THE MILWAUKEE WI CLIMATE SUMMARY FOR JUNE 12 2017...

CLIMATE NORMAL PERIOD 1981 TO 2010
CLIMATE RECORD PERIOD 1871 TO 2017


WEATHER ITEM   OBSERVED TIME   RECORD YEAR NORMAL DEPARTURE LAST
                VALUE   (LST)  VALUE       VALUE  FROM      YEAR
                                                  NORMAL
..................................................................
TEMPERATURE (F)
 YESTERDAY
  MAXIMUM         94    345 PM  95    1956  74     20       65
  MINIMUM         67   1143 PM  42    1903  56     11       56
  AVERAGE         81                        65     16       61

PRECIPITATION (IN)
  YESTERDAY        0.03          1.18 1972   0.13  -0.10     0.00
  MONTH TO DATE    0.61                      1.54  -0.93     0.45
  SINCE JUN 1      0.61                      1.54  -0.93     0.45
  SINCE JAN 1     17.40                     14.18   3.22     9.27

SNOWFALL (IN)
  YESTERDAY        0.0           0.0    MM   0.0    0.0      0.0
  MONTH TO DATE    0.0                       0.0    0.0      0.0
  SINCE JUN 1      0.0                       0.0    0.0      0.0
  SINCE JUL 1     37.6                      46.9   -9.3     39.1
  SNOW DEPTH       0

DEGREE DAYS
 HEATING
  YESTERDAY        0                         3     -3        4
  MONTH TO DATE    9                        53    -44       23
  SINCE JUN 1      9                        53    -44       23
  SINCE JUL 1   5629                      6863  -1234     5903

 COOLING
  YESTERDAY       16                         3     13        0
  MONTH TO DATE   76                        29     47       44
  SINCE JUN 1     76                        29     47       44
  SINCE JAN 1     97                        59     38       89
..................................................................


WIND (MPH)
  HIGHEST WIND SPEED    30   HIGHEST WIND DIRECTION    NW (310)
  HIGHEST GUST SPEED    40   HIGHEST GUST DIRECTION    NW (310)
  AVERAGE WIND SPEED    13.4


SKY COVER
  POSSIBLE SUNSHINE  MM
  AVERAGE SKY COVER 0.5


WEATHER CONDITIONS
 THE FOLLOWING WEATHER WAS RECORDED YESTERDAY.
  THUNDERSTORM
  LIGHT RAIN
  FOG


RELATIVE HUMIDITY (PERCENT)
 HIGHEST    87          1100 PM
 LOWEST     41           400 PM
 AVERAGE    64

..........................................................


THE MILWAUKEE WI CLIMATE NORMALS FOR TODAY
                         NORMAL    RECORD    YEAR
 MAXIMUM TEMPERATURE (F)   75        95      1956
 MINIMUM TEMPERATURE (F)   56        42      1968


SUNRISE AND SUNSET
JUNE 13 2017..........SUNRISE   512 AM CDT   SUNSET   832 PM CDT
JUNE 14 2017..........SUNRISE   512 AM CDT   SUNSET   832 PM CDT


-  INDICATES NEGATIVE NUMBERS.
R  INDICATES RECORD WAS SET OR TIED.
MM INDICATES DATA IS MISSING.
T  INDICATES TRACE AMOUNT.




$$
