071
CDUS43 KMKX 010652
CLIMKE


CLIMATE REPORT
NATIONAL WEATHER SERVICE IN MILWAUKEE
1250 AM CST MON FEB 1 2016


...................................

...THE MILWAUKEE WI CLIMATE SUMMARY FOR JANUARY 31 2016...

CLIMATE NORMAL PERIOD 1981 TO 2010
CLIMATE RECORD PERIOD 1871 TO 2016


WEATHER ITEM   OBSERVED TIME   RECORD YEAR NORMAL DEPARTURE LAST
                VALUE   (LST)  VALUE       VALUE  FROM      YEAR
                                                  NORMAL
..................................................................
TEMPERATURE (F)
 YESTERDAY
  MAXIMUM         39    337 PM  58    1989  29     10       37
  MINIMUM         34   1159 PM -15    1899  16     18       19
  AVERAGE         37                        23     14       28

PRECIPITATION (IN)
  YESTERDAY        0.19          0.95 1908   0.06   0.13     0.13
  MONTH TO DATE    0.69                      1.76  -1.07     0.91
  SINCE DEC 1      4.51                      3.80   0.71     1.94
  SINCE JAN 1      0.69                      1.76  -1.07     0.91

SNOWFALL (IN)
  YESTERDAY        0.0           6.7  2002   0.5   -0.5      1.1
  MONTH TO DATE    4.9                      14.7   -9.8     13.2
  SINCE DEC 1     14.5                      25.3  -10.8     13.7
  SINCE JUL 1     21.4                      28.0   -6.6     18.5
  SNOW DEPTH       T

DEGREE DAYS
 HEATING
  YESTERDAY       28                        42    -14       37
  MONTH TO DATE 1298                      1326    -28     1311
  SINCE DEC 1   2137                      2520   -383     2347
  SINCE JUL 1   3176                      3885   -709     3918

 COOLING
  YESTERDAY        0                         0      0        0
  MONTH TO DATE    0                         0      0        0
  SINCE DEC 1      0                         0      0        0
  SINCE JAN 1      0                         0      0        0
..................................................................


WIND (MPH)
  HIGHEST WIND SPEED    14   HIGHEST WIND DIRECTION    NW (300)
  HIGHEST GUST SPEED    19   HIGHEST GUST DIRECTION    NW (300)
  AVERAGE WIND SPEED     4.8


SKY COVER
  POSSIBLE SUNSHINE  MM
  AVERAGE SKY COVER 0.9


WEATHER CONDITIONS
 THE FOLLOWING WEATHER WAS RECORDED YESTERDAY.
  LIGHT RAIN
  FOG


RELATIVE HUMIDITY (PERCENT)
 HIGHEST   100           100 PM
 LOWEST     79          1200 AM
 AVERAGE    90

..........................................................


THE MILWAUKEE WI CLIMATE NORMALS FOR TODAY
                         NORMAL    RECORD    YEAR
 MAXIMUM TEMPERATURE (F)   30        49      1968
 MINIMUM TEMPERATURE (F)   16       -13      1918
                                             1883


SUNRISE AND SUNSET
FEBRUARY  1 2016......SUNRISE   707 AM CST   SUNSET   504 PM CST
FEBRUARY  2 2016......SUNRISE   706 AM CST   SUNSET   505 PM CST


-  INDICATES NEGATIVE NUMBERS.
R  INDICATES RECORD WAS SET OR TIED.
MM INDICATES DATA IS MISSING.
T  INDICATES TRACE AMOUNT.




$$
