216
CDUS43 KMKX 140645
CLIMKE


CLIMATE REPORT
NATIONAL WEATHER SERVICE IN MILWAUKEE
145 AM CDT THU MAY 14 2015


...................................

...THE MILWAUKEE WI CLIMATE SUMMARY FOR MAY 13 2015...

CLIMATE NORMAL PERIOD 1981 TO 2010
CLIMATE RECORD PERIOD 1871 TO 2015


WEATHER ITEM   OBSERVED TIME   RECORD YEAR NORMAL DEPARTURE LAST
                VALUE   (LST)  VALUE       VALUE  FROM      YEAR
                                                  NORMAL
..................................................................
TEMPERATURE (F)
 YESTERDAY
  MAXIMUM         49    422 PM  89    1991  64    -15       66
  MINIMUM         37    442 AM  30    1960  46     -9       52
  AVERAGE         43                        55    -12       59

PRECIPITATION (IN)
  YESTERDAY        0.00          2.02 1978   0.10  -0.10     0.01
  MONTH TO DATE    0.85                      1.36  -0.51     1.48
  SINCE MAR 1      6.90                      7.19  -0.29     6.86
  SINCE JAN 1      8.62                     10.60  -1.98     9.60

SNOWFALL (IN)
  YESTERDAY        0.0           T    1895   0.0    0.0      0.0
  MONTH TO DATE    0.0                       0.1   -0.1      0.0
  SINCE MAR 1      4.9                       9.1   -4.2      6.6
  SINCE JUL 1     43.0                      46.9   -3.9     63.4
  SNOW DEPTH       0

DEGREE DAYS
 HEATING
  YESTERDAY       22                        11     11        6
  MONTH TO DATE  129                       163    -34      140
  SINCE MAR 1   1628                      1680    -52     1874
  SINCE JUL 1   6960                      6660    300     7530

 COOLING
  YESTERDAY        0                         1     -1        0
  MONTH TO DATE   11                         3      8        2
  SINCE MAR 1     11                         8      3        2
  SINCE JAN 1     11                         8      3        2
..................................................................


WIND (MPH)
  HIGHEST WIND SPEED    18   HIGHEST WIND DIRECTION    NE (30)
  HIGHEST GUST SPEED    24   HIGHEST GUST DIRECTION    NE (30)
  AVERAGE WIND SPEED     7.0


SKY COVER
  POSSIBLE SUNSHINE  MM
  AVERAGE SKY COVER 0.4


WEATHER CONDITIONS
 THE FOLLOWING WEATHER WAS RECORDED YESTERDAY.
  NO SIGNIFICANT WEATHER WAS OBSERVED.


RELATIVE HUMIDITY (PERCENT)
 HIGHEST    82           300 AM
 LOWEST     46           500 PM
 AVERAGE    64

..........................................................


THE MILWAUKEE WI CLIMATE NORMALS FOR TODAY
                         NORMAL    RECORD    YEAR
 MAXIMUM TEMPERATURE (F)   64        89      2007
 MINIMUM TEMPERATURE (F)   46        31      1895


SUNRISE AND SUNSET
MAY 14 2015...........SUNRISE   530 AM CDT   SUNSET   807 PM CDT
MAY 15 2015...........SUNRISE   529 AM CDT   SUNSET   808 PM CDT


-  INDICATES NEGATIVE NUMBERS.
R  INDICATES RECORD WAS SET OR TIED.
MM INDICATES DATA IS MISSING.
T  INDICATES TRACE AMOUNT.




$$
