000
CDUS43 KMKX 080643
CLIMKE


CLIMATE REPORT
NATIONAL WEATHER SERVICE IN MILWAUKEE
142 AM CDT TUE APR 8 2014


...................................

...THE MILWAUKEE WI CLIMATE SUMMARY FOR APRIL 7 2014...

CLIMATE NORMAL PERIOD 1981 TO 2010
CLIMATE RECORD PERIOD 1871 TO 2014


WEATHER ITEM   OBSERVED TIME   RECORD YEAR NORMAL DEPARTURE LAST
                VALUE   (LST)  VALUE       VALUE  FROM      YEAR
                                                  NORMAL
..................................................................
TEMPERATURE (F)
 YESTERDAY
  MAXIMUM         53    144 PM  83    1871  51      2       53
  MINIMUM         34    351 AM  12    1982  35     -1       35
  AVERAGE         44                        42      2       44

PRECIPITATION (IN)
  YESTERDAY        T             1.91 1893   0.11  -0.11     0.00
  MONTH TO DATE    0.09                      0.79  -0.70     0.05
  SINCE MAR 1      1.21                      3.06  -1.85     1.68
  SINCE JAN 1      3.95                      6.47  -2.52     7.88

SNOWFALL (IN)
  YESTERDAY        0.0           6.6  2000   0.1   -0.1      0.0
  MONTH TO DATE    T                         0.8   -0.8      0.0
  SINCE MAR 1      6.3                       7.8   -1.5      7.4
  SINCE JUL 1     63.1                      45.6   17.5     44.6
  SNOW DEPTH       0

DEGREE DAYS
 HEATING
  YESTERDAY       21                        23     -2       21
  MONTH TO DATE  179                       166     13      184
  SINCE MAR 1   1289                      1095    194     1259
  SINCE JUL 1   6945                      6075    870     5984

 COOLING
  YESTERDAY        0                         0      0        0
  MONTH TO DATE    0                         0      0        0
  SINCE MAR 1      0                         0      0        0
  SINCE JAN 1      0                         0      0        0
..................................................................


WIND (MPH)
  HIGHEST WIND SPEED    12   HIGHEST WIND DIRECTION    NE (60)
  HIGHEST GUST SPEED    15   HIGHEST GUST DIRECTION    NE (50)
  AVERAGE WIND SPEED     3.9


SKY COVER
  POSSIBLE SUNSHINE  MM
  AVERAGE SKY COVER 0.8


WEATHER CONDITIONS
 THE FOLLOWING WEATHER WAS RECORDED YESTERDAY.
  NO SIGNIFICANT WEATHER WAS OBSERVED.


RELATIVE HUMIDITY (PERCENT)
 HIGHEST    70           400 AM
 LOWEST     38           500 PM
 AVERAGE    54

..........................................................


THE MILWAUKEE WI CLIMATE NORMALS FOR TODAY
                         NORMAL    RECORD    YEAR
 MAXIMUM TEMPERATURE (F)   51        77      1871
 MINIMUM TEMPERATURE (F)   35        16      1914


SUNRISE AND SUNSET
APRIL  8 2014.........SUNRISE   622 AM CDT   SUNSET   726 PM CDT
APRIL  9 2014.........SUNRISE   620 AM CDT   SUNSET   727 PM CDT


-  INDICATES NEGATIVE NUMBERS.
R  INDICATES RECORD WAS SET OR TIED.
MM INDICATES DATA IS MISSING.
T  INDICATES TRACE AMOUNT.




$$
