511
CDUS43 KMKX 140659
CLIMKE


CLIMATE REPORT
NATIONAL WEATHER SERVICE IN MILWAUKEE
159 AM CDT SAT OCT 14 2017


...................................

...THE MILWAUKEE WI CLIMATE SUMMARY FOR OCTOBER 13 2017...

CLIMATE NORMAL PERIOD 1981 TO 2010
CLIMATE RECORD PERIOD 1871 TO 2017


WEATHER ITEM   OBSERVED TIME   RECORD YEAR NORMAL DEPARTURE LAST
                VALUE   (LST)  VALUE       VALUE  FROM      YEAR
                                                  NORMAL
..................................................................
TEMPERATURE (F)
 YESTERDAY
  MAXIMUM         67   1223 PM  88    1975  60      7       55
  MINIMUM         58    809 AM  26    1917  44     14       39
  AVERAGE         63                        52     11       47

PRECIPITATION (IN)
  YESTERDAY        0.42          1.27 2014   0.09   0.33     0.00
  MONTH TO DATE    2.24                      1.14   1.10     0.57
  SINCE SEP 1      3.09                      4.32  -1.23     4.87
  SINCE JAN 1     30.41                     28.50   1.91    22.53

SNOWFALL (IN)
  YESTERDAY        0.0           T    1986   0.0    0.0      0.0
  MONTH TO DATE    0.0                       0.1   -0.1      0.0
  SINCE SEP 1      0.0                       0.1   -0.1      0.0
  SINCE JUL 1      0.0                       0.1   -0.1      0.0
  SNOW DEPTH       0

DEGREE DAYS
 HEATING
  YESTERDAY        2                        13    -11       18
  MONTH TO DATE   43                       143   -100       78
  SINCE SEP 1    106                       269   -163      103
  SINCE JUL 1    115                       295   -180      105

 COOLING
  YESTERDAY        0                         0      0        0
  MONTH TO DATE   22                         3     19        2
  SINCE SEP 1    157                        72     85      143
  SINCE JAN 1    767                       637    130      979
..................................................................


WIND (MPH)
  HIGHEST WIND SPEED    15   HIGHEST WIND DIRECTION    SW (220)
  HIGHEST GUST SPEED    19   HIGHEST GUST DIRECTION    SW (210)
  AVERAGE WIND SPEED     6.9


SKY COVER
  POSSIBLE SUNSHINE  MM
  AVERAGE SKY COVER 1.0


WEATHER CONDITIONS
 THE FOLLOWING WEATHER WAS RECORDED YESTERDAY.
  HEAVY RAIN
  RAIN
  LIGHT RAIN
  FOG


RELATIVE HUMIDITY (PERCENT)
 HIGHEST    97           600 PM
 LOWEST     68          1200 PM
 AVERAGE    83

..........................................................


THE MILWAUKEE WI CLIMATE NORMALS FOR TODAY
                         NORMAL    RECORD    YEAR
 MAXIMUM TEMPERATURE (F)   60        87      1897
 MINIMUM TEMPERATURE (F)   44        26      1937


SUNRISE AND SUNSET
OCTOBER 14 2017.......SUNRISE   704 AM CDT   SUNSET   610 PM CDT
OCTOBER 15 2017.......SUNRISE   705 AM CDT   SUNSET   609 PM CDT


-  INDICATES NEGATIVE NUMBERS.
R  INDICATES RECORD WAS SET OR TIED.
MM INDICATES DATA IS MISSING.
T  INDICATES TRACE AMOUNT.




$$
