000
CDUS43 KMKX 260645
CLIMKE


CLIMATE REPORT
NATIONAL WEATHER SERVICE IN MILWAUKEE
1244 AM CST MON JAN 26 2015


...................................

...THE MILWAUKEE WI CLIMATE SUMMARY FOR JANUARY 25 2015...

CLIMATE NORMAL PERIOD 1981 TO 2010
CLIMATE RECORD PERIOD 1871 TO 2015


WEATHER ITEM   OBSERVED TIME   RECORD YEAR NORMAL DEPARTURE LAST
                VALUE   (LST)  VALUE       VALUE  FROM      YEAR
                                                  NORMAL
..................................................................
TEMPERATURE (F)
 YESTERDAY
  MAXIMUM         34   1205 AM  52    1973  29      5       30
                                      1944
  MINIMUM         22   1159 PM -23    1904  16      6        5
  AVERAGE         28                        22      6       18

PRECIPITATION (IN)
  YESTERDAY        T             0.92 1990   0.05  -0.05     0.04
  MONTH TO DATE    0.72                      1.43  -0.71     0.97
  SINCE DEC 1      1.75                      3.47  -1.72     2.76
  SINCE JAN 1      0.72                      1.43  -0.71     0.97

SNOWFALL (IN)
  YESTERDAY        0.2          13.8  1990   0.4   -0.2      0.5
  MONTH TO DATE   11.3                      12.0   -0.7     15.0
  SINCE DEC 1     11.8                      22.6  -10.8     34.3
  SINCE JUL 1     16.6                      25.3   -8.7     36.3
  SNOW DEPTH       T

DEGREE DAYS
 HEATING
  YESTERDAY       37                        43     -6       47
  MONTH TO DATE 1080                      1070     10     1242
  SINCE DEC 1   2116                      2265   -149     2600
  SINCE JUL 1   3687                      3630     57     3975

 COOLING
  YESTERDAY        0                         0      0        0
  MONTH TO DATE    0                         0      0        0
  SINCE DEC 1      0                         0      0        0
  SINCE JAN 1      0                         0      0        0
..................................................................


WIND (MPH)
  HIGHEST WIND SPEED    25   HIGHEST WIND DIRECTION    NE (50)
  HIGHEST GUST SPEED    34   HIGHEST GUST DIRECTION    NE (40)
  AVERAGE WIND SPEED    17.2


SKY COVER
  POSSIBLE SUNSHINE  MM
  AVERAGE SKY COVER 0.8


WEATHER CONDITIONS
 THE FOLLOWING WEATHER WAS RECORDED YESTERDAY.
  LIGHT SNOW


RELATIVE HUMIDITY (PERCENT)
 HIGHEST    85           200 AM
 LOWEST     57          1200 PM
 AVERAGE    71

..........................................................


THE MILWAUKEE WI CLIMATE NORMALS FOR TODAY
                         NORMAL    RECORD    YEAR
 MAXIMUM TEMPERATURE (F)   29        62      1944
 MINIMUM TEMPERATURE (F)   16       -15      1897


SUNRISE AND SUNSET
JANUARY 26 2015.......SUNRISE   713 AM CST   SUNSET   456 PM CST
JANUARY 27 2015.......SUNRISE   712 AM CST   SUNSET   457 PM CST


-  INDICATES NEGATIVE NUMBERS.
R  INDICATES RECORD WAS SET OR TIED.
MM INDICATES DATA IS MISSING.
T  INDICATES TRACE AMOUNT.




$$
