000
CDUS43 KMKX 090654
CLIMKE


CLIMATE REPORT
NATIONAL WEATHER SERVICE IN MILWAUKEE
1253 AM CST FRI FEB 9 2018


...................................

...THE MILWAUKEE WI CLIMATE SUMMARY FOR FEBRUARY 8 2018...

CLIMATE NORMAL PERIOD 1981 TO 2010
CLIMATE RECORD PERIOD 1871 TO 2018


WEATHER ITEM   OBSERVED TIME   RECORD YEAR NORMAL DEPARTURE LAST
                VALUE   (LST)  VALUE       VALUE  FROM      YEAR
                                                  NORMAL
..................................................................
TEMPERATURE (F)
 YESTERDAY
  MAXIMUM         22    248 PM  55    1990  31     -9       30
                                      1925
                                      1900
  MINIMUM          5    257 AM -18    1899  18    -13       14
  AVERAGE         14                        24    -10       22

PRECIPITATION (IN)
  YESTERDAY        0.05          1.47 1900   0.06  -0.01     0.00
  MONTH TO DATE    0.60                      0.43   0.17     0.17
  SINCE DEC 1      2.68                      4.23  -1.55     4.26
  SINCE JAN 1      2.22                      2.19   0.03     2.33

SNOWFALL (IN)
  YESTERDAY        0.6           5.4  1905   0.4    0.2      0.0
  MONTH TO DATE    6.9                       3.0    3.9      0.4
  SINCE DEC 1     22.9                      28.3   -5.4     23.3
  SINCE JUL 1     23.1                      31.0   -7.9     23.3
  SNOW DEPTH       3

DEGREE DAYS
 HEATING
  YESTERDAY       51                        41     10       43
  MONTH TO DATE  393                       332     61      318
  SINCE DEC 1   2843                      2852     -9     2668
  SINCE JUL 1   3948                      4217   -269     3498

 COOLING
  YESTERDAY        0                         0      0        0
  MONTH TO DATE    0                         0      0        0
  SINCE DEC 1      0                         0      0        0
  SINCE JAN 1      0                         0      0        0
..................................................................


WIND (MPH)
  HIGHEST WIND SPEED    14   HIGHEST WIND DIRECTION    SW (230)
  HIGHEST GUST SPEED    21   HIGHEST GUST DIRECTION     W (270)
  AVERAGE WIND SPEED     7.7


SKY COVER
  POSSIBLE SUNSHINE  MM
  AVERAGE SKY COVER 0.7


WEATHER CONDITIONS
 THE FOLLOWING WEATHER WAS RECORDED YESTERDAY.
  LIGHT SNOW
  FOG


RELATIVE HUMIDITY (PERCENT)
 HIGHEST    84          1100 PM
 LOWEST     49          1200 PM
 AVERAGE    67

..........................................................


THE MILWAUKEE WI CLIMATE NORMALS FOR TODAY
                         NORMAL    RECORD    YEAR
 MAXIMUM TEMPERATURE (F)   31        51      1938
                                             1925
 MINIMUM TEMPERATURE (F)   18       -22      1933
                                             1899


SUNRISE AND SUNSET
FEBRUARY  9 2018......SUNRISE   657 AM CST   SUNSET   515 PM CST
FEBRUARY 10 2018......SUNRISE   656 AM CST   SUNSET   516 PM CST


-  INDICATES NEGATIVE NUMBERS.
R  INDICATES RECORD WAS SET OR TIED.
MM INDICATES DATA IS MISSING.
T  INDICATES TRACE AMOUNT.




$$
