056
CDUS43 KMKX 200646
CLIMKE


CLIMATE REPORT
NATIONAL WEATHER SERVICE IN MILWAUKEE
146 AM CDT TUE SEP 20 2016


...................................

...THE MILWAUKEE WI CLIMATE SUMMARY FOR SEPTEMBER 19 2016...

CLIMATE NORMAL PERIOD 1981 TO 2010
CLIMATE RECORD PERIOD 1871 TO 2016


WEATHER ITEM   OBSERVED TIME   RECORD YEAR NORMAL DEPARTURE LAST
                VALUE   (LST)  VALUE       VALUE  FROM      YEAR
                                                  NORMAL
..................................................................
TEMPERATURE (F)
 YESTERDAY
  MAXIMUM         87    155 PM  91    1895  70     17       70
  MINIMUM         64    521 AM  35    1956  54     10       55
  AVERAGE         76                        62     14       63

PRECIPITATION (IN)
  YESTERDAY        0.66          1.44 1997   0.11   0.55     0.88
  MONTH TO DATE    2.44                      2.00   0.44     3.81
  SINCE SEP 1      2.44                      2.00   0.44     3.81
  SINCE JAN 1     20.10                     26.18  -6.08    21.56

SNOWFALL (IN)
  YESTERDAY        0.0           0.0    MM   0.0    0.0      0.0
  MONTH TO DATE    0.0                       0.0    0.0      0.0
  SINCE SEP 1      0.0                       0.0    0.0      0.0
  SINCE JUL 1      0.0                       0.0    0.0      0.0
  SNOW DEPTH       0

DEGREE DAYS
 HEATING
  YESTERDAY        0                         5     -5        2
  MONTH TO DATE    0                        51    -51       22
  SINCE SEP 1      0                        51    -51       22
  SINCE JUL 1      2                        77    -75       70

 COOLING
  YESTERDAY       11                         2      9        0
  MONTH TO DATE  117                        58     59      124
  SINCE SEP 1    117                        58     59      124
  SINCE JAN 1    953                       623    330      611
..................................................................


WIND (MPH)
  HIGHEST WIND SPEED    30   HIGHEST WIND DIRECTION     N (360)
  HIGHEST GUST SPEED    38   HIGHEST GUST DIRECTION     N (360)
  AVERAGE WIND SPEED    10.4


SKY COVER
  POSSIBLE SUNSHINE  MM
  AVERAGE SKY COVER 0.4


WEATHER CONDITIONS
 THE FOLLOWING WEATHER WAS RECORDED YESTERDAY.
  THUNDERSTORM
  HEAVY RAIN
  RAIN
  LIGHT RAIN
  FOG


RELATIVE HUMIDITY (PERCENT)
 HIGHEST    87           900 PM
 LOWEST     26           200 PM
 AVERAGE    57

..........................................................


THE MILWAUKEE WI CLIMATE NORMALS FOR TODAY
                         NORMAL    RECORD    YEAR
 MAXIMUM TEMPERATURE (F)   70        92      1891
 MINIMUM TEMPERATURE (F)   53        30      1956


SUNRISE AND SUNSET
SEPTEMBER 20 2016.....SUNRISE   637 AM CDT   SUNSET   652 PM CDT
SEPTEMBER 21 2016.....SUNRISE   638 AM CDT   SUNSET   650 PM CDT


-  INDICATES NEGATIVE NUMBERS.
R  INDICATES RECORD WAS SET OR TIED.
MM INDICATES DATA IS MISSING.
T  INDICATES TRACE AMOUNT.




$$
