000
CDUS43 KMKX 030642
CLIMKE


CLIMATE REPORT
NATIONAL WEATHER SERVICE IN MILWAUKEE
142 AM CDT MON JUL 3 2017


...................................

...THE MILWAUKEE WI CLIMATE SUMMARY FOR JULY 2 2017...

CLIMATE NORMAL PERIOD 1981 TO 2010
CLIMATE RECORD PERIOD 1871 TO 2017


WEATHER ITEM   OBSERVED TIME   RECORD YEAR NORMAL DEPARTURE LAST
                VALUE   (LST)  VALUE       VALUE  FROM      YEAR
                                                  NORMAL
..................................................................
TEMPERATURE (F)
 YESTERDAY
  MAXIMUM         83   1141 AM  98    1911  80      3       75
  MINIMUM         60   1151 PM  47    2001  62     -2       59
  AVERAGE         72                        71      1       67

PRECIPITATION (IN)
  YESTERDAY        0.28          4.42 2000   0.13   0.15     0.00
  MONTH TO DATE    0.46                      0.26   0.20     0.00
  SINCE JUN 1      5.67                      4.16   1.51     3.49
  SINCE JAN 1     22.46                     16.80   5.66    12.31

SNOWFALL (IN)
  YESTERDAY        0.0           0.0    MM   0.0    0.0      0.0
  MONTH TO DATE    0.0                       0.0    0.0      0.0
  SINCE JUN 1      0.0                       0.0    0.0      0.0
  SINCE JUL 1      0.0                       0.0    0.0      0.0
  SNOW DEPTH       0

DEGREE DAYS
 HEATING
  YESTERDAY        0                         1     -1        0
  MONTH TO DATE    0                         2     -2        1
  SINCE JUN 1     14                        86    -72       30
  SINCE JUL 1      0                         2     -2        1

 COOLING
  YESTERDAY        7                         7      0        2
  MONTH TO DATE   17                        13      4        2
  SINCE JUN 1    199                       133     66      153
  SINCE JAN 1    220                       163     57      198
..................................................................


WIND (MPH)
  HIGHEST WIND SPEED    28   HIGHEST WIND DIRECTION     N (10)
  HIGHEST GUST SPEED    34   HIGHEST GUST DIRECTION     N (10)
  AVERAGE WIND SPEED     7.8


SKY COVER
  POSSIBLE SUNSHINE  MM
  AVERAGE SKY COVER 0.5


WEATHER CONDITIONS
 THE FOLLOWING WEATHER WAS RECORDED YESTERDAY.
  THUNDERSTORM
  HEAVY RAIN
  LIGHT RAIN
  FOG


RELATIVE HUMIDITY (PERCENT)
 HIGHEST    93          1000 PM
 LOWEST     48          1000 AM
 AVERAGE    71

..........................................................


THE MILWAUKEE WI CLIMATE NORMALS FOR TODAY
                         NORMAL    RECORD    YEAR
 MAXIMUM TEMPERATURE (F)   80        99      1911
 MINIMUM TEMPERATURE (F)   62        49      1968
                                             1945


SUNRISE AND SUNSET
JULY  3 2017..........SUNRISE   518 AM CDT   SUNSET   834 PM CDT
JULY  4 2017..........SUNRISE   518 AM CDT   SUNSET   834 PM CDT


-  INDICATES NEGATIVE NUMBERS.
R  INDICATES RECORD WAS SET OR TIED.
MM INDICATES DATA IS MISSING.
T  INDICATES TRACE AMOUNT.




$$
