000
CDUS43 KMKX 290042
CLIMKE


CLIMATE REPORT
NATIONAL WEATHER SERVICE IN MILWAUKEE
741 PM CDT FRI AUG 28 2015


...................................

...THE MILWAUKEE WI CLIMATE SUMMARY FOR AUGUST 28 2015...
VALID TODAY AS OF 0700 PM LOCAL TIME.

CLIMATE NORMAL PERIOD 1981 TO 2010
CLIMATE RECORD PERIOD 1871 TO 2015


WEATHER ITEM   OBSERVED TIME   RECORD YEAR NORMAL DEPARTURE LAST
                VALUE   (LST)  VALUE       VALUE  FROM      YEAR
                                                  NORMAL
..................................................................
TEMPERATURE (F)
 TODAY
  MAXIMUM         74   1150 AM  97    1926  77     -3       71
  MINIMUM         56    147 AM  45    1965  62     -6       60
  AVERAGE         65                        69     -4       66

PRECIPITATION (IN)
  TODAY            0.02          1.42 1936   0.12  -0.10     0.00
  MONTH TO DATE    2.58                      3.61  -1.03     5.01
  SINCE JUN 1      6.67                     11.18  -4.51    13.66
  SINCE JAN 1     16.87                     23.82  -6.95    24.61

SNOWFALL (IN)
  TODAY            0.0           0.0    MM   0.0    0.0      0.0
  MONTH TO DATE    0.0                       0.0    0.0      0.0
  SINCE JUN 1      0.0                       0.0    0.0      0.0
  SINCE JUL 1      0.0                       0.0    0.0      0.0
  SNOW DEPTH       0

DEGREE DAYS
 HEATING
  TODAY            0                         1     -1        0
  MONTH TO DATE   16                         7      9        5
  SINCE JUN 1    146                       102     44      100
  SINCE JUL 1     44                        18     26       26

 COOLING
  TODAY            0                         5     -5        1
  MONTH TO DATE  173                       179     -6      141
  SINCE JUN 1    454                       521    -67      358
  SINCE JAN 1    480                       551    -71      376
..................................................................


WIND (MPH)
  HIGHEST WIND SPEED    12   HIGHEST WIND DIRECTION    SW (240)
  HIGHEST GUST SPEED    15   HIGHEST GUST DIRECTION    SW (240)
  AVERAGE WIND SPEED     5.2


SKY COVER
  POSSIBLE SUNSHINE  MM
  AVERAGE SKY COVER 0.7


WEATHER CONDITIONS
 THE FOLLOWING WEATHER WAS RECORDED TODAY.
  LIGHT RAIN
  FOG
  HAZE


RELATIVE HUMIDITY (PERCENT)
 HIGHEST    87           300 AM
 LOWEST     61          1000 AM
 AVERAGE    74

..........................................................


THE MILWAUKEE WI CLIMATE NORMALS FOR TOMORROW
                         NORMAL    RECORD    YEAR
 MAXIMUM TEMPERATURE (F)   77        96      1973
 MINIMUM TEMPERATURE (F)   61        44      1982
                                             1965


SUNRISE AND SUNSET
AUGUST 28 2015........SUNRISE   611 AM CDT   SUNSET   733 PM CDT
AUGUST 29 2015........SUNRISE   613 AM CDT   SUNSET   732 PM CDT


-  INDICATES NEGATIVE NUMBERS.
R  INDICATES RECORD WAS SET OR TIED.
MM INDICATES DATA IS MISSING.
T  INDICATES TRACE AMOUNT.




$$
