000
CDUS43 KMKX 152145
CLIMKE


CLIMATE REPORT
NATIONAL WEATHER SERVICE IN MILWAUKEE
444 PM CDT FRI AUG 15 2014


...................................

...THE MILWAUKEE WI CLIMATE SUMMARY FOR AUGUST 15 2014...
VALID TODAY AS OF 0400 PM LOCAL TIME.

CLIMATE NORMAL PERIOD 1981 TO 2010
CLIMATE RECORD PERIOD 1871 TO 2014


WEATHER ITEM   OBSERVED TIME   RECORD YEAR NORMAL DEPARTURE LAST
                VALUE   (LST)  VALUE       VALUE  FROM      YEAR
                                                  NORMAL
..................................................................
TEMPERATURE (F)
 TODAY
  MAXIMUM         78    255 PM  93    1955  79     -1       76
                                      1937
  MINIMUM         56    203 AM  46    1962  63     -7       57
                                      1885
  AVERAGE         67                        71     -4       67

PRECIPITATION (IN)
  TODAY            0.00          2.67 1938   0.14  -0.14     0.00
  MONTH TO DATE    2.10                      1.99   0.11     1.60
  SINCE JUN 1     10.75                      9.56   1.19     8.95
  SINCE JAN 1     21.70                     22.20  -0.50    28.46

SNOWFALL (IN)
  TODAY            0.0           0.0    MM   0.0    0.0      0.0
  MONTH TO DATE    0.0                       0.0    0.0      0.0
  SINCE JUN 1      0.0                       0.0    0.0      0.0
  SINCE JUL 1      0.0                       0.0    0.0      0.0
  SNOW DEPTH       0

DEGREE DAYS
 HEATING
  TODAY            0                         0      0        0
  MONTH TO DATE    4                         0      4        8
  SINCE JUN 1     99                        95      4      109
  SINCE JUL 1     25                        11     14       22

 COOLING
  TODAY            2                         6     -4        2
  MONTH TO DATE   52                       104    -52       55
  SINCE JUN 1    269                       446   -177      395
  SINCE JAN 1    287                       476   -189      434
..................................................................


WIND (MPH)
  HIGHEST WIND SPEED    15   HIGHEST WIND DIRECTION    SW (240)
  HIGHEST GUST SPEED    19   HIGHEST GUST DIRECTION    SW (240)
  AVERAGE WIND SPEED     7.7


SKY COVER
  POSSIBLE SUNSHINE  MM
  AVERAGE SKY COVER 0.3


WEATHER CONDITIONS
 THE FOLLOWING WEATHER WAS RECORDED TODAY.
  NO SIGNIFICANT WEATHER WAS OBSERVED.


RELATIVE HUMIDITY (PERCENT)
 HIGHEST    72           200 AM
 LOWEST     40           200 PM
 AVERAGE    56

..........................................................


THE MILWAUKEE WI CLIMATE NORMALS FOR TOMORROW
                         NORMAL    RECORD    YEAR
 MAXIMUM TEMPERATURE (F)   79       100      1988
 MINIMUM TEMPERATURE (F)   63        46      1979


SUNRISE AND SUNSET
AUGUST 15 2014........SUNRISE   558 AM CDT   SUNSET   754 PM CDT
AUGUST 16 2014........SUNRISE   559 AM CDT   SUNSET   752 PM CDT


-  INDICATES NEGATIVE NUMBERS.
R  INDICATES RECORD WAS SET OR TIED.
MM INDICATES DATA IS MISSING.
T  INDICATES TRACE AMOUNT.




$$
