000
CDUS43 KMKX 290647
CLIMKE


CLIMATE REPORT
NATIONAL WEATHER SERVICE IN MILWAUKEE
1244 AM CST TUE NOV 29 2016


...................................

...THE MILWAUKEE WI CLIMATE SUMMARY FOR NOVEMBER 28 2016...

CLIMATE NORMAL PERIOD 1981 TO 2010
CLIMATE RECORD PERIOD 1871 TO 2016


WEATHER ITEM   OBSERVED TIME   RECORD YEAR NORMAL DEPARTURE LAST
                VALUE   (LST)  VALUE       VALUE  FROM      YEAR
                                                  NORMAL
..................................................................
TEMPERATURE (F)
 YESTERDAY
  MAXIMUM         51   1159 PM  65    1998  40     11       37
  MINIMUM         42    256 AM  -4    1887  26     16       25
  AVERAGE         47                        33     14       31

PRECIPITATION (IN)
  YESTERDAY        1.08R         0.98 1968   0.09   0.99     0.00
  MONTH TO DATE    1.81                      2.54  -0.73     4.43
  SINCE SEP 1      9.67                      8.37   1.30    10.77
  SINCE JAN 1     27.33                     32.55  -5.22    28.52

SNOWFALL (IN)
  YESTERDAY        0.0           5.0  1886   0.1   -0.1      0.0
  MONTH TO DATE    T                         2.0   -2.0      6.9
  SINCE SEP 1      T                         2.3   -2.3      6.9
  SINCE JUL 1      T                         2.3   -2.3      6.9
  SNOW DEPTH       0

DEGREE DAYS
 HEATING
  YESTERDAY       18                        32    -14       34
  MONTH TO DATE  483                       716   -233      549
  SINCE SEP 1    783                      1275   -492      933
  SINCE JUL 1    785                      1301   -516      981

 COOLING
  YESTERDAY        0                         0      0        0
  MONTH TO DATE    3                         0      3        0
  SINCE SEP 1    155                        76     79      135
  SINCE JAN 1    991                       641    350      622
..................................................................


WIND (MPH)
  HIGHEST WIND SPEED    28   HIGHEST WIND DIRECTION    SE (140)
  HIGHEST GUST SPEED    35   HIGHEST GUST DIRECTION    SE (140)
  AVERAGE WIND SPEED    14.7


SKY COVER
  POSSIBLE SUNSHINE  MM
  AVERAGE SKY COVER 1.0


WEATHER CONDITIONS
 THE FOLLOWING WEATHER WAS RECORDED YESTERDAY.
  HEAVY RAIN
  RAIN
  LIGHT RAIN
  FOG
  HAZE


RELATIVE HUMIDITY (PERCENT)
 HIGHEST    93           200 PM
 LOWEST     82           100 AM
 AVERAGE    88

..........................................................


THE MILWAUKEE WI CLIMATE NORMALS FOR TODAY
                         NORMAL    RECORD    YEAR
 MAXIMUM TEMPERATURE (F)   39        66      1998
 MINIMUM TEMPERATURE (F)   26       -14      1875


SUNRISE AND SUNSET
NOVEMBER 29 2016......SUNRISE   701 AM CST   SUNSET   419 PM CST
NOVEMBER 30 2016......SUNRISE   702 AM CST   SUNSET   418 PM CST


-  INDICATES NEGATIVE NUMBERS.
R  INDICATES RECORD WAS SET OR TIED.
MM INDICATES DATA IS MISSING.
T  INDICATES TRACE AMOUNT.




$$
