000
CDUS43 KMKX 022140
CLIMKE


CLIMATE REPORT
NATIONAL WEATHER SERVICE IN MILWAUKEE
440 PM CDT THU NOV 2 2017


...................................

...THE MILWAUKEE WI CLIMATE SUMMARY FOR NOVEMBER 2 2017...
VALID TODAY AS OF 0400 PM LOCAL TIME.

CLIMATE NORMAL PERIOD 1981 TO 2010
CLIMATE RECORD PERIOD 1871 TO 2017


WEATHER ITEM   OBSERVED TIME   RECORD YEAR NORMAL DEPARTURE LAST
                VALUE   (LST)  VALUE       VALUE  FROM      YEAR
                                                  NORMAL
..................................................................
TEMPERATURE (F)
 TODAY
  MAXIMUM         50    259 PM  77    1938  53     -3       64
  MINIMUM         45    746 AM  13    1951  38      7       50
  AVERAGE         48                        45      3       57

PRECIPITATION (IN)
  TODAY            T             1.80 1876   0.09  -0.09     0.52
  MONTH TO DATE    0.29                      0.19   0.10     0.52
  SINCE SEP 1      5.23                      6.02  -0.79     8.38
  SINCE JAN 1     32.55                     30.20   2.35    26.04

SNOWFALL (IN)
  TODAY           MM             1.6  1966   0.0   MM        0.0
  MONTH TO DATE    0.0                       0.0    0.0      0.0
  SINCE SEP 1      T                         0.3   -0.3      0.0
  SINCE JUL 1      T                         0.3   -0.3      0.0
  SNOW DEPTH       0

DEGREE DAYS
 HEATING
  TODAY           17                        20     -3        8
  MONTH TO DATE   41                        39      2        8
  SINCE SEP 1    367                       598   -231      308
  SINCE JUL 1    376                       624   -248      310

 COOLING
  TODAY            0                         0      0        0
  MONTH TO DATE    0                         0      0        3
  SINCE SEP 1    162                        76     86      155
  SINCE JAN 1    772                       641    131      991
..................................................................


WIND (MPH)
  HIGHEST WIND SPEED    10   HIGHEST WIND DIRECTION     W (290)
  HIGHEST GUST SPEED    14   HIGHEST GUST DIRECTION    NW (300)
  AVERAGE WIND SPEED     5.2


SKY COVER
  POSSIBLE SUNSHINE  MM
  AVERAGE SKY COVER 1.0


WEATHER CONDITIONS
 THE FOLLOWING WEATHER WAS RECORDED TODAY.
  LIGHT RAIN
  FOG


RELATIVE HUMIDITY (PERCENT)
 HIGHEST   100          1200 AM
 LOWEST     74          1200 PM
 AVERAGE    87

..........................................................


THE MILWAUKEE WI CLIMATE NORMALS FOR TOMORROW
                         NORMAL    RECORD    YEAR
 MAXIMUM TEMPERATURE (F)   52        74      1964
                                             1938
 MINIMUM TEMPERATURE (F)   37         9      1951


SUNRISE AND SUNSET
NOVEMBER  2 2017......SUNRISE   728 AM CDT   SUNSET   542 PM CDT
NOVEMBER  3 2017......SUNRISE   729 AM CDT   SUNSET   541 PM CDT


-  INDICATES NEGATIVE NUMBERS.
R  INDICATES RECORD WAS SET OR TIED.
MM INDICATES DATA IS MISSING.
T  INDICATES TRACE AMOUNT.




$$
