000
CDUS43 KMKX 260645
CLIMKE


CLIMATE REPORT
NATIONAL WEATHER SERVICE IN MILWAUKEE
145 AM CDT MON JUN 26 2017


...................................

...THE MILWAUKEE WI CLIMATE SUMMARY FOR JUNE 25 2017...

CLIMATE NORMAL PERIOD 1981 TO 2010
CLIMATE RECORD PERIOD 1871 TO 2017


WEATHER ITEM   OBSERVED TIME   RECORD YEAR NORMAL DEPARTURE LAST
                VALUE   (LST)  VALUE       VALUE  FROM      YEAR
                                                  NORMAL
..................................................................
TEMPERATURE (F)
 YESTERDAY
  MAXIMUM         72    336 PM 100    1988  78     -6       85
  MINIMUM         53    438 AM  43    1986  61     -8       62
                                      1960
  AVERAGE         63                        69     -6       74

PRECIPITATION (IN)
  YESTERDAY        0.02          1.42 1895   0.14  -0.12     0.00
  MONTH TO DATE    3.35                      3.24   0.11     1.83
  SINCE JUN 1      3.35                      3.24   0.11     1.83
  SINCE JAN 1     20.14                     15.88   4.26    10.65

SNOWFALL (IN)
  YESTERDAY        0.0           0.0    MM   0.0    0.0      0.0
  MONTH TO DATE    0.0                       0.0    0.0      0.0
  SINCE JUN 1      0.0                       0.0    0.0      0.0
  SINCE JUL 1     37.6                      46.9   -9.3     39.1
  SNOW DEPTH       0

DEGREE DAYS
 HEATING
  YESTERDAY        2                         1      1        0
  MONTH TO DATE   11                        79    -68       25
  SINCE JUN 1     11                        79    -68       25
  SINCE JUL 1   5631                      6889  -1258     5905

 COOLING
  YESTERDAY        0                         6     -6        9
  MONTH TO DATE  162                        89     73      122
  SINCE JUN 1    162                        89     73      122
  SINCE JAN 1    183                       119     64      167
..................................................................


WIND (MPH)
  HIGHEST WIND SPEED    23   HIGHEST WIND DIRECTION     W (290)
  HIGHEST GUST SPEED    30   HIGHEST GUST DIRECTION     W (280)
  AVERAGE WIND SPEED    12.2


SKY COVER
  POSSIBLE SUNSHINE  MM
  AVERAGE SKY COVER 0.4


WEATHER CONDITIONS
 THE FOLLOWING WEATHER WAS RECORDED YESTERDAY.
  LIGHT RAIN


RELATIVE HUMIDITY (PERCENT)
 HIGHEST    86          1100 PM
 LOWEST     38           200 PM
 AVERAGE    62

..........................................................


THE MILWAUKEE WI CLIMATE NORMALS FOR TODAY
                         NORMAL    RECORD    YEAR
 MAXIMUM TEMPERATURE (F)   79        97      1931
 MINIMUM TEMPERATURE (F)   61        46      1884


SUNRISE AND SUNSET
JUNE 26 2017..........SUNRISE   514 AM CDT   SUNSET   835 PM CDT
JUNE 27 2017..........SUNRISE   515 AM CDT   SUNSET   835 PM CDT


-  INDICATES NEGATIVE NUMBERS.
R  INDICATES RECORD WAS SET OR TIED.
MM INDICATES DATA IS MISSING.
T  INDICATES TRACE AMOUNT.




$$
