000
CDUS43 KMKX 160643
CLIMKE


CLIMATE REPORT
NATIONAL WEATHER SERVICE IN MILWAUKEE
142 AM CDT WED AUG 16 2017


...................................

...THE MILWAUKEE WI CLIMATE SUMMARY FOR AUGUST 15 2017...

CLIMATE NORMAL PERIOD 1981 TO 2010
CLIMATE RECORD PERIOD 1871 TO 2017


WEATHER ITEM   OBSERVED TIME   RECORD YEAR NORMAL DEPARTURE LAST
                VALUE   (LST)  VALUE       VALUE  FROM      YEAR
                                                  NORMAL
..................................................................
TEMPERATURE (F)
 YESTERDAY
  MAXIMUM         76    914 AM  93    1955  79     -3       81
                                      1937
  MINIMUM         65    444 AM  46    1962  63      2       67
                                      1885
  AVERAGE         71                        71      0       74

PRECIPITATION (IN)
  YESTERDAY        0.00          2.67 1938   0.14  -0.14     0.00
  MONTH TO DATE    0.45                      1.99  -1.54     0.34
  SINCE JUN 1      9.35                      9.56  -0.21     5.59
  SINCE JAN 1     26.14                     22.20   3.94    14.41

SNOWFALL (IN)
  YESTERDAY        0.0           0.0    MM   0.0    0.0      0.0
  MONTH TO DATE    0.0                       0.0    0.0      0.0
  SINCE JUN 1      0.0                       0.0    0.0      0.0
  SINCE JUL 1      0.0                       0.0    0.0      0.0
  SNOW DEPTH       0

DEGREE DAYS
 HEATING
  YESTERDAY        0                         0      0        0
  MONTH TO DATE    3                         0      3        0
  SINCE JUN 1     18                        95    -77       31
  SINCE JUL 1      4                        11     -7        2

 COOLING
  YESTERDAY        6                         6      0        9
  MONTH TO DATE   91                       104    -13      186
  SINCE JUN 1    503                       446     57      643
  SINCE JAN 1    524                       476     48      688
..................................................................


WIND (MPH)
  HIGHEST WIND SPEED    17   HIGHEST WIND DIRECTION    NE (50)
  HIGHEST GUST SPEED    23   HIGHEST GUST DIRECTION     N (20)
  AVERAGE WIND SPEED     7.7


SKY COVER
  POSSIBLE SUNSHINE  MM
  AVERAGE SKY COVER 0.5


WEATHER CONDITIONS
 THE FOLLOWING WEATHER WAS RECORDED YESTERDAY.
  HAZE


RELATIVE HUMIDITY (PERCENT)
 HIGHEST    93          1200 AM
 LOWEST     64          1200 PM
 AVERAGE    79

..........................................................


THE MILWAUKEE WI CLIMATE NORMALS FOR TODAY
                         NORMAL    RECORD    YEAR
 MAXIMUM TEMPERATURE (F)   79       100      1988
 MINIMUM TEMPERATURE (F)   63        46      1979


SUNRISE AND SUNSET
AUGUST 16 2017........SUNRISE   559 AM CDT   SUNSET   752 PM CDT
AUGUST 17 2017........SUNRISE   600 AM CDT   SUNSET   750 PM CDT


-  INDICATES NEGATIVE NUMBERS.
R  INDICATES RECORD WAS SET OR TIED.
MM INDICATES DATA IS MISSING.
T  INDICATES TRACE AMOUNT.




$$
