000
CDUS43 KMKX 070642
CLIMKE


CLIMATE REPORT
NATIONAL WEATHER SERVICE IN MILWAUKEE
141 AM CDT SUN MAY 7 2017


...................................

...THE MILWAUKEE WI CLIMATE SUMMARY FOR MAY 6 2017...

CLIMATE NORMAL PERIOD 1981 TO 2010
CLIMATE RECORD PERIOD 1871 TO 2017


WEATHER ITEM   OBSERVED TIME   RECORD YEAR NORMAL DEPARTURE LAST
                VALUE   (LST)  VALUE       VALUE  FROM      YEAR
                                                  NORMAL
..................................................................
TEMPERATURE (F)
 YESTERDAY
  MAXIMUM         54    235 PM  91    1934  62     -8       85
  MINIMUM         42   1116 PM  28    1967  44     -2       45
  AVERAGE         48                        52     -4       65

PRECIPITATION (IN)
  YESTERDAY        T             2.45 2012   0.11  -0.11      T
  MONTH TO DATE    0.09                      0.64  -0.55     0.17
  SINCE MAR 1     10.04                      6.47   3.57     5.31
  SINCE JAN 1     14.05                      9.88   4.17     6.62

SNOWFALL (IN)
  YESTERDAY        0.0           0.6  1989   0.0    0.0      0.0
  MONTH TO DATE    0.0                       0.0    0.0      0.0
  SINCE MAR 1     13.6                       9.0    4.6     10.0
  SINCE JUL 1     37.6                      46.8   -9.2     39.1
  SNOW DEPTH       0

DEGREE DAYS
 HEATING
  YESTERDAY       17                        13      4        0
  MONTH TO DATE  106                        81     25       86
  SINCE MAR 1   1411                      1598   -187     1483
  SINCE JUL 1   5410                      6578  -1168     5702

 COOLING
  YESTERDAY        0                         0      0        0
  MONTH TO DATE    0                         0      0        0
  SINCE MAR 1      3                         5     -2        0
  SINCE JAN 1      3                         5     -2        0
..................................................................


WIND (MPH)
  HIGHEST WIND SPEED    23   HIGHEST WIND DIRECTION    NE (30)
  HIGHEST GUST SPEED    31   HIGHEST GUST DIRECTION     N (20)
  AVERAGE WIND SPEED    12.6


SKY COVER
  POSSIBLE SUNSHINE  MM
  AVERAGE SKY COVER 0.3


WEATHER CONDITIONS
 THE FOLLOWING WEATHER WAS RECORDED YESTERDAY.
  LIGHT RAIN


RELATIVE HUMIDITY (PERCENT)
 HIGHEST    76           500 AM
 LOWEST     42           600 PM
 AVERAGE    59

..........................................................


THE MILWAUKEE WI CLIMATE NORMALS FOR TODAY
                         NORMAL    RECORD    YEAR
 MAXIMUM TEMPERATURE (F)   62        87      1936
 MINIMUM TEMPERATURE (F)   44        28      1885


SUNRISE AND SUNSET
MAY  7 2017...........SUNRISE   537 AM CDT   SUNSET   800 PM CDT
MAY  8 2017...........SUNRISE   536 AM CDT   SUNSET   801 PM CDT


-  INDICATES NEGATIVE NUMBERS.
R  INDICATES RECORD WAS SET OR TIED.
MM INDICATES DATA IS MISSING.
T  INDICATES TRACE AMOUNT.




$$
