000
CDUS43 KMKX 190050
CLIMKE


CLIMATE REPORT
NATIONAL WEATHER SERVICE IN MILWAUKEE
649 PM CST SUN JAN 18 2015


...................................

...THE MILWAUKEE WI CLIMATE SUMMARY FOR JANUARY 18 2015...
VALID TODAY AS OF 0600 PM LOCAL TIME.

CLIMATE NORMAL PERIOD 1981 TO 2010
CLIMATE RECORD PERIOD 1871 TO 2015


WEATHER ITEM   OBSERVED TIME   RECORD YEAR NORMAL DEPARTURE LAST
                VALUE   (LST)  VALUE       VALUE  FROM      YEAR
                                                  NORMAL
..................................................................
TEMPERATURE (F)
 TODAY
  MAXIMUM         42    140 PM  53    1996  29     13       24
  MINIMUM         35    838 AM -21    1994  15     20        8
                                      1930
  AVERAGE         39                        22     17       16

PRECIPITATION (IN)
  TODAY            T             1.06 1960   0.06  -0.06     0.03
  MONTH TO DATE    0.68                      1.07  -0.39     0.86
  SINCE DEC 1      1.71                      3.11  -1.40     2.65
  SINCE JAN 1      0.68                      1.07  -0.39     0.86

SNOWFALL (IN)
  TODAY            0.0          13.9  1936   0.5   -0.5      0.5
  MONTH TO DATE   10.6                       8.8    1.8     11.9
  SINCE DEC 1     11.1                      19.4   -8.3     31.2
  SINCE JUL 1     15.9                      22.1   -6.2     33.2
  SNOW DEPTH       T

DEGREE DAYS
 HEATING
  TODAY           26                        43    -17       49
  MONTH TO DATE  846                       769     77      875
  SINCE DEC 1   1882                      1964    -82     2233
  SINCE JUL 1   3453                      3329    124     3608

 COOLING
  TODAY            0                         0      0        0
  MONTH TO DATE    0                         0      0        0
  SINCE DEC 1      0                         0      0        0
  SINCE JAN 1      0                         0      0        0
..................................................................


WIND (MPH)
  HIGHEST WIND SPEED    20   HIGHEST WIND DIRECTION     W (290)
  HIGHEST GUST SPEED    25   HIGHEST GUST DIRECTION    NW (320)
  AVERAGE WIND SPEED    11.5


SKY COVER
  POSSIBLE SUNSHINE  MM
  AVERAGE SKY COVER 0.9


WEATHER CONDITIONS
 THE FOLLOWING WEATHER WAS RECORDED TODAY.
  NO SIGNIFICANT WEATHER WAS OBSERVED.


RELATIVE HUMIDITY (PERCENT)
 HIGHEST    76          1200 AM
 LOWEST     45           200 PM
 AVERAGE    61

..........................................................


THE MILWAUKEE WI CLIMATE NORMALS FOR TOMORROW
                         NORMAL    RECORD    YEAR
 MAXIMUM TEMPERATURE (F)   29        51      1933
 MINIMUM TEMPERATURE (F)   15       -22      1985


SUNRISE AND SUNSET
JANUARY 18 2015.......SUNRISE   718 AM CST   SUNSET   446 PM CST
JANUARY 19 2015.......SUNRISE   718 AM CST   SUNSET   447 PM CST


-  INDICATES NEGATIVE NUMBERS.
R  INDICATES RECORD WAS SET OR TIED.
MM INDICATES DATA IS MISSING.
T  INDICATES TRACE AMOUNT.




$$
