000
CDUS43 KMKX 052142
CLIMKE


CLIMATE REPORT
NATIONAL WEATHER SERVICE IN MILWAUKEE
342 PM CST THU JAN 5 2017


...................................

...THE MILWAUKEE WI CLIMATE SUMMARY FOR JANUARY 5 2017...
VALID TODAY AS OF 0300 PM LOCAL TIME.

CLIMATE NORMAL PERIOD 1981 TO 2010
CLIMATE RECORD PERIOD 1871 TO 2017


WEATHER ITEM   OBSERVED TIME   RECORD YEAR NORMAL DEPARTURE LAST
                VALUE   (LST)  VALUE       VALUE  FROM      YEAR
                                                  NORMAL
..................................................................
TEMPERATURE (F)
 TODAY
  MAXIMUM         12    245 PM  53    2007  29    -17       31
                                      1998
  MINIMUM          4    751 AM -24    1884  16    -12       13
  AVERAGE          8                        22    -14       22

PRECIPITATION (IN)
  TODAY            T             0.75 1929   0.06  -0.06     0.00
  MONTH TO DATE    0.01                      0.30  -0.29     0.01
  SINCE DEC 1      1.94                      2.34  -0.40     3.83
  SINCE JAN 1      0.01                      0.30  -0.29     0.01

SNOWFALL (IN)
  TODAY            T             4.5  1910   0.5   -0.5      0.0
  MONTH TO DATE    T                         2.3   -2.3      0.4
  SINCE DEC 1     18.8                      12.9    5.9     10.0
  SINCE JUL 1     18.8                      15.6    3.2     16.9
  SNOW DEPTH       0

DEGREE DAYS
 HEATING
  TODAY           57                        42     15       43
  MONTH TO DATE  213                       210      3      202
  SINCE DEC 1   1420                      1405     15     1041
  SINCE JUL 1   2250                      2770   -520     2080

 COOLING
  TODAY            0                         0      0        0
  MONTH TO DATE    0                         0      0        0
  SINCE DEC 1      0                         0      0        0
  SINCE JAN 1      0                         0      0        0
..................................................................


WIND (MPH)
  HIGHEST WIND SPEED    21   HIGHEST WIND DIRECTION     W (290)
  HIGHEST GUST SPEED    26   HIGHEST GUST DIRECTION     W (280)
  AVERAGE WIND SPEED    13.0


SKY COVER
  POSSIBLE SUNSHINE  MM
  AVERAGE SKY COVER 0.7


WEATHER CONDITIONS
 THE FOLLOWING WEATHER WAS RECORDED TODAY.
  LIGHT SNOW


RELATIVE HUMIDITY (PERCENT)
 HIGHEST    66           800 AM
 LOWEST     55          1000 AM
 AVERAGE    61

..........................................................


THE MILWAUKEE WI CLIMATE NORMALS FOR TOMORROW
                         NORMAL    RECORD    YEAR
 MAXIMUM TEMPERATURE (F)   29        52      2008
                                             1933
 MINIMUM TEMPERATURE (F)   16       -18      1912


SUNRISE AND SUNSET
JANUARY  5 2017.......SUNRISE   723 AM CST   SUNSET   432 PM CST
JANUARY  6 2017.......SUNRISE   723 AM CST   SUNSET   433 PM CST


-  INDICATES NEGATIVE NUMBERS.
R  INDICATES RECORD WAS SET OR TIED.
MM INDICATES DATA IS MISSING.
T  INDICATES TRACE AMOUNT.




$$
