000
CDUS43 KMKX 222041
CLIMKE


CLIMATE REPORT
NATIONAL WEATHER SERVICE IN MILWAUKEE
341 PM CDT SAT AUG 22 2015


...................................

...THE MILWAUKEE WI CLIMATE SUMMARY FOR AUGUST 22 2015...
VALID TODAY AS OF 0300 PM LOCAL TIME.

CLIMATE NORMAL PERIOD 1981 TO 2010
CLIMATE RECORD PERIOD 1871 TO 2015


WEATHER ITEM   OBSERVED TIME   RECORD YEAR NORMAL DEPARTURE LAST
                VALUE   (LST)  VALUE       VALUE  FROM      YEAR
                                                  NORMAL
..................................................................
TEMPERATURE (F)
 TODAY
  MAXIMUM         79    126 PM  98    1936  78      1       83
  MINIMUM         63    519 AM  43    1875  63      0       69
  AVERAGE         71                        70      1       76

PRECIPITATION (IN)
  TODAY            0.00          1.94 1906   0.12  -0.12     0.00
  MONTH TO DATE    2.54                      2.92  -0.38     3.58
  SINCE JUN 1      6.63                     10.49  -3.86    12.23
  SINCE JAN 1     16.83                     23.13  -6.30    23.18

SNOWFALL (IN)
  TODAY            0.0           0.0    MM   0.0    0.0      0.0
  MONTH TO DATE    0.0                       0.0    0.0      0.0
  SINCE JUN 1      0.0                       0.0    0.0      0.0
  SINCE JUL 1      0.0                       0.0    0.0      0.0
  SNOW DEPTH       0

DEGREE DAYS
 HEATING
  TODAY            0                         1     -1        0
  MONTH TO DATE    2                         1      1        5
  SINCE JUN 1    132                        96     36      100
  SINCE JUL 1     30                        12     18       26

 COOLING
  TODAY            6                         6      0       11
  MONTH TO DATE  170                       146     24      102
  SINCE JUN 1    451                       488    -37      319
  SINCE JAN 1    477                       518    -41      337
..................................................................


WIND (MPH)
  HIGHEST WIND SPEED    21   HIGHEST WIND DIRECTION    SE (130)
  HIGHEST GUST SPEED    26   HIGHEST GUST DIRECTION    SE (140)
  AVERAGE WIND SPEED    10.7


SKY COVER
  POSSIBLE SUNSHINE  MM
  AVERAGE SKY COVER 0.1


WEATHER CONDITIONS
 THE FOLLOWING WEATHER WAS RECORDED TODAY.
  NO SIGNIFICANT WEATHER WAS OBSERVED.


RELATIVE HUMIDITY (PERCENT)
 HIGHEST    78           300 AM
 LOWEST     45           200 PM
 AVERAGE    62

..........................................................


THE MILWAUKEE WI CLIMATE NORMALS FOR TOMORROW
                         NORMAL    RECORD    YEAR
 MAXIMUM TEMPERATURE (F)   78        98      1947
 MINIMUM TEMPERATURE (F)   63        42      1875


SUNRISE AND SUNSET
AUGUST 22 2015........SUNRISE   605 AM CDT   SUNSET   743 PM CDT
AUGUST 23 2015........SUNRISE   606 AM CDT   SUNSET   742 PM CDT


-  INDICATES NEGATIVE NUMBERS.
R  INDICATES RECORD WAS SET OR TIED.
MM INDICATES DATA IS MISSING.
T  INDICATES TRACE AMOUNT.




$$
