000
CDUS43 KMKX 080642
CLIMKE


CLIMATE REPORT
NATIONAL WEATHER SERVICE IN MILWAUKEE
1242 AM CST THU FEB 8 2018


...................................

...THE MILWAUKEE WI CLIMATE SUMMARY FOR FEBRUARY 7 2018...

CLIMATE NORMAL PERIOD 1981 TO 2010
CLIMATE RECORD PERIOD 1871 TO 2018


WEATHER ITEM   OBSERVED TIME   RECORD YEAR NORMAL DEPARTURE LAST
                VALUE   (LST)  VALUE       VALUE  FROM      YEAR
                                                  NORMAL
..................................................................
TEMPERATURE (F)
 YESTERDAY
  MAXIMUM         19    127 PM  53    2009  31    -12       39
  MINIMUM          8   1159 PM -20    1875  17     -9       30
  AVERAGE         14                        24    -10       35

PRECIPITATION (IN)
  YESTERDAY        0.07          0.97 1933   0.05   0.02     0.15
  MONTH TO DATE    0.55                      0.37   0.18     0.17
  SINCE DEC 1      2.63                      4.17  -1.54     4.26
  SINCE JAN 1      2.17                      2.13   0.04     2.33

SNOWFALL (IN)
  YESTERDAY        0.8          11.5  1933   0.3    0.5       T
  MONTH TO DATE    6.3                       2.6    3.7      0.4
  SINCE DEC 1     22.3                      27.9   -5.6     23.3
  SINCE JUL 1     22.5                      30.6   -8.1     23.3
  SNOW DEPTH       3

DEGREE DAYS
 HEATING
  YESTERDAY       51                        41     10       30
  MONTH TO DATE  342                       291     51      275
  SINCE DEC 1   2792                      2811    -19     2625
  SINCE JUL 1   3897                      4176   -279     3455

 COOLING
  YESTERDAY        0                         0      0        0
  MONTH TO DATE    0                         0      0        0
  SINCE DEC 1      0                         0      0        0
  SINCE JAN 1      0                         0      0        0
..................................................................


WIND (MPH)
  HIGHEST WIND SPEED    14   HIGHEST WIND DIRECTION    NW (300)
  HIGHEST GUST SPEED    20   HIGHEST GUST DIRECTION    NW (300)
  AVERAGE WIND SPEED     6.9


SKY COVER
  POSSIBLE SUNSHINE  MM
  AVERAGE SKY COVER 0.7


WEATHER CONDITIONS
 THE FOLLOWING WEATHER WAS RECORDED YESTERDAY.
  LIGHT SNOW
  FOG


RELATIVE HUMIDITY (PERCENT)
 HIGHEST    84           100 AM
 LOWEST     61           200 PM
 AVERAGE    73

..........................................................


THE MILWAUKEE WI CLIMATE NORMALS FOR TODAY
                         NORMAL    RECORD    YEAR
 MAXIMUM TEMPERATURE (F)   31        55      1990
                                             1925
                                             1900
 MINIMUM TEMPERATURE (F)   18       -18      1899


SUNRISE AND SUNSET
FEBRUARY  8 2018......SUNRISE   658 AM CST   SUNSET   514 PM CST
FEBRUARY  9 2018......SUNRISE   657 AM CST   SUNSET   515 PM CST


-  INDICATES NEGATIVE NUMBERS.
R  INDICATES RECORD WAS SET OR TIED.
MM INDICATES DATA IS MISSING.
T  INDICATES TRACE AMOUNT.




$$
