000
CDUS43 KMKX 050651
CLIMKE


CLIMATE REPORT
NATIONAL WEATHER SERVICE IN MILWAUKEE
151 AM CDT SAT APR 5 2014


...................................

...THE MILWAUKEE WI CLIMATE SUMMARY FOR APRIL 4 2014...

CLIMATE NORMAL PERIOD 1981 TO 2010
CLIMATE RECORD PERIOD 1871 TO 2014


WEATHER ITEM   OBSERVED TIME   RECORD YEAR NORMAL DEPARTURE LAST
                VALUE   (LST)  VALUE       VALUE  FROM      YEAR
                                                  NORMAL
..................................................................
TEMPERATURE (F)
 YESTERDAY
  MAXIMUM         42    941 AM  79    1997  49     -7       58
  MINIMUM         32   1011 PM  14    1874  34     -2       28
  AVERAGE         37                        42     -5       43

PRECIPITATION (IN)
  YESTERDAY        0.03          0.82 1911   0.11  -0.08     0.00
  MONTH TO DATE    0.09                      0.45  -0.36     0.00
  SINCE MAR 1      1.21                      2.72  -1.51     1.63
  SINCE JAN 1      3.95                      6.13  -2.18     7.83

SNOWFALL (IN)
  YESTERDAY        T             1.5  1936   0.1   -0.1      0.0
  MONTH TO DATE    T                         0.5   -0.5      0.0
  SINCE MAR 1      6.3                       7.5   -1.2      7.4
  SINCE JUL 1     63.1                      45.3   17.8     44.6
  SNOW DEPTH       0

DEGREE DAYS
 HEATING
  YESTERDAY       28                        24      4       22
  MONTH TO DATE  113                        97     16      119
  SINCE MAR 1   1223                      1026    197     1194
  SINCE JUL 1   6879                      6006    873     5919

 COOLING
  YESTERDAY        0                         0      0        0
  MONTH TO DATE    0                         0      0        0
  SINCE MAR 1      0                         0      0        0
  SINCE JAN 1      0                         0      0        0
..................................................................


WIND (MPH)
  HIGHEST WIND SPEED    28   HIGHEST WIND DIRECTION    NW (310)
  HIGHEST GUST SPEED    36   HIGHEST GUST DIRECTION    NW (310)
  AVERAGE WIND SPEED    14.2


SKY COVER
  POSSIBLE SUNSHINE  MM
  AVERAGE SKY COVER 0.9


WEATHER CONDITIONS
 THE FOLLOWING WEATHER WAS RECORDED YESTERDAY.
  LIGHT RAIN
  LIGHT SNOW
  FOG


RELATIVE HUMIDITY (PERCENT)
 HIGHEST   100           700 AM
 LOWEST     64           200 PM
 AVERAGE    82

..........................................................


THE MILWAUKEE WI CLIMATE NORMALS FOR TODAY
                         NORMAL    RECORD    YEAR
 MAXIMUM TEMPERATURE (F)   50        79      1929
 MINIMUM TEMPERATURE (F)   34        14      1881


SUNRISE AND SUNSET
APRIL  5 2014.........SUNRISE   627 AM CDT   SUNSET   723 PM CDT
APRIL  6 2014.........SUNRISE   625 AM CDT   SUNSET   724 PM CDT


-  INDICATES NEGATIVE NUMBERS.
R  INDICATES RECORD WAS SET OR TIED.
MM INDICATES DATA IS MISSING.
T  INDICATES TRACE AMOUNT.




$$
