693
CDUS43 KMKX 140643
CLIMKE


CLIMATE REPORT
NATIONAL WEATHER SERVICE IN MILWAUKEE
142 AM CDT THU SEP 14 2017


...................................

...THE MILWAUKEE WI CLIMATE SUMMARY FOR SEPTEMBER 13 2017...

CLIMATE NORMAL PERIOD 1981 TO 2010
CLIMATE RECORD PERIOD 1871 TO 2017


WEATHER ITEM   OBSERVED TIME   RECORD YEAR NORMAL DEPARTURE LAST
                VALUE   (LST)  VALUE       VALUE  FROM      YEAR
                                                  NORMAL
..................................................................
TEMPERATURE (F)
 YESTERDAY
  MAXIMUM         74    403 PM  96    1939  73      1       75
  MINIMUM         56    426 AM  37    1964  56      0       64
  AVERAGE         65                        64      1       70

PRECIPITATION (IN)
  YESTERDAY        0.00          2.52 1961   0.11  -0.11      T
  MONTH TO DATE    0.39                      1.35  -0.96     1.67
  SINCE SEP 1      0.39                      1.35  -0.96     1.67
  SINCE JAN 1     27.71                     25.53   2.18    19.33

SNOWFALL (IN)
  YESTERDAY        0.0           0.0    MM   0.0    0.0      0.0
  MONTH TO DATE    0.0                       0.0    0.0      0.0
  SINCE SEP 1      0.0                       0.0    0.0      0.0
  SINCE JUL 1      0.0                       0.0    0.0      0.0
  SNOW DEPTH       0

DEGREE DAYS
 HEATING
  YESTERDAY        0                         3     -3        0
  MONTH TO DATE   43                        26     17        0
  SINCE SEP 1     43                        26     17        0
  SINCE JUL 1     52                        52      0        2

 COOLING
  YESTERDAY        0                         2     -2        5
  MONTH TO DATE   10                        46    -36       79
  SINCE SEP 1     10                        46    -36       79
  SINCE JAN 1    620                       611      9      915
..................................................................


WIND (MPH)
  HIGHEST WIND SPEED    12   HIGHEST WIND DIRECTION    SE (120)
  HIGHEST GUST SPEED    13   HIGHEST GUST DIRECTION    SE (120)
  AVERAGE WIND SPEED     5.3


SKY COVER
  POSSIBLE SUNSHINE  MM
  AVERAGE SKY COVER 0.3


WEATHER CONDITIONS
 THE FOLLOWING WEATHER WAS RECORDED YESTERDAY.
  FOG


RELATIVE HUMIDITY (PERCENT)
 HIGHEST   100           700 AM
 LOWEST     41           400 PM
 AVERAGE    71

..........................................................


THE MILWAUKEE WI CLIMATE NORMALS FOR TODAY
                         NORMAL    RECORD    YEAR
 MAXIMUM TEMPERATURE (F)   72        98      1939
 MINIMUM TEMPERATURE (F)   56        38      1923


SUNRISE AND SUNSET
SEPTEMBER 14 2017.....SUNRISE   630 AM CDT   SUNSET   703 PM CDT
SEPTEMBER 15 2017.....SUNRISE   631 AM CDT   SUNSET   701 PM CDT


-  INDICATES NEGATIVE NUMBERS.
R  INDICATES RECORD WAS SET OR TIED.
MM INDICATES DATA IS MISSING.
T  INDICATES TRACE AMOUNT.




$$
