000
CDUS43 KMKX 251245
CLIMKE


CLIMATE REPORT
NATIONAL WEATHER SERVICE IN MILWAUKEE
745 AM CDT THU JUN 25 2015


...................................

...THE MILWAUKEE WI CLIMATE SUMMARY FOR JUNE 24 2015...

CLIMATE NORMAL PERIOD 1981 TO 2010
CLIMATE RECORD PERIOD 1871 TO 2015


WEATHER ITEM   OBSERVED TIME   RECORD YEAR NORMAL DEPARTURE LAST
                VALUE   (LST)  VALUE       VALUE  FROM      YEAR
                                                  NORMAL
..................................................................
TEMPERATURE (F)
 YESTERDAY
  MAXIMUM         80    122 PM  97    1937  78      2       80
  MINIMUM         60    313 AM  44    1961  60      0       56
  AVERAGE         70                        69      1       68

PRECIPITATION (IN)
  YESTERDAY        0.00          2.55 1904   0.13  -0.13     0.47
  MONTH TO DATE    2.47                      3.10  -0.63     5.34
  SINCE JUN 1      2.47                      3.10  -0.63     5.34
  SINCE JAN 1     12.67                     15.74  -3.07    16.29

SNOWFALL (IN)
  YESTERDAY        0.0           0.0    MM   0.0    0.0      0.0
  MONTH TO DATE    0.0                       0.0    0.0      0.0
  SINCE JUN 1      0.0                       0.0    0.0      0.0
  SINCE JUL 1     43.0                      46.9   -3.9     63.4
  SNOW DEPTH       0

DEGREE DAYS
 HEATING
  YESTERDAY        0                         1     -1        0
  MONTH TO DATE   93                        78     15       62
  SINCE JUN 1     93                        78     15       62
  SINCE JUL 1   7188                      6888    300     7730

 COOLING
  YESTERDAY        5                         5      0        3
  MONTH TO DATE   71                        83    -12       58
  SINCE JUN 1     71                        83    -12       58
  SINCE JAN 1     97                       113    -16       76
..................................................................


WIND (MPH)
  HIGHEST WIND SPEED    17   HIGHEST WIND DIRECTION    SE (130)
  HIGHEST GUST SPEED    22   HIGHEST GUST DIRECTION    SE (130)
  AVERAGE WIND SPEED     6.5


SKY COVER
  POSSIBLE SUNSHINE  MM
  AVERAGE SKY COVER 0.6


WEATHER CONDITIONS
 THE FOLLOWING WEATHER WAS RECORDED YESTERDAY.
  NO SIGNIFICANT WEATHER WAS OBSERVED.


RELATIVE HUMIDITY (PERCENT)
 HIGHEST    78           700 AM
 LOWEST     43          1000 AM
 AVERAGE    61

..........................................................


THE MILWAUKEE WI CLIMATE NORMALS FOR TODAY
                         NORMAL    RECORD    YEAR
 MAXIMUM TEMPERATURE (F)   78       100      1988
 MINIMUM TEMPERATURE (F)   61        43      1986
                                             1960


SUNRISE AND SUNSET
JUNE 25 2015..........SUNRISE   514 AM CDT   SUNSET   835 PM CDT
JUNE 26 2015..........SUNRISE   514 AM CDT   SUNSET   835 PM CDT


-  INDICATES NEGATIVE NUMBERS.
R  INDICATES RECORD WAS SET OR TIED.
MM INDICATES DATA IS MISSING.
T  INDICATES TRACE AMOUNT.




$$
