000
CDUS43 KMKX 210051
CLIMKE


CLIMATE REPORT
NATIONAL WEATHER SERVICE IN MILWAUKEE
750 PM CDT FRI MAR 20 2015


...................................

...THE MILWAUKEE WI CLIMATE SUMMARY FOR MARCH 20 2015...
VALID TODAY AS OF 0700 PM LOCAL TIME.

CLIMATE NORMAL PERIOD 1981 TO 2010
CLIMATE RECORD PERIOD 1871 TO 2015


WEATHER ITEM   OBSERVED TIME   RECORD YEAR NORMAL DEPARTURE LAST
                VALUE   (LST)  VALUE       VALUE  FROM      YEAR
                                                  NORMAL
..................................................................
TEMPERATURE (F)
 TODAY
  MAXIMUM         55    439 PM  83    2012  44     11       45
  MINIMUM         30    153 AM  -4    1885  29      1       28
  AVERAGE         43                        36      7       37

PRECIPITATION (IN)
  TODAY            0.00          1.06 2011   0.08  -0.08     0.00
  MONTH TO DATE    0.31                      1.33  -1.02     0.50
  SINCE MAR 1      0.31                      1.33  -1.02     0.50
  SINCE JAN 1      2.03                      4.74  -2.71     3.24

SNOWFALL (IN)
  TODAY            0.0           8.0  1940   0.1   -0.1      0.0
  MONTH TO DATE    3.4                       5.4   -2.0      5.8
  SINCE MAR 1      3.4                       5.4   -2.0      5.8
  SINCE JUL 1     41.5                      43.2   -1.7     62.6
  SNOW DEPTH       0

DEGREE DAYS
 HEATING
  TODAY           22                        29     -7       28
  MONTH TO DATE  590                       637    -47      758
  SINCE MAR 1    590                       637    -47      758
  SINCE JUL 1   5922                      5617    305     6414

 COOLING
  TODAY            0                         0      0        0
  MONTH TO DATE    0                         0      0        0
  SINCE MAR 1      0                         0      0        0
  SINCE JAN 1      0                         0      0        0
..................................................................


WIND (MPH)
  HIGHEST WIND SPEED    21   HIGHEST WIND DIRECTION    SW (220)
  HIGHEST GUST SPEED    26   HIGHEST GUST DIRECTION    SW (240)
  AVERAGE WIND SPEED     9.8


SKY COVER
  POSSIBLE SUNSHINE  MM
  AVERAGE SKY COVER 0.7


WEATHER CONDITIONS
 THE FOLLOWING WEATHER WAS RECORDED TODAY.
  HAZE


RELATIVE HUMIDITY (PERCENT)
 HIGHEST    76           700 AM
 LOWEST     43           100 PM
 AVERAGE    60

..........................................................


THE MILWAUKEE WI CLIMATE NORMALS FOR TOMORROW
                         NORMAL    RECORD    YEAR
 MAXIMUM TEMPERATURE (F)   44        84      2012
 MINIMUM TEMPERATURE (F)   29        -2      1885


SUNRISE AND SUNSET
MARCH 20 2015.........SUNRISE   655 AM CDT   SUNSET   704 PM CDT
MARCH 21 2015.........SUNRISE   654 AM CDT   SUNSET   705 PM CDT


-  INDICATES NEGATIVE NUMBERS.
R  INDICATES RECORD WAS SET OR TIED.
MM INDICATES DATA IS MISSING.
T  INDICATES TRACE AMOUNT.




$$
