000
CDUS43 KMKX 142050
CLIMKE


CLIMATE REPORT
NATIONAL WEATHER SERVICE IN MILWAUKEE
350 PM CDT THU JUL 14 2016


...................................

...THE MILWAUKEE WI CLIMATE SUMMARY FOR JULY 14 2016...
VALID TODAY AS OF 0300 PM LOCAL TIME.

CLIMATE NORMAL PERIOD 1981 TO 2010
CLIMATE RECORD PERIOD 1871 TO 2016


WEATHER ITEM   OBSERVED TIME   RECORD YEAR NORMAL DEPARTURE LAST
                VALUE   (LST)  VALUE       VALUE  FROM      YEAR
                                                  NORMAL
..................................................................
TEMPERATURE (F)
 TODAY
  MAXIMUM         86    159 PM 102    1995  80      6       78
  MINIMUM         68    504 AM  48    1950  64      4       60
  AVERAGE         77                        72      5       69

PRECIPITATION (IN)
  TODAY            0.00          1.66 1933   0.12  -0.12      T
  MONTH TO DATE    0.15                      1.73  -1.58     1.03
  SINCE JUN 1      3.64                      5.63  -1.99     3.52
  SINCE JAN 1     12.46                     18.27  -5.81    13.72

SNOWFALL (IN)
  TODAY            0.0           0.0    MM   0.0    0.0      0.0
  MONTH TO DATE    0.0                       0.0    0.0      0.0
  SINCE JUN 1      0.0                       0.0    0.0      0.0
  SINCE JUL 1      0.0                       0.0    0.0      0.0
  SNOW DEPTH       0

DEGREE DAYS
 HEATING
  TODAY            0                         0      0        0
  MONTH TO DATE    2                         4     -2       26
  SINCE JUN 1     31                        88    -57      128
  SINCE JUL 1      2                         4     -2       26

 COOLING
  TODAY           12                         7      5        4
  MONTH TO DATE  116                        97     19       51
  SINCE JUN 1    267                       217     50      124
  SINCE JAN 1    312                       247     65      150
..................................................................


WIND (MPH)
  HIGHEST WIND SPEED    25   HIGHEST WIND DIRECTION     W (250)
  HIGHEST GUST SPEED    33   HIGHEST GUST DIRECTION     W (290)
  AVERAGE WIND SPEED    14.3


SKY COVER
  POSSIBLE SUNSHINE  MM
  AVERAGE SKY COVER 0.2


WEATHER CONDITIONS
 THE FOLLOWING WEATHER WAS RECORDED TODAY.
  HAZE


RELATIVE HUMIDITY (PERCENT)
 HIGHEST    84           300 AM
 LOWEST     30           200 PM
 AVERAGE    57

..........................................................


THE MILWAUKEE WI CLIMATE NORMALS FOR TOMORROW
                         NORMAL    RECORD    YEAR
 MAXIMUM TEMPERATURE (F)   80        96      1931
 MINIMUM TEMPERATURE (F)   64        46      1960


SUNRISE AND SUNSET
JULY 14 2016..........SUNRISE   526 AM CDT   SUNSET   829 PM CDT
JULY 15 2016..........SUNRISE   527 AM CDT   SUNSET   828 PM CDT


-  INDICATES NEGATIVE NUMBERS.
R  INDICATES RECORD WAS SET OR TIED.
MM INDICATES DATA IS MISSING.
T  INDICATES TRACE AMOUNT.




$$
