462
CDUS43 KMKX 230648
CLIMKE


CLIMATE REPORT
NATIONAL WEATHER SERVICE IN MILWAUKEE
1248 AM CST THU NOV 23 2017


...................................

...THE MILWAUKEE WI CLIMATE SUMMARY FOR NOVEMBER 22 2017...

CLIMATE NORMAL PERIOD 1981 TO 2010
CLIMATE RECORD PERIOD 1871 TO 2017


WEATHER ITEM   OBSERVED TIME   RECORD YEAR NORMAL DEPARTURE LAST
                VALUE   (LST)  VALUE       VALUE  FROM      YEAR
                                                  NORMAL
..................................................................
TEMPERATURE (F)
 YESTERDAY
  MAXIMUM         34    307 PM  66    1913  43     -9       43
  MINIMUM         21    555 AM   1    1880  29     -8       26
  AVERAGE         28                        36     -8       35

PRECIPITATION (IN)
  YESTERDAY        0.00          1.06 1874   0.10  -0.10      T
  MONTH TO DATE    1.37                      2.01  -0.64     0.52
  SINCE SEP 1      6.31                      7.84  -1.53     8.38
  SINCE JAN 1     33.63                     32.02   1.61    26.04

SNOWFALL (IN)
  YESTERDAY        0.0           8.8  1989   0.1   -0.1      0.0
  MONTH TO DATE    0.2                       1.1   -0.9       T
  SINCE SEP 1      0.2                       1.4   -1.2       T
  SINCE JUL 1      0.2                       1.4   -1.2       T
  SNOW DEPTH       0

DEGREE DAYS
 HEATING
  YESTERDAY       37                        29      8       30
  MONTH TO DATE  602                       530     72      341
  SINCE SEP 1    928                      1089   -161      641
  SINCE JUL 1    937                      1115   -178      643

 COOLING
  YESTERDAY        0                         0      0        0
  MONTH TO DATE    0                         0      0        3
  SINCE SEP 1    162                        76     86      155
  SINCE JAN 1    772                       641    131      991
..................................................................


WIND (MPH)
  HIGHEST WIND SPEED    13   HIGHEST WIND DIRECTION    SW (220)
  HIGHEST GUST SPEED    17   HIGHEST GUST DIRECTION    SW (230)
  AVERAGE WIND SPEED     7.3


SKY COVER
  POSSIBLE SUNSHINE  MM
  AVERAGE SKY COVER 0.5


WEATHER CONDITIONS
 THE FOLLOWING WEATHER WAS RECORDED YESTERDAY.
  NO SIGNIFICANT WEATHER WAS OBSERVED.


RELATIVE HUMIDITY (PERCENT)
 HIGHEST    71           500 AM
 LOWEST     43           400 PM
 AVERAGE    57

..........................................................


THE MILWAUKEE WI CLIMATE NORMALS FOR TODAY
                         NORMAL    RECORD    YEAR
 MAXIMUM TEMPERATURE (F)   42        65      1931
 MINIMUM TEMPERATURE (F)   29        -4      1950


SUNRISE AND SUNSET
NOVEMBER 23 2017......SUNRISE   654 AM CST   SUNSET   422 PM CST
NOVEMBER 24 2017......SUNRISE   655 AM CST   SUNSET   421 PM CST


-  INDICATES NEGATIVE NUMBERS.
R  INDICATES RECORD WAS SET OR TIED.
MM INDICATES DATA IS MISSING.
T  INDICATES TRACE AMOUNT.




$$
