000
CDUS43 KMKX 240642
CLIMKE


CLIMATE REPORT
NATIONAL WEATHER SERVICE IN MILWAUKEE
141 AM CDT WED MAY 24 2017


...................................

...THE MILWAUKEE WI CLIMATE SUMMARY FOR MAY 23 2017...

CLIMATE NORMAL PERIOD 1981 TO 2010
CLIMATE RECORD PERIOD 1871 TO 2017


WEATHER ITEM   OBSERVED TIME   RECORD YEAR NORMAL DEPARTURE LAST
                VALUE   (LST)  VALUE       VALUE  FROM      YEAR
                                                  NORMAL
..................................................................
TEMPERATURE (F)
 YESTERDAY
  MAXIMUM         66   1250 PM  87    1977  67     -1       76
                                      1964
                                      1921
  MINIMUM         47   1159 PM  30    1963  49     -2       49
                                      1961
  AVERAGE         57                        58     -1       63

PRECIPITATION (IN)
  YESTERDAY        0.21          1.40 1965   0.12   0.09     0.00
  MONTH TO DATE    1.84                      2.47  -0.63     1.83
  SINCE MAR 1     11.79                      8.30   3.49     6.97
  SINCE JAN 1     15.80                     11.71   4.09     8.28

SNOWFALL (IN)
  YESTERDAY        0.0           0.0    MM   0.0    0.0      0.0
  MONTH TO DATE    0.0                       0.1   -0.1       T
  SINCE MAR 1     13.6                       9.1    4.5     10.0
  SINCE JUL 1     37.6                      46.9   -9.3     39.1
  SNOW DEPTH       0

DEGREE DAYS
 HEATING
  YESTERDAY        8                         8      0        2
  MONTH TO DATE  281                       258     23      264
  SINCE MAR 1   1586                      1775   -189     1661
  SINCE JUL 1   5585                      6755  -1170     5880

 COOLING
  YESTERDAY        0                         1     -1        0
  MONTH TO DATE   15                        13      2        0
  SINCE MAR 1     18                        18      0        0
  SINCE JAN 1     18                        18      0        0
..................................................................


WIND (MPH)
  HIGHEST WIND SPEED    15   HIGHEST WIND DIRECTION    SW (220)
  HIGHEST GUST SPEED    18   HIGHEST GUST DIRECTION    SW (220)
  AVERAGE WIND SPEED     7.7


SKY COVER
  POSSIBLE SUNSHINE  MM
  AVERAGE SKY COVER 0.9


WEATHER CONDITIONS
 THE FOLLOWING WEATHER WAS RECORDED YESTERDAY.
  THUNDERSTORM
  HEAVY RAIN
  LIGHT RAIN
  FOG
  FOG W/VISIBILITY <= 1/4 MILE


RELATIVE HUMIDITY (PERCENT)
 HIGHEST   100           800 PM
 LOWEST     58          1200 PM
 AVERAGE    79

..........................................................


THE MILWAUKEE WI CLIMATE NORMALS FOR TODAY
                         NORMAL    RECORD    YEAR
 MAXIMUM TEMPERATURE (F)   68        90      1950
 MINIMUM TEMPERATURE (F)   49        34      1963
                                             1958
                                             1925


SUNRISE AND SUNSET
MAY 24 2017...........SUNRISE   520 AM CDT   SUNSET   817 PM CDT
MAY 25 2017...........SUNRISE   520 AM CDT   SUNSET   818 PM CDT


-  INDICATES NEGATIVE NUMBERS.
R  INDICATES RECORD WAS SET OR TIED.
MM INDICATES DATA IS MISSING.
T  INDICATES TRACE AMOUNT.




$$
