000
CDUS43 KMKX 250651
CLIMKE


CLIMATE REPORT
NATIONAL WEATHER SERVICE IN MILWAUKEE
1250 AM CST TUE NOV 25 2014


...................................

...THE MILWAUKEE WI CLIMATE SUMMARY FOR NOVEMBER 24 2014...

CLIMATE NORMAL PERIOD 1981 TO 2010
CLIMATE RECORD PERIOD 1871 TO 2014


WEATHER ITEM   OBSERVED TIME   RECORD YEAR NORMAL DEPARTURE LAST
                VALUE   (LST)  VALUE       VALUE  FROM      YEAR
                                                  NORMAL
..................................................................
TEMPERATURE (F)
 YESTERDAY
  MAXIMUM         47    823 AM  65    1931  42      5       26
  MINIMUM         24   1159 PM  -5    1950  28     -4       11
  AVERAGE         36                        35      1       19

PRECIPITATION (IN)
  YESTERDAY        0.37          0.53 1973   0.09   0.28     0.00
  MONTH TO DATE    1.81                      2.19  -0.38     2.95
  SINCE SEP 1      5.76                      8.02  -2.26     8.08
  SINCE JAN 1     31.05                     32.20  -1.15    38.21

SNOWFALL (IN)
  YESTERDAY        2.2           2.7  1949   0.1    2.1      0.0
  MONTH TO DATE    4.3                       1.4    2.9      1.2
  SINCE SEP 1      4.4                       1.7    2.7      1.2
  SINCE JUL 1      4.4                       1.7    2.7      1.2
  SNOW DEPTH       0

DEGREE DAYS
 HEATING
  YESTERDAY       29                        30     -1       46
  MONTH TO DATE  742                       590    152      604
  SINCE SEP 1   1318                      1149    169     1122
  SINCE JUL 1   1344                      1175    169     1144

 COOLING
  YESTERDAY        0                         0      0        0
  MONTH TO DATE    0                         0      0        0
  SINCE SEP 1     63                        76    -13      111
  SINCE JAN 1    464                       641   -177      688
..................................................................


WIND (MPH)
  HIGHEST WIND SPEED    28   HIGHEST WIND DIRECTION     W (250)
  HIGHEST GUST SPEED    39   HIGHEST GUST DIRECTION     W (260)
  AVERAGE WIND SPEED    12.0


SKY COVER
  POSSIBLE SUNSHINE  MM
  AVERAGE SKY COVER 1.0


WEATHER CONDITIONS
 THE FOLLOWING WEATHER WAS RECORDED YESTERDAY.
  LIGHT RAIN
  HEAVY SNOW
  SNOW
  LIGHT SNOW
  FOG
  FOG W/VISIBILITY <= 1/4 MILE
  BLOWING SNOW


RELATIVE HUMIDITY (PERCENT)
 HIGHEST    93          1200 AM
 LOWEST     78           600 PM
 AVERAGE    86

..........................................................


THE MILWAUKEE WI CLIMATE NORMALS FOR TODAY
                         NORMAL    RECORD    YEAR
 MAXIMUM TEMPERATURE (F)   41        63      1908
 MINIMUM TEMPERATURE (F)   28         0      1950


SUNRISE AND SUNSET
NOVEMBER 25 2014......SUNRISE   656 AM CST   SUNSET   421 PM CST
NOVEMBER 26 2014......SUNRISE   657 AM CST   SUNSET   420 PM CST


-  INDICATES NEGATIVE NUMBERS.
R  INDICATES RECORD WAS SET OR TIED.
MM INDICATES DATA IS MISSING.
T  INDICATES TRACE AMOUNT.




$$
