000
CDUS43 KMKX 140647
CLIMKE


CLIMATE REPORT
NATIONAL WEATHER SERVICE IN MILWAUKEE
1247 AM CST TUE NOV 14 2017


...................................

...THE MILWAUKEE WI CLIMATE SUMMARY FOR NOVEMBER 13 2017...

CLIMATE NORMAL PERIOD 1981 TO 2010
CLIMATE RECORD PERIOD 1871 TO 2017


WEATHER ITEM   OBSERVED TIME   RECORD YEAR NORMAL DEPARTURE LAST
                VALUE   (LST)  VALUE       VALUE  FROM      YEAR
                                                  NORMAL
..................................................................
TEMPERATURE (F)
 YESTERDAY
  MAXIMUM         44    247 PM  69    1999  47     -3       59
                                      1989
  MINIMUM         30    711 AM   5    1986  33     -3       41
  AVERAGE         37                        40     -3       50

PRECIPITATION (IN)
  YESTERDAY        0.00          0.83 1951   0.09  -0.09     0.00
  MONTH TO DATE    0.62                      1.17  -0.55     0.52
  SINCE SEP 1      5.56                      7.00  -1.44     8.38
  SINCE JAN 1     32.88                     31.18   1.70    26.04

SNOWFALL (IN)
  YESTERDAY        0.0           3.5  1894   0.0    0.0      0.0
  MONTH TO DATE    0.2                       0.3   -0.1      0.0
  SINCE SEP 1      0.2                       0.6   -0.4      0.0
  SINCE JUL 1      0.2                       0.6   -0.4      0.0
  SNOW DEPTH       0

DEGREE DAYS
 HEATING
  YESTERDAY       28                        25      3       15
  MONTH TO DATE  352                       285     67      149
  SINCE SEP 1    678                       844   -166      449
  SINCE JUL 1    687                       870   -183      451

 COOLING
  YESTERDAY        0                         0      0        0
  MONTH TO DATE    0                         0      0        3
  SINCE SEP 1    162                        76     86      155
  SINCE JAN 1    772                       641    131      991
..................................................................


WIND (MPH)
  HIGHEST WIND SPEED    14   HIGHEST WIND DIRECTION    SW (220)
  HIGHEST GUST SPEED    19   HIGHEST GUST DIRECTION    SW (220)
  AVERAGE WIND SPEED     6.6


SKY COVER
  POSSIBLE SUNSHINE  MM
  AVERAGE SKY COVER 0.5


WEATHER CONDITIONS
 THE FOLLOWING WEATHER WAS RECORDED YESTERDAY.
  FOG
  HAZE


RELATIVE HUMIDITY (PERCENT)
 HIGHEST    92           400 AM
 LOWEST     60          1100 AM
 AVERAGE    76

..........................................................


THE MILWAUKEE WI CLIMATE NORMALS FOR TODAY
                         NORMAL    RECORD    YEAR
 MAXIMUM TEMPERATURE (F)   47        70      1971
 MINIMUM TEMPERATURE (F)   33         7      1959


SUNRISE AND SUNSET
NOVEMBER 14 2017......SUNRISE   643 AM CST   SUNSET   429 PM CST
NOVEMBER 15 2017......SUNRISE   644 AM CST   SUNSET   428 PM CST


-  INDICATES NEGATIVE NUMBERS.
R  INDICATES RECORD WAS SET OR TIED.
MM INDICATES DATA IS MISSING.
T  INDICATES TRACE AMOUNT.




$$
