000
CDUS43 KMKX 210656
CLIMKE


CLIMATE REPORT
NATIONAL WEATHER SERVICE IN MILWAUKEE
155 AM CDT THU AUG 21 2014


...................................

...THE MILWAUKEE WI CLIMATE SUMMARY FOR AUGUST 20 2014...

CLIMATE NORMAL PERIOD 1981 TO 2010
CLIMATE RECORD PERIOD 1871 TO 2014


WEATHER ITEM   OBSERVED TIME   RECORD YEAR NORMAL DEPARTURE LAST
                VALUE   (LST)  VALUE       VALUE  FROM      YEAR
                                                  NORMAL
..................................................................
TEMPERATURE (F)
 YESTERDAY
  MAXIMUM         81   1137 AM  97    1955  78      3       86
                                      1916
  MINIMUM         66    544 AM  44    1950  63      3       66
  AVERAGE         74                        71      3       76

PRECIPITATION (IN)
  YESTERDAY        0.00          1.42 1938   0.13  -0.13     0.00
  MONTH TO DATE    3.14                      2.68   0.46     1.60
  SINCE JUN 1     11.79                     10.25   1.54     8.95
  SINCE JAN 1     22.74                     22.89  -0.15    28.46

SNOWFALL (IN)
  YESTERDAY        0.0           0.0    MM   0.0    0.0      0.0
  MONTH TO DATE    0.0                       0.0    0.0      0.0
  SINCE JUN 1      0.0                       0.0    0.0      0.0
  SINCE JUL 1      0.0                       0.0    0.0      0.0
  SNOW DEPTH       0

DEGREE DAYS
 HEATING
  YESTERDAY        0                         0      0        0
  MONTH TO DATE    5                         0      5        8
  SINCE JUN 1    100                        95      5      109
  SINCE JUL 1     26                        11     15       22

 COOLING
  YESTERDAY        9                         6      3       11
  MONTH TO DATE   85                       134    -49       84
  SINCE JUN 1    302                       476   -174      424
  SINCE JAN 1    320                       506   -186      463
..................................................................


WIND (MPH)
  HIGHEST WIND SPEED    16   HIGHEST WIND DIRECTION    SE (130)
  HIGHEST GUST SPEED    18   HIGHEST GUST DIRECTION    SE (130)
  AVERAGE WIND SPEED     6.9


SKY COVER
  POSSIBLE SUNSHINE  MM
  AVERAGE SKY COVER 0.4


WEATHER CONDITIONS
 THE FOLLOWING WEATHER WAS RECORDED YESTERDAY.
  NO SIGNIFICANT WEATHER WAS OBSERVED.


RELATIVE HUMIDITY (PERCENT)
 HIGHEST    87           300 AM
 LOWEST     60          1000 AM
 AVERAGE    74

..........................................................


THE MILWAUKEE WI CLIMATE NORMALS FOR TODAY
                         NORMAL    RECORD    YEAR
 MAXIMUM TEMPERATURE (F)   78       100      1955
 MINIMUM TEMPERATURE (F)   63        46      1950


SUNRISE AND SUNSET
AUGUST 21 2014........SUNRISE   604 AM CDT   SUNSET   745 PM CDT
AUGUST 22 2014........SUNRISE   605 AM CDT   SUNSET   743 PM CDT


-  INDICATES NEGATIVE NUMBERS.
R  INDICATES RECORD WAS SET OR TIED.
MM INDICATES DATA IS MISSING.
T  INDICATES TRACE AMOUNT.




$$
