536
CDUS43 KMKX 252148
CLIMKE


CLIMATE REPORT
NATIONAL WEATHER SERVICE IN MILWAUKEE
345 PM CST SAT FEB 25 2017


...................................

...THE MILWAUKEE WI CLIMATE SUMMARY FOR FEBRUARY 25 2017...
VALID TODAY AS OF 0300 PM LOCAL TIME.

CLIMATE NORMAL PERIOD 1981 TO 2010
CLIMATE RECORD PERIOD 1871 TO 2017


WEATHER ITEM   OBSERVED TIME   RECORD YEAR NORMAL DEPARTURE LAST
                VALUE   (LST)  VALUE       VALUE  FROM      YEAR
                                                  NORMAL
..................................................................
TEMPERATURE (F)
 TODAY
  MAXIMUM         28    126 AM  62    1932  36     -8       35
  MINIMUM         20   1245 PM  -8    1967  22     -2       30
  AVERAGE         24                        29     -5       33

PRECIPITATION (IN)
  TODAY            0.01          1.06 1926   0.07  -0.06      T
  MONTH TO DATE    1.48                      1.46   0.02     0.61
  SINCE DEC 1      5.57                      5.26   0.31     5.12
  SINCE JAN 1      3.64                      3.22   0.42     1.30

SNOWFALL (IN)
  TODAY            0.5          11.6  1935   0.4    0.1       T
  MONTH TO DATE    1.1                       8.9   -7.8      7.7
  SINCE DEC 1     24.0                      34.2  -10.2     22.2
  SINCE JUL 1     24.0                      36.9  -12.9     29.1
  SNOW DEPTH       T

DEGREE DAYS
 HEATING
  TODAY           41                        36      5       32
  MONTH TO DATE  742                       987   -245      940
  SINCE DEC 1   3092                      3507   -415     3077
  SINCE JUL 1   3922                      4872   -950     4116

 COOLING
  TODAY            0                         0      0        0
  MONTH TO DATE    0                         0      0        0
  SINCE DEC 1      0                         0      0        0
  SINCE JAN 1      0                         0      0        0
..................................................................


WIND (MPH)
  HIGHEST WIND SPEED    23   HIGHEST WIND DIRECTION     W (290)
  HIGHEST GUST SPEED    33   HIGHEST GUST DIRECTION    NW (300)
  AVERAGE WIND SPEED    14.4


SKY COVER
  POSSIBLE SUNSHINE  MM
  AVERAGE SKY COVER 0.8


WEATHER CONDITIONS
 THE FOLLOWING WEATHER WAS RECORDED TODAY.
  LIGHT SNOW
  HAZE


RELATIVE HUMIDITY (PERCENT)
 HIGHEST    81           200 AM
 LOWEST     57           300 PM
 AVERAGE    69

..........................................................


THE MILWAUKEE WI CLIMATE NORMALS FOR TOMORROW
                         NORMAL    RECORD    YEAR
 MAXIMUM TEMPERATURE (F)   36        64      2000
 MINIMUM TEMPERATURE (F)   22        -6      1879


SUNRISE AND SUNSET
FEBRUARY 25 2017......SUNRISE   634 AM CST   SUNSET   536 PM CST
FEBRUARY 26 2017......SUNRISE   632 AM CST   SUNSET   538 PM CST


-  INDICATES NEGATIVE NUMBERS.
R  INDICATES RECORD WAS SET OR TIED.
MM INDICATES DATA IS MISSING.
T  INDICATES TRACE AMOUNT.




$$

HAHN
