000
CDUS43 KMKX 140708
CLIMKE


CLIMATE REPORT
NATIONAL WEATHER SERVICE IN MILWAUKEE
206 AM CDT MON APR 14 2014


...................................

...THE MILWAUKEE WI CLIMATE SUMMARY FOR APRIL 13 2014...

CLIMATE NORMAL PERIOD 1981 TO 2010
CLIMATE RECORD PERIOD 1871 TO 2014


WEATHER ITEM   OBSERVED TIME   RECORD YEAR NORMAL DEPARTURE LAST
                VALUE   (LST)  VALUE       VALUE  FROM      YEAR
                                                  NORMAL
..................................................................
TEMPERATURE (F)
 YESTERDAY
  MAXIMUM         53   1213 PM  79    1899  53      0       40
  MINIMUM         37   1159 PM  19    1950  37      0       30
  AVERAGE         45                        45      0       35

PRECIPITATION (IN)
  YESTERDAY        1.49R         1.35 1876   0.13   1.36      T
  MONTH TO DATE    2.35                      1.56   0.79     3.95
  SINCE MAR 1      3.47                      3.83  -0.36     5.58
  SINCE JAN 1      6.21                      7.24  -1.03    11.78

SNOWFALL (IN)
  YESTERDAY        0.0           0.8  1962   0.1   -0.1       T
  MONTH TO DATE    T                         1.3   -1.3       T
  SINCE MAR 1      6.3                       8.3   -2.0      7.4
  SINCE JUL 1     63.1                      46.1   17.0     44.6
  SNOW DEPTH       0

DEGREE DAYS
 HEATING
  YESTERDAY       20                        20      0       30
  MONTH TO DATE  279                       294    -15      346
  SINCE MAR 1   1389                      1223    166     1421
  SINCE JUL 1   7045                      6203    842     6146

 COOLING
  YESTERDAY        0                         0      0        0
  MONTH TO DATE    0                         0      0        0
  SINCE MAR 1      0                         0      0        0
  SINCE JAN 1      0                         0      0        0
..................................................................


WIND (MPH)
  HIGHEST WIND SPEED    30   HIGHEST WIND DIRECTION     N (10)
  HIGHEST GUST SPEED    41   HIGHEST GUST DIRECTION     N (20)
  AVERAGE WIND SPEED    10.4


SKY COVER
  POSSIBLE SUNSHINE  MM
  AVERAGE SKY COVER 0.9


WEATHER CONDITIONS
 THE FOLLOWING WEATHER WAS RECORDED YESTERDAY.
  THUNDERSTORM
  HEAVY RAIN
  RAIN
  LIGHT RAIN
  FOG
  FOG W/VISIBILITY <= 1/4 MILE
  HAZE


RELATIVE HUMIDITY (PERCENT)
 HIGHEST   100           500 AM
 LOWEST     83          1100 AM
 AVERAGE    92

..........................................................


THE MILWAUKEE WI CLIMATE NORMALS FOR TODAY
                         NORMAL    RECORD    YEAR
 MAXIMUM TEMPERATURE (F)   53        85      2003
 MINIMUM TEMPERATURE (F)   37        22      1928
                                             1907


SUNRISE AND SUNSET
APRIL 14 2014.........SUNRISE   612 AM CDT   SUNSET   733 PM CDT
APRIL 15 2014.........SUNRISE   610 AM CDT   SUNSET   734 PM CDT


-  INDICATES NEGATIVE NUMBERS.
R  INDICATES RECORD WAS SET OR TIED.
MM INDICATES DATA IS MISSING.
T  INDICATES TRACE AMOUNT.




$$
