527
CDUS43 KMKX 200658
CLIMKE


CLIMATE REPORT
NATIONAL WEATHER SERVICE IN MILWAUKEE
1257 AM CST MON FEB 20 2017


...................................

...THE MILWAUKEE WI CLIMATE SUMMARY FOR FEBRUARY 19 2017...

CLIMATE NORMAL PERIOD 1981 TO 2010
CLIMATE RECORD PERIOD 1871 TO 2017


WEATHER ITEM   OBSERVED TIME   RECORD YEAR NORMAL DEPARTURE LAST
                VALUE   (LST)  VALUE       VALUE  FROM      YEAR
                                                  NORMAL
..................................................................
TEMPERATURE (F)
 YESTERDAY
  MAXIMUM         58   1230 PM  59    1981  34     24       57
                                      1930
                                      1913
  MINIMUM         34    301 AM -10    1979  20     14       37
  AVERAGE         46                        27     19       47

PRECIPITATION (IN)
  YESTERDAY        0.00          0.70 1908   0.06  -0.06     0.00
  MONTH TO DATE    0.18                      1.07  -0.89     0.61
  SINCE DEC 1      4.27                      4.87  -0.60     5.12
  SINCE JAN 1      2.34                      2.83  -0.49     1.30

SNOWFALL (IN)
  YESTERDAY        0.0          10.0  1908   0.4   -0.4      0.0
  MONTH TO DATE    0.4                       6.8   -6.4      7.7
  SINCE DEC 1     23.3                      32.1   -8.8     22.2
  SINCE JUL 1     23.3                      34.8  -11.5     29.1
  SNOW DEPTH       0

DEGREE DAYS
 HEATING
  YESTERDAY       19                        38    -19       18
  MONTH TO DATE  615                       765   -150      765
  SINCE DEC 1   2965                      3285   -320     2902
  SINCE JUL 1   3795                      4650   -855     3941

 COOLING
  YESTERDAY        0                         0      0        0
  MONTH TO DATE    0                         0      0        0
  SINCE DEC 1      0                         0      0        0
  SINCE JAN 1      0                         0      0        0
..................................................................


WIND (MPH)
  HIGHEST WIND SPEED    10   HIGHEST WIND DIRECTION    NE (50)
  HIGHEST GUST SPEED    13   HIGHEST GUST DIRECTION    NE (40)
  AVERAGE WIND SPEED     4.7


SKY COVER
  POSSIBLE SUNSHINE  MM
  AVERAGE SKY COVER 0.4


WEATHER CONDITIONS
 THE FOLLOWING WEATHER WAS RECORDED YESTERDAY.
  NO SIGNIFICANT WEATHER WAS OBSERVED.


RELATIVE HUMIDITY (PERCENT)
 HIGHEST    76           900 PM
 LOWEST     36          1000 AM
 AVERAGE    56

..........................................................


THE MILWAUKEE WI CLIMATE NORMALS FOR TODAY
                         NORMAL    RECORD    YEAR
 MAXIMUM TEMPERATURE (F)   34        60      1930
 MINIMUM TEMPERATURE (F)   21        -9      1959
                                             1929
                                             1885


SUNRISE AND SUNSET
FEBRUARY 20 2017......SUNRISE   641 AM CST   SUNSET   530 PM CST
FEBRUARY 21 2017......SUNRISE   640 AM CST   SUNSET   531 PM CST


-  INDICATES NEGATIVE NUMBERS.
R  INDICATES RECORD WAS SET OR TIED.
MM INDICATES DATA IS MISSING.
T  INDICATES TRACE AMOUNT.




$$
