000
CDUS43 KMKX 160835
CLIMKE

CLIMATE REPORT
NATIONAL WEATHER SERVICE IN MILWAUKEE
233 AM CST FRI FEB 16 2018


...................................

...THE MILWAUKEE WI CLIMATE SUMMARY FOR FEBRUARY 15 2018...

CLIMATE NORMAL PERIOD 1981 TO 2010
CLIMATE RECORD PERIOD 1871 TO 2018


WEATHER ITEM   OBSERVED TIME   RECORD YEAR NORMAL DEPARTURE LAST
                VALUE   (LST)  VALUE       VALUE  FROM      YEAR
                                                  NORMAL
..................................................................
TEMPERATURE (F)
 YESTERDAY
  MAXIMUM         47    401 PM  62    1921  32     15       35
  MINIMUM         34   1159 PM -15    1875  19     15       26
  AVERAGE         41                        26     15       31

PRECIPITATION (IN)
  YESTERDAY        0.00          0.46 1975   0.06  -0.06     0.00
  MONTH TO DATE    1.17                      0.83   0.34     0.18
  SINCE DEC 1      3.25                      4.63  -1.38     4.27
  SINCE JAN 1      2.79                      2.59   0.20     2.34

SNOWFALL (IN)
  YESTERDAY        0.0           4.1  1975   0.3   -0.3      0.0
  MONTH TO DATE   16.2                       5.3   10.9      0.4
  SINCE DEC 1     32.2                      30.6    1.6     23.3
  SINCE JUL 1     32.4                      33.3   -0.9     23.3
  SNOW DEPTH       2

DEGREE DAYS
 HEATING
  YESTERDAY       24                        39    -15       34
  MONTH TO DATE  678                       611     67      536
  SINCE DEC 1   3128                      3131     -3     2886
  SINCE JUL 1   4233                      4496   -263     3716

 COOLING
  YESTERDAY        0                         0      0        0
  MONTH TO DATE    0                         0      0        0
  SINCE DEC 1      0                         0      0        0
  SINCE JAN 1      0                         0      0        0
..................................................................


WIND (MPH)
  HIGHEST WIND SPEED    23   HIGHEST WIND DIRECTION    SW (240)
  HIGHEST GUST SPEED    34   HIGHEST GUST DIRECTION     W (250)
  AVERAGE WIND SPEED     8.4


SKY COVER
  POSSIBLE SUNSHINE  MM
  AVERAGE SKY COVER 1.0


WEATHER CONDITIONS
 THE FOLLOWING WEATHER WAS RECORDED YESTERDAY.
  FOG
  HAZE


RELATIVE HUMIDITY (PERCENT)
 HIGHEST    93          1200 AM
 LOWEST     60           400 PM
 AVERAGE    77

..........................................................


THE MILWAUKEE WI CLIMATE NORMALS FOR TODAY
                         NORMAL    RECORD    YEAR
 MAXIMUM TEMPERATURE (F)   33        56      1921
 MINIMUM TEMPERATURE (F)   20       -17      1885


SUNRISE AND SUNSET
FEBRUARY 16 2018......SUNRISE   648 AM CST   SUNSET   524 PM CST
FEBRUARY 17 2018......SUNRISE   646 AM CST   SUNSET   526 PM CST


-  INDICATES NEGATIVE NUMBERS.
R  INDICATES RECORD WAS SET OR TIED.
MM INDICATES DATA IS MISSING.
T  INDICATES TRACE AMOUNT.




$$
