000
CDUS43 KMKX 302121
CLIMKE


CLIMATE REPORT
NATIONAL WEATHER SERVICE IN MILWAUKEE
421 PM CDT SUN APR 30 2017


...................................

...THE MILWAUKEE WI CLIMATE SUMMARY FOR APRIL 30 2017...
VALID TODAY AS OF 0400 PM LOCAL TIME.

CLIMATE NORMAL PERIOD 1981 TO 2010
CLIMATE RECORD PERIOD 1871 TO 2017


WEATHER ITEM   OBSERVED TIME   RECORD YEAR NORMAL DEPARTURE LAST
                VALUE   (LST)  VALUE       VALUE  FROM      YEAR
                                                  NORMAL
..................................................................
TEMPERATURE (F)
 TODAY
  MAXIMUM         43   1011 AM  85    2013  59    -16       46
  MINIMUM         41    707 AM  29    1969  42     -1       40
                                      1877
  AVERAGE         42                        51     -9       43

PRECIPITATION (IN)
  TODAY            0.31          1.26 1917   0.12   0.19     0.40
  MONTH TO DATE    5.45                      3.56   1.89     1.80
  SINCE MAR 1      9.17                      5.83   3.34     5.14
  SINCE JAN 1     13.18                      9.24   3.94     6.45

SNOWFALL (IN)
  TODAY            0.0           5.0  1907   0.0    0.0      0.0
  MONTH TO DATE    0.0                       2.0   -2.0      3.4
  SINCE MAR 1     13.6                       9.0    4.6     10.0
  SINCE JUL 1     37.6                      46.8   -9.2     39.1
  SNOW DEPTH       0

DEGREE DAYS
 HEATING
  TODAY           23                        15      8       22
  MONTH TO DATE  418                       589   -171      633
  SINCE MAR 1   1305                      1517   -212     1397
  SINCE JUL 1   5304                      6497  -1193     5616

 COOLING
  TODAY            0                         0      0        0
  MONTH TO DATE    3                         5     -2        0
  SINCE MAR 1      3                         5     -2        0
  SINCE JAN 1      3                         5     -2        0
..................................................................


WIND (MPH)
  HIGHEST WIND SPEED    23   HIGHEST WIND DIRECTION    NE (30)
  HIGHEST GUST SPEED    31   HIGHEST GUST DIRECTION    NE (30)
  AVERAGE WIND SPEED    16.6


SKY COVER
  POSSIBLE SUNSHINE  MM
  AVERAGE SKY COVER 0.9


WEATHER CONDITIONS
 THE FOLLOWING WEATHER WAS RECORDED TODAY.
  LIGHT RAIN
  FOG


RELATIVE HUMIDITY (PERCENT)
 HIGHEST   100          1000 AM
 LOWEST     93           100 AM
 AVERAGE    97

..........................................................


THE MILWAUKEE WI CLIMATE NORMALS FOR TOMORROW
                         NORMAL    RECORD    YEAR
 MAXIMUM TEMPERATURE (F)   60        88      1992
 MINIMUM TEMPERATURE (F)   42        24      1963


SUNRISE AND SUNSET
APRIL 30 2017.........SUNRISE   547 AM CDT   SUNSET   752 PM CDT
MAY  1 2017...........SUNRISE   545 AM CDT   SUNSET   753 PM CDT


-  INDICATES NEGATIVE NUMBERS.
R  INDICATES RECORD WAS SET OR TIED.
MM INDICATES DATA IS MISSING.
T  INDICATES TRACE AMOUNT.




$$
