000
CDUS43 KMKX 220654
CLIMKE


CLIMATE REPORT
NATIONAL WEATHER SERVICE IN MILWAUKEE
1253 AM CST SUN JAN 22 2017


...................................

...THE MILWAUKEE WI CLIMATE SUMMARY FOR JANUARY 21 2017...

CLIMATE NORMAL PERIOD 1981 TO 2010
CLIMATE RECORD PERIOD 1871 TO 2017


WEATHER ITEM   OBSERVED TIME   RECORD YEAR NORMAL DEPARTURE LAST
                VALUE   (LST)  VALUE       VALUE  FROM      YEAR
                                                  NORMAL
..................................................................
TEMPERATURE (F)
 YESTERDAY
  MAXIMUM         56R   323 PM  56    1934  29     27       26
  MINIMUM         38    118 AM -23    1888  15     23       16
  AVERAGE         47                        22     25       21

PRECIPITATION (IN)
  YESTERDAY        0.03          1.06 1959   0.06  -0.03      T
  MONTH TO DATE    1.73                      1.23   0.50     0.37
  SINCE DEC 1      3.66                      3.27   0.39     4.19
  SINCE JAN 1      1.73                      1.23   0.50     0.37

SNOWFALL (IN)
  YESTERDAY        0.0          10.2  1959   0.4   -0.4       T
  MONTH TO DATE    1.0                      10.2   -9.2      4.3
  SINCE DEC 1     19.8                      20.8   -1.0     13.9
  SINCE JUL 1     19.8                      23.5   -3.7     20.8
  SNOW DEPTH       0

DEGREE DAYS
 HEATING
  YESTERDAY       18                        43    -25       44
  MONTH TO DATE  818                       898    -80      950
  SINCE DEC 1   2025                      2093    -68     1789
  SINCE JUL 1   2855                      3458   -603     2828

 COOLING
  YESTERDAY        0                         0      0        0
  MONTH TO DATE    0                         0      0        0
  SINCE DEC 1      0                         0      0        0
  SINCE JAN 1      0                         0      0        0
..................................................................


WIND (MPH)
  HIGHEST WIND SPEED    17   HIGHEST WIND DIRECTION    SW (220)
  HIGHEST GUST SPEED    24   HIGHEST GUST DIRECTION    SW (220)
  AVERAGE WIND SPEED     6.1


SKY COVER
  POSSIBLE SUNSHINE  MM
  AVERAGE SKY COVER 0.8


WEATHER CONDITIONS
 THE FOLLOWING WEATHER WAS RECORDED YESTERDAY.
  LIGHT RAIN
  FOG
  FOG W/VISIBILITY <= 1/4 MILE
  HAZE


RELATIVE HUMIDITY (PERCENT)
 HIGHEST   100          1200 AM
 LOWEST     71           400 PM
 AVERAGE    86

..........................................................


THE MILWAUKEE WI CLIMATE NORMALS FOR TODAY
                         NORMAL    RECORD    YEAR
 MAXIMUM TEMPERATURE (F)   29        53      1964
 MINIMUM TEMPERATURE (F)   15       -22      1885
                                             1883


SUNRISE AND SUNSET
JANUARY 22 2017.......SUNRISE   715 AM CST   SUNSET   452 PM CST
JANUARY 23 2017.......SUNRISE   715 AM CST   SUNSET   453 PM CST


-  INDICATES NEGATIVE NUMBERS.
R  INDICATES RECORD WAS SET OR TIED.
MM INDICATES DATA IS MISSING.
T  INDICATES TRACE AMOUNT.




$$
