000
CDUS43 KMKX 250654
CLIMKE


CLIMATE REPORT
NATIONAL WEATHER SERVICE IN MILWAUKEE
1254 AM CST THU DEC 25 2014


...................................

...THE MILWAUKEE WI CLIMATE SUMMARY FOR DECEMBER 24 2014...

CLIMATE NORMAL PERIOD 1981 TO 2010
CLIMATE RECORD PERIOD 1871 TO 2014


WEATHER ITEM   OBSERVED TIME   RECORD YEAR NORMAL DEPARTURE LAST
                VALUE   (LST)  VALUE       VALUE  FROM      YEAR
                                                  NORMAL
..................................................................
TEMPERATURE (F)
 YESTERDAY
  MAXIMUM         41    214 PM  60    1889  31     10       20
  MINIMUM         34    412 AM -21    1872  18     16        2
  AVERAGE         38                        24     14       11

PRECIPITATION (IN)
  YESTERDAY        T             1.84 1979   0.06  -0.06     0.01
  MONTH TO DATE    1.01                      1.64  -0.63     1.61
  SINCE DEC 1      1.01                      1.64  -0.63     1.61
  SINCE JAN 1     32.09                     34.36  -2.27    39.84

SNOWFALL (IN)
  YESTERDAY        T             9.0  1965   0.4   -0.4      0.2
  MONTH TO DATE    0.5                       7.8   -7.3     16.5
  SINCE DEC 1      0.5                       7.8   -7.3     16.5
  SINCE JUL 1      5.3                      10.5   -5.2     18.5
  SNOW DEPTH       0

DEGREE DAYS
 HEATING
  YESTERDAY       27                        41    -14       54
  MONTH TO DATE  773                       903   -130     1034
  SINCE DEC 1    773                       903   -130     1034
  SINCE JUL 1   2344                      2268     76     2409

 COOLING
  YESTERDAY        0                         0      0        0
  MONTH TO DATE    0                         0      0        0
  SINCE DEC 1      0                         0      0        0
  SINCE JAN 1    464                       641   -177      688
..................................................................


WIND (MPH)
  HIGHEST WIND SPEED    18   HIGHEST WIND DIRECTION     W (290)
  HIGHEST GUST SPEED    25   HIGHEST GUST DIRECTION     W (290)
  AVERAGE WIND SPEED     6.4


SKY COVER
  POSSIBLE SUNSHINE  MM
  AVERAGE SKY COVER 0.9


WEATHER CONDITIONS
 THE FOLLOWING WEATHER WAS RECORDED YESTERDAY.
  LIGHT RAIN
  SLEET
  FOG


RELATIVE HUMIDITY (PERCENT)
 HIGHEST    92           800 AM
 LOWEST     79           100 AM
 AVERAGE    86

..........................................................


THE MILWAUKEE WI CLIMATE NORMALS FOR TODAY
                         NORMAL    RECORD    YEAR
 MAXIMUM TEMPERATURE (F)   30        61      1982
 MINIMUM TEMPERATURE (F)   18       -12      1983


SUNRISE AND SUNSET
DECEMBER 25 2014......SUNRISE   721 AM CST   SUNSET   422 PM CST
DECEMBER 26 2014......SUNRISE   722 AM CST   SUNSET   423 PM CST


-  INDICATES NEGATIVE NUMBERS.
R  INDICATES RECORD WAS SET OR TIED.
MM INDICATES DATA IS MISSING.
T  INDICATES TRACE AMOUNT.




$$
