544
CDUS43 KMKX 140041
CLIMKE


CLIMATE REPORT
NATIONAL WEATHER SERVICE IN MILWAUKEE
641 PM CST SAT FEB 13 2016


...................................

...THE MILWAUKEE WI CLIMATE SUMMARY FOR FEBRUARY 13 2016...
VALID TODAY AS OF 0600 PM LOCAL TIME.

CLIMATE NORMAL PERIOD 1981 TO 2010
CLIMATE RECORD PERIOD 1871 TO 2016


WEATHER ITEM   OBSERVED TIME   RECORD YEAR NORMAL DEPARTURE LAST
                VALUE   (LST)  VALUE       VALUE  FROM      YEAR
                                                  NORMAL
..................................................................
TEMPERATURE (F)
 TODAY
  MAXIMUM         13    409 PM  58    1882  32    -19       26
  MINIMUM          0    733 AM -18    1905  19    -19        3
                                      1885
  AVERAGE          7                        25    -18       15

PRECIPITATION (IN)
  TODAY            0.00          0.65 1906   0.06  -0.06      T
  MONTH TO DATE    0.51                      0.71  -0.20     0.57
  SINCE DEC 1      5.02                      4.51   0.51     2.51
  SINCE JAN 1      1.20                      2.47  -1.27     1.48

SNOWFALL (IN)
  TODAY            0.0           6.5  2007   0.3   -0.3       T
  MONTH TO DATE    4.8                       4.7    0.1     12.4
  SINCE DEC 1     19.3                      30.0  -10.7     26.1
  SINCE JUL 1     26.2                      32.7   -6.5     30.9
  SNOW DEPTH       2

DEGREE DAYS
 HEATING
  TODAY           58                        40     18       50
  MONTH TO DATE  532                       533     -1      593
  SINCE DEC 1   2669                      3053   -384     2940
  SINCE JUL 1   3708                      4418   -710     4511

 COOLING
  TODAY            0                         0      0        0
  MONTH TO DATE    0                         0      0        0
  SINCE DEC 1      0                         0      0        0
  SINCE JAN 1      0                         0      0        0
..................................................................


WIND (MPH)
  HIGHEST WIND SPEED    18   HIGHEST WIND DIRECTION    NW (310)
  HIGHEST GUST SPEED    25   HIGHEST GUST DIRECTION    NW (320)
  AVERAGE WIND SPEED    11.4


SKY COVER
  POSSIBLE SUNSHINE  MM
  AVERAGE SKY COVER 0.1


WEATHER CONDITIONS
 THE FOLLOWING WEATHER WAS RECORDED TODAY.
  NO SIGNIFICANT WEATHER WAS OBSERVED.


RELATIVE HUMIDITY (PERCENT)
 HIGHEST    57           800 AM
 LOWEST     38           300 PM
 AVERAGE    48

..........................................................


THE MILWAUKEE WI CLIMATE NORMALS FOR TOMORROW
                         NORMAL    RECORD    YEAR
 MAXIMUM TEMPERATURE (F)   32        55      1954
 MINIMUM TEMPERATURE (F)   19       -12      1875


SUNRISE AND SUNSET
FEBRUARY 13 2016......SUNRISE   652 AM CST   SUNSET   520 PM CST
FEBRUARY 14 2016......SUNRISE   651 AM CST   SUNSET   521 PM CST


-  INDICATES NEGATIVE NUMBERS.
R  INDICATES RECORD WAS SET OR TIED.
MM INDICATES DATA IS MISSING.
T  INDICATES TRACE AMOUNT.




$$
