000
CDUS43 KMKX 050715
CLIMKE


CLIMATE REPORT
NATIONAL WEATHER SERVICE IN MILWAUKEE
215 AM CDT THU MAY 5 2016


...................................

...THE MILWAUKEE WI CLIMATE SUMMARY FOR MAY 4 2016...

CLIMATE NORMAL PERIOD 1981 TO 2010
CLIMATE RECORD PERIOD 1871 TO 2016


WEATHER ITEM   OBSERVED TIME   RECORD YEAR NORMAL DEPARTURE LAST
                VALUE   (LST)  VALUE       VALUE  FROM      YEAR
                                                  NORMAL
..................................................................
TEMPERATURE (F)
 YESTERDAY
  MAXIMUM         49   1120 AM  89    1952  61    -12       68
  MINIMUM         40   1013 PM  30    1954  43     -3       50
  AVERAGE         45                        52     -7       59

PRECIPITATION (IN)
  YESTERDAY        T             1.46 1990   0.11  -0.11     0.00
  MONTH TO DATE    0.17                      0.43  -0.26      T
  SINCE MAR 1      5.31                      6.26  -0.95     6.05
  SINCE JAN 1      6.62                      9.67  -3.05     7.77

SNOWFALL (IN)
  YESTERDAY        0.0           T    1967   0.0    0.0      0.0
  MONTH TO DATE    0.0                       0.0    0.0      0.0
  SINCE MAR 1     10.0                       9.0    1.0      4.9
  SINCE JUL 1     39.1                      46.8   -7.7     43.0
  SNOW DEPTH       0

DEGREE DAYS
 HEATING
  YESTERDAY       20                        13      7        6
  MONTH TO DATE   69                        55     14       22
  SINCE MAR 1   1466                      1572   -106     1521
  SINCE JUL 1   5685                      6552   -867     6853

 COOLING
  YESTERDAY        0                         0      0        0
  MONTH TO DATE    0                         0      0        4
  SINCE MAR 1      0                         5     -5        4
  SINCE JAN 1      0                         5     -5        4
..................................................................


WIND (MPH)
  HIGHEST WIND SPEED    24   HIGHEST WIND DIRECTION     N (20)
  HIGHEST GUST SPEED    31   HIGHEST GUST DIRECTION    NE (30)
  AVERAGE WIND SPEED    14.6


SKY COVER
  POSSIBLE SUNSHINE  MM
  AVERAGE SKY COVER 0.8


WEATHER CONDITIONS
 THE FOLLOWING WEATHER WAS RECORDED YESTERDAY.
  LIGHT RAIN


RELATIVE HUMIDITY (PERCENT)
 HIGHEST    93           200 AM
 LOWEST     61          1000 AM
 AVERAGE    77

..........................................................


THE MILWAUKEE WI CLIMATE NORMALS FOR TODAY
                         NORMAL    RECORD    YEAR
 MAXIMUM TEMPERATURE (F)   61        89      1949
 MINIMUM TEMPERATURE (F)   43        30      1973


SUNRISE AND SUNSET
MAY  5 2016...........SUNRISE   540 AM CDT   SUNSET   758 PM CDT
MAY  6 2016...........SUNRISE   538 AM CDT   SUNSET   759 PM CDT


-  INDICATES NEGATIVE NUMBERS.
R  INDICATES RECORD WAS SET OR TIED.
MM INDICATES DATA IS MISSING.
T  INDICATES TRACE AMOUNT.




$$
