000
CDUS43 KMKX 302201
CLIMKE


CLIMATE REPORT
NATIONAL WEATHER SERVICE IN MILWAUKEE
500 PM CDT MON MAY 30 2016


...................................

...THE MILWAUKEE WI CLIMATE SUMMARY FOR MAY 30 2016...
VALID TODAY AS OF 0500 PM LOCAL TIME.

CLIMATE NORMAL PERIOD 1981 TO 2010
CLIMATE RECORD PERIOD 1871 TO 2016


WEATHER ITEM   OBSERVED TIME   RECORD YEAR NORMAL DEPARTURE LAST
                VALUE   (LST)  VALUE       VALUE  FROM      YEAR
                                                  NORMAL
..................................................................
TEMPERATURE (F)
 TODAY
  MAXIMUM         81   1102 AM  91    1994  70     11       71
  MINIMUM         64    500 AM  33    1961  51     13       41
  AVERAGE         73                        60     13       56

PRECIPITATION (IN)
  TODAY            0.00          1.39 2008   0.11  -0.11     0.50
  MONTH TO DATE    2.34                      3.28  -0.94     2.43
  SINCE MAR 1      7.48                      9.11  -1.63     8.48
  SINCE JAN 1      8.79                     12.52  -3.73    10.20

SNOWFALL (IN)
  TODAY            0.0           0.0    MM   0.0    0.0      0.0
  MONTH TO DATE    T                         0.1   -0.1      0.0
  SINCE MAR 1     10.0                       9.1    0.9      4.9
  SINCE JUL 1     39.1                      46.9   -7.8     43.0
  SNOW DEPTH       0

DEGREE DAYS
 HEATING
  TODAY            0                         6     -6        9
  MONTH TO DATE  264                       308    -44      246
  SINCE MAR 1   1661                      1825   -164     1745
  SINCE JUL 1   5880                      6805   -925     7077

 COOLING
  TODAY            8                         2      6        0
  MONTH TO DATE   45                        21     24       26
  SINCE MAR 1     45                        26     19       26
  SINCE JAN 1     45                        26     19       26
..................................................................


WIND (MPH)
  HIGHEST WIND SPEED    13   HIGHEST WIND DIRECTION     E (100)
  HIGHEST GUST SPEED    18   HIGHEST GUST DIRECTION     E (110)
  AVERAGE WIND SPEED     7.1


SKY COVER
  POSSIBLE SUNSHINE  MM
  AVERAGE SKY COVER 0.3


WEATHER CONDITIONS
 THE FOLLOWING WEATHER WAS RECORDED TODAY.
  NO SIGNIFICANT WEATHER WAS OBSERVED.


RELATIVE HUMIDITY (PERCENT)
 HIGHEST    78           300 AM
 LOWEST     45          1100 AM
 AVERAGE    62

..........................................................


THE MILWAUKEE WI CLIMATE NORMALS FOR TOMORROW
                         NORMAL    RECORD    YEAR
 MAXIMUM TEMPERATURE (F)   70        91      1925
 MINIMUM TEMPERATURE (F)   51        33      1889


SUNRISE AND SUNSET
MAY 30 2016...........SUNRISE   516 AM CDT   SUNSET   823 PM CDT
MAY 31 2016...........SUNRISE   516 AM CDT   SUNSET   824 PM CDT


-  INDICATES NEGATIVE NUMBERS.
R  INDICATES RECORD WAS SET OR TIED.
MM INDICATES DATA IS MISSING.
T  INDICATES TRACE AMOUNT.




$$
