450
CDUS43 KMKX 240644
CLIMKE


CLIMATE REPORT
NATIONAL WEATHER SERVICE IN MILWAUKEE
1244 AM CST FRI FEB 24 2017


...................................

...THE MILWAUKEE WI CLIMATE SUMMARY FOR FEBRUARY 23 2017...

CLIMATE NORMAL PERIOD 1981 TO 2010
CLIMATE RECORD PERIOD 1871 TO 2017


WEATHER ITEM   OBSERVED TIME   RECORD YEAR NORMAL DEPARTURE LAST
                VALUE   (LST)  VALUE       VALUE  FROM      YEAR
                                                  NORMAL
..................................................................
TEMPERATURE (F)
 YESTERDAY
  MAXIMUM         57   1252 AM  62    1984  35     22       41
  MINIMUM         35   1159 PM -16    1889  22     13       31
  AVERAGE         46                        28     18       36

PRECIPITATION (IN)
  YESTERDAY        0.33          0.59 1975   0.06   0.27     0.00
  MONTH TO DATE    0.58                      1.32  -0.74     0.61
  SINCE DEC 1      4.67                      5.12  -0.45     5.12
  SINCE JAN 1      2.74                      3.08  -0.34     1.30

SNOWFALL (IN)
  YESTERDAY        0.0           4.8  1965   0.4   -0.4      0.0
  MONTH TO DATE    0.4                       8.2   -7.8      7.7
  SINCE DEC 1     23.3                      33.5  -10.2     22.2
  SINCE JUL 1     23.3                      36.2  -12.9     29.1
  SNOW DEPTH       0

DEGREE DAYS
 HEATING
  YESTERDAY       19                        37    -18       29
  MONTH TO DATE  670                       914   -244      877
  SINCE DEC 1   3020                      3434   -414     3014
  SINCE JUL 1   3850                      4799   -949     4053

 COOLING
  YESTERDAY        0                         0      0        0
  MONTH TO DATE    0                         0      0        0
  SINCE DEC 1      0                         0      0        0
  SINCE JAN 1      0                         0      0        0
..................................................................


WIND (MPH)
  HIGHEST WIND SPEED    25   HIGHEST WIND DIRECTION    NE (30)
  HIGHEST GUST SPEED    33   HIGHEST GUST DIRECTION     N (20)
  AVERAGE WIND SPEED    14.4


SKY COVER
  POSSIBLE SUNSHINE  MM
  AVERAGE SKY COVER 0.7


WEATHER CONDITIONS
 THE FOLLOWING WEATHER WAS RECORDED YESTERDAY.
  LIGHT RAIN
  FOG
  HAZE


RELATIVE HUMIDITY (PERCENT)
 HIGHEST    85          1000 PM
 LOWEST     62           100 AM
 AVERAGE    74

..........................................................


THE MILWAUKEE WI CLIMATE NORMALS FOR TODAY
                         NORMAL    RECORD    YEAR
 MAXIMUM TEMPERATURE (F)   35        59      1891
 MINIMUM TEMPERATURE (F)   22       -13      1889


SUNRISE AND SUNSET
FEBRUARY 24 2017......SUNRISE   635 AM CST   SUNSET   535 PM CST
FEBRUARY 25 2017......SUNRISE   634 AM CST   SUNSET   536 PM CST


-  INDICATES NEGATIVE NUMBERS.
R  INDICATES RECORD WAS SET OR TIED.
MM INDICATES DATA IS MISSING.
T  INDICATES TRACE AMOUNT.




$$
