000
CDUS43 KMKX 130643
CLIMKE


CLIMATE REPORT
NATIONAL WEATHER SERVICE IN MILWAUKEE
142 AM CDT SUN JUL 13 2014


...................................

...THE MILWAUKEE WI CLIMATE SUMMARY FOR JULY 12 2014...

CLIMATE NORMAL PERIOD 1981 TO 2010
CLIMATE RECORD PERIOD 1871 TO 2014


WEATHER ITEM   OBSERVED TIME   RECORD YEAR NORMAL DEPARTURE LAST
                VALUE   (LST)  VALUE       VALUE  FROM      YEAR
                                                  NORMAL
..................................................................
TEMPERATURE (F)
 YESTERDAY
  MAXIMUM         77    459 PM  97    1930  80     -3       78
  MINIMUM         67   1148 PM  50    1975  64      3       56
  AVERAGE         72                        72      0       67

PRECIPITATION (IN)
  YESTERDAY        0.99          1.95 1956   0.12   0.87     0.00
  MONTH TO DATE    1.73                      1.49   0.24     0.60
  SINCE JUN 1      8.07                      5.39   2.68     6.40
  SINCE JAN 1     19.02                     18.03   0.99    25.91

SNOWFALL (IN)
  YESTERDAY        0.0           0.0    MM   0.0    0.0      0.0
  MONTH TO DATE    0.0                       0.0    0.0      0.0
  SINCE JUN 1      0.0                       0.0    0.0      0.0
  SINCE JUL 1      0.0                       0.0    0.0      0.0
  SNOW DEPTH       0

DEGREE DAYS
 HEATING
  YESTERDAY        0                         0      0        0
  MONTH TO DATE    7                         4      3        3
  SINCE JUN 1     81                        88     -7       90
  SINCE JUL 1      7                         4      3        3

 COOLING
  YESTERDAY        7                         7      0        2
  MONTH TO DATE   54                        83    -29       86
  SINCE JUN 1    144                       203    -59      185
  SINCE JAN 1    162                       233    -71      224
..................................................................


WIND (MPH)
  HIGHEST WIND SPEED    17   HIGHEST WIND DIRECTION    SW (240)
  HIGHEST GUST SPEED    22   HIGHEST GUST DIRECTION    SW (240)
  AVERAGE WIND SPEED     7.4


SKY COVER
  POSSIBLE SUNSHINE  MM
  AVERAGE SKY COVER 0.9


WEATHER CONDITIONS
 THE FOLLOWING WEATHER WAS RECORDED YESTERDAY.
  THUNDERSTORM
  HEAVY RAIN
  RAIN
  LIGHT RAIN
  FOG
  HAZE


RELATIVE HUMIDITY (PERCENT)
 HIGHEST    97          1000 PM
 LOWEST     66          1200 AM
 AVERAGE    82

..........................................................


THE MILWAUKEE WI CLIMATE NORMALS FOR TODAY
                         NORMAL    RECORD    YEAR
 MAXIMUM TEMPERATURE (F)   80       103      1995
 MINIMUM TEMPERATURE (F)   64        52      1967
                                             1888
                                             1883


SUNRISE AND SUNSET
JULY 13 2014..........SUNRISE   525 AM CDT   SUNSET   830 PM CDT
JULY 14 2014..........SUNRISE   525 AM CDT   SUNSET   829 PM CDT


-  INDICATES NEGATIVE NUMBERS.
R  INDICATES RECORD WAS SET OR TIED.
MM INDICATES DATA IS MISSING.
T  INDICATES TRACE AMOUNT.




$$
