000
CDUS43 KMKX 180716
CLIMKE


CLIMATE REPORT
NATIONAL WEATHER SERVICE IN MILWAUKEE
115 AM CST SAT NOV 18 2017


...................................

...THE MILWAUKEE WI CLIMATE SUMMARY FOR NOVEMBER 17 2017...

CLIMATE NORMAL PERIOD 1981 TO 2010
CLIMATE RECORD PERIOD 1871 TO 2017


WEATHER ITEM   OBSERVED TIME   RECORD YEAR NORMAL DEPARTURE LAST
                VALUE   (LST)  VALUE       VALUE  FROM      YEAR
                                                  NORMAL
..................................................................
TEMPERATURE (F)
 YESTERDAY
  MAXIMUM         44    401 PM  72    2016  45     -1       72
  MINIMUM         36    653 AM   1    1959  31      5       50
  AVERAGE         40                        38      2       61

PRECIPITATION (IN)
  YESTERDAY        0.27          2.14 1928   0.10   0.17     0.00
  MONTH TO DATE    1.21                      1.55  -0.34     0.52
  SINCE SEP 1      6.15                      7.38  -1.23     8.38
  SINCE JAN 1     33.47                     31.56   1.91    26.04

SNOWFALL (IN)
  YESTERDAY        0.0           3.0  1924   0.1   -0.1      0.0
  MONTH TO DATE    0.2                       0.6   -0.4      0.0
  SINCE SEP 1      0.2                       0.9   -0.7      0.0
  SINCE JUL 1      0.2                       0.9   -0.7      0.0
  SNOW DEPTH       0

DEGREE DAYS
 HEATING
  YESTERDAY       25                        27     -2        4
  MONTH TO DATE  453                       389     64      200
  SINCE SEP 1    779                       948   -169      500
  SINCE JUL 1    788                       974   -186      502

 COOLING
  YESTERDAY        0                         0      0        0
  MONTH TO DATE    0                         0      0        3
  SINCE SEP 1    162                        76     86      155
  SINCE JAN 1    772                       641    131      991
..................................................................


WIND (MPH)
  HIGHEST WIND SPEED    21   HIGHEST WIND DIRECTION     S (170)
  HIGHEST GUST SPEED    27   HIGHEST GUST DIRECTION     S (170)
  AVERAGE WIND SPEED     8.9


SKY COVER
  POSSIBLE SUNSHINE  MM
  AVERAGE SKY COVER 1.0


WEATHER CONDITIONS
 THE FOLLOWING WEATHER WAS RECORDED YESTERDAY.
  THUNDERSTORM
  HEAVY RAIN
  LIGHT RAIN
  FOG
  HAZE


RELATIVE HUMIDITY (PERCENT)
 HIGHEST   100           900 PM
 LOWEST     70           200 PM
 AVERAGE    85

..........................................................


THE MILWAUKEE WI CLIMATE NORMALS FOR TODAY
                         NORMAL    RECORD    YEAR
 MAXIMUM TEMPERATURE (F)   45        69      1975
                                             1953
 MINIMUM TEMPERATURE (F)   31         4      1880


SUNRISE AND SUNSET
NOVEMBER 18 2017......SUNRISE   648 AM CST   SUNSET   425 PM CST
NOVEMBER 19 2017......SUNRISE   649 AM CST   SUNSET   425 PM CST


-  INDICATES NEGATIVE NUMBERS.
R  INDICATES RECORD WAS SET OR TIED.
MM INDICATES DATA IS MISSING.
T  INDICATES TRACE AMOUNT.




$$
