000
CDUS43 KMKX 262244
CLIMKE


CLIMATE REPORT
NATIONAL WEATHER SERVICE IN MILWAUKEE
443 PM CST WED NOV 26 2014


...................................

...THE MILWAUKEE WI CLIMATE SUMMARY FOR NOVEMBER 26 2014...
VALID TODAY AS OF 0400 PM LOCAL TIME.

CLIMATE NORMAL PERIOD 1981 TO 2010
CLIMATE RECORD PERIOD 1871 TO 2014


WEATHER ITEM   OBSERVED TIME   RECORD YEAR NORMAL DEPARTURE LAST
                VALUE   (LST)  VALUE       VALUE  FROM      YEAR
                                                  NORMAL
..................................................................
TEMPERATURE (F)
 TODAY
  MAXIMUM         31    157 PM  67    1990  41    -10       33
  MINIMUM         14    637 AM   3    1977  27    -13       17
  AVERAGE         23                        34    -11       25

PRECIPITATION (IN)
  TODAY            0.00          0.99 1965   0.08  -0.08      T
  MONTH TO DATE    1.81                      2.36  -0.55     2.97
  SINCE SEP 1      5.76                      8.19  -2.43     8.10
  SINCE JAN 1     31.05                     32.37  -1.32    38.23

SNOWFALL (IN)
  TODAY            0.0           6.5  1895   0.2   -0.2      0.1
  MONTH TO DATE    4.4                       1.7    2.7      2.0
  SINCE SEP 1      4.5                       2.0    2.5      2.0
  SINCE JUL 1      4.5                       2.0    2.5      2.0
  SNOW DEPTH       2

DEGREE DAYS
 HEATING
  TODAY           42                        31     11       40
  MONTH TO DATE  826                       652    174      682
  SINCE SEP 1   1402                      1211    191     1200
  SINCE JUL 1   1428                      1237    191     1222

 COOLING
  TODAY            0                         0      0        0
  MONTH TO DATE    0                         0      0        0
  SINCE SEP 1     63                        76    -13      111
  SINCE JAN 1    464                       641   -177      688
..................................................................


WIND (MPH)
  HIGHEST WIND SPEED     9   HIGHEST WIND DIRECTION    SW (220)
  HIGHEST GUST SPEED    11   HIGHEST GUST DIRECTION     W (260)
  AVERAGE WIND SPEED     2.1


SKY COVER
  POSSIBLE SUNSHINE  MM
  AVERAGE SKY COVER 0.7


WEATHER CONDITIONS
 THE FOLLOWING WEATHER WAS RECORDED TODAY.
  FOG
  HAZE


RELATIVE HUMIDITY (PERCENT)
 HIGHEST    92           800 AM
 LOWEST     69          1200 PM
 AVERAGE    81

..........................................................


THE MILWAUKEE WI CLIMATE NORMALS FOR TOMORROW
                         NORMAL    RECORD    YEAR
 MAXIMUM TEMPERATURE (F)   40        67      1990
 MINIMUM TEMPERATURE (F)   27         0      1872


SUNRISE AND SUNSET
NOVEMBER 26 2014......SUNRISE   657 AM CST   SUNSET   420 PM CST
NOVEMBER 27 2014......SUNRISE   658 AM CST   SUNSET   420 PM CST


-  INDICATES NEGATIVE NUMBERS.
R  INDICATES RECORD WAS SET OR TIED.
MM INDICATES DATA IS MISSING.
T  INDICATES TRACE AMOUNT.




$$
