000
CDUS43 KMKX 250713
CLIMKE


CLIMATE REPORT
NATIONAL WEATHER SERVICE IN MILWAUKEE
111 AM CST SAT FEB 25 2017


...................................

...THE MILWAUKEE WI CLIMATE SUMMARY FOR FEBRUARY 24 2017...

CLIMATE NORMAL PERIOD 1981 TO 2010
CLIMATE RECORD PERIOD 1871 TO 2017


WEATHER ITEM   OBSERVED TIME   RECORD YEAR NORMAL DEPARTURE LAST
                VALUE   (LST)  VALUE       VALUE  FROM      YEAR
                                                  NORMAL
..................................................................
TEMPERATURE (F)
 YESTERDAY
  MAXIMUM         39    410 AM  59    1891  35      4       36
  MINIMUM         28   1159 PM -13    1889  22      6       32
  AVERAGE         34                        28      6       34

PRECIPITATION (IN)
  YESTERDAY        0.89          1.11 1935   0.07   0.82     0.00
  MONTH TO DATE    1.47                      1.39   0.08     0.61
  SINCE DEC 1      5.56                      5.19   0.37     5.12
  SINCE JAN 1      3.63                      3.15   0.48     1.30

SNOWFALL (IN)
  YESTERDAY        0.2           7.4  2007   0.3   -0.1      0.0
  MONTH TO DATE    0.6                       8.5   -7.9      7.7
  SINCE DEC 1     23.5                      33.8  -10.3     22.2
  SINCE JUL 1     23.5                      36.5  -13.0     29.1
  SNOW DEPTH       0

DEGREE DAYS
 HEATING
  YESTERDAY       31                        37     -6       31
  MONTH TO DATE  701                       951   -250      908
  SINCE DEC 1   3051                      3471   -420     3045
  SINCE JUL 1   3881                      4836   -955     4084

 COOLING
  YESTERDAY        0                         0      0        0
  MONTH TO DATE    0                         0      0        0
  SINCE DEC 1      0                         0      0        0
  SINCE JAN 1      0                         0      0        0
..................................................................


WIND (MPH)
  HIGHEST WIND SPEED    31   HIGHEST WIND DIRECTION    NE (60)
  HIGHEST GUST SPEED    38   HIGHEST GUST DIRECTION    NE (60)
  AVERAGE WIND SPEED    16.7


SKY COVER
  POSSIBLE SUNSHINE  MM
  AVERAGE SKY COVER 1.0


WEATHER CONDITIONS
 THE FOLLOWING WEATHER WAS RECORDED YESTERDAY.
  THUNDERSTORM
  RAIN
  LIGHT RAIN
  LT FREEZING RAIN
  LIGHT SNOW
  FOG


RELATIVE HUMIDITY (PERCENT)
 HIGHEST    92           100 AM
 LOWEST     78          1100 PM
 AVERAGE    85

..........................................................


THE MILWAUKEE WI CLIMATE NORMALS FOR TODAY
                         NORMAL    RECORD    YEAR
 MAXIMUM TEMPERATURE (F)   36        62      1932
 MINIMUM TEMPERATURE (F)   22        -8      1967


SUNRISE AND SUNSET
FEBRUARY 25 2017......SUNRISE   634 AM CST   SUNSET   536 PM CST
FEBRUARY 26 2017......SUNRISE   632 AM CST   SUNSET   538 PM CST


-  INDICATES NEGATIVE NUMBERS.
R  INDICATES RECORD WAS SET OR TIED.
MM INDICATES DATA IS MISSING.
T  INDICATES TRACE AMOUNT.




$$
