067
CDUS43 KMKX 150656
CLIMKE


CLIMATE REPORT
NATIONAL WEATHER SERVICE IN MILWAUKEE
156 AM CDT TUE AUG 15 2017


...................................

...THE MILWAUKEE WI CLIMATE SUMMARY FOR AUGUST 14 2017...

CLIMATE NORMAL PERIOD 1981 TO 2010
CLIMATE RECORD PERIOD 1871 TO 2017


WEATHER ITEM   OBSERVED TIME   RECORD YEAR NORMAL DEPARTURE LAST
                VALUE   (LST)  VALUE       VALUE  FROM      YEAR
                                                  NORMAL
..................................................................
TEMPERATURE (F)
 YESTERDAY
  MAXIMUM         77    327 PM  96    1944  79     -2       87
  MINIMUM         62    542 AM  47    1964  64     -2       68
                                      1962
  AVERAGE         70                        71     -1       78

PRECIPITATION (IN)
  YESTERDAY        0.00          0.84 1981   0.14  -0.14     0.00
  MONTH TO DATE    0.45                      1.85  -1.40     0.34
  SINCE JUN 1      9.35                      9.42  -0.07     5.59
  SINCE JAN 1     26.14                     22.06   4.08    14.41

SNOWFALL (IN)
  YESTERDAY        0.0           0.0    MM   0.0    0.0      0.0
  MONTH TO DATE    0.0                       0.0    0.0      0.0
  SINCE JUN 1      0.0                       0.0    0.0      0.0
  SINCE JUL 1      0.0                       0.0    0.0      0.0
  SNOW DEPTH       0

DEGREE DAYS
 HEATING
  YESTERDAY        0                         0      0        0
  MONTH TO DATE    3                         0      3        0
  SINCE JUN 1     18                        95    -77       31
  SINCE JUL 1      4                        11     -7        2

 COOLING
  YESTERDAY        5                         7     -2       13
  MONTH TO DATE   85                        98    -13      177
  SINCE JUN 1    497                       440     57      634
  SINCE JAN 1    518                       470     48      679
..................................................................


WIND (MPH)
  HIGHEST WIND SPEED    14   HIGHEST WIND DIRECTION     E (110)
  HIGHEST GUST SPEED    16   HIGHEST GUST DIRECTION     E (110)
  AVERAGE WIND SPEED     5.2


SKY COVER
  POSSIBLE SUNSHINE  MM
  AVERAGE SKY COVER 0.6


WEATHER CONDITIONS
 THE FOLLOWING WEATHER WAS RECORDED YESTERDAY.
  NO SIGNIFICANT WEATHER WAS OBSERVED.


RELATIVE HUMIDITY (PERCENT)
 HIGHEST    87           600 AM
 LOWEST     50          1000 AM
 AVERAGE    69

..........................................................


THE MILWAUKEE WI CLIMATE NORMALS FOR TODAY
                         NORMAL    RECORD    YEAR
 MAXIMUM TEMPERATURE (F)   79        93      1955
                                             1937
 MINIMUM TEMPERATURE (F)   63        46      1962
                                             1885


SUNRISE AND SUNSET
AUGUST 15 2017........SUNRISE   558 AM CDT   SUNSET   753 PM CDT
AUGUST 16 2017........SUNRISE   559 AM CDT   SUNSET   752 PM CDT


-  INDICATES NEGATIVE NUMBERS.
R  INDICATES RECORD WAS SET OR TIED.
MM INDICATES DATA IS MISSING.
T  INDICATES TRACE AMOUNT.




$$
