000
CDUS43 KMKX 270654
CLIMKE


CLIMATE REPORT
NATIONAL WEATHER SERVICE IN MILWAUKEE
153 AM CDT MON OCT 27 2014


...................................

...THE MILWAUKEE WI CLIMATE SUMMARY FOR OCTOBER 26 2014...

CLIMATE NORMAL PERIOD 1981 TO 2010
CLIMATE RECORD PERIOD 1871 TO 2014


WEATHER ITEM   OBSERVED TIME   RECORD YEAR NORMAL DEPARTURE LAST
                VALUE   (LST)  VALUE       VALUE  FROM      YEAR
                                                  NORMAL
..................................................................
TEMPERATURE (F)
 YESTERDAY
  MAXIMUM         59   1154 AM  81    1963  56      3       54
  MINIMUM         41    632 AM  20    1887  40      1       42
  AVERAGE         50                        48      2       48

PRECIPITATION (IN)
  YESTERDAY        0.00          0.84 1925   0.09  -0.09     0.00
  MONTH TO DATE    2.75                      2.21   0.54     2.62
  SINCE SEP 1      3.89                      5.39  -1.50     4.16
  SINCE JAN 1     29.18                     29.57  -0.39    34.29

SNOWFALL (IN)
  YESTERDAY        0.0           2.4  1976   0.0    0.0      0.0
  MONTH TO DATE    0.0                       0.2   -0.2      0.0
  SINCE SEP 1      0.0                       0.2   -0.2      0.0
  SINCE JUL 1      0.0                       0.2   -0.2      0.0
  SNOW DEPTH       0

DEGREE DAYS
 HEATING
  YESTERDAY       15                        17     -2       17
  MONTH TO DATE  348                       342      6      322
  SINCE SEP 1    497                       468     29      430
  SINCE JUL 1    523                       494     29      452

 COOLING
  YESTERDAY        0                         0      0        0
  MONTH TO DATE    4                         3      1       10
  SINCE SEP 1     63                        72     -9      111
  SINCE JAN 1    464                       637   -173      688
..................................................................


WIND (MPH)
  HIGHEST WIND SPEED    13   HIGHEST WIND DIRECTION     S (160)
  HIGHEST GUST SPEED    16   HIGHEST GUST DIRECTION     W (290)
  AVERAGE WIND SPEED     7.0


SKY COVER
  POSSIBLE SUNSHINE  MM
  AVERAGE SKY COVER 0.3


WEATHER CONDITIONS
 THE FOLLOWING WEATHER WAS RECORDED YESTERDAY.
  NO SIGNIFICANT WEATHER WAS OBSERVED.


RELATIVE HUMIDITY (PERCENT)
 HIGHEST    77          1000 PM
 LOWEST     31          1200 PM
 AVERAGE    54

..........................................................


THE MILWAUKEE WI CLIMATE NORMALS FOR TODAY
                         NORMAL    RECORD    YEAR
 MAXIMUM TEMPERATURE (F)   55        81      1927
 MINIMUM TEMPERATURE (F)   40        21      1976


SUNRISE AND SUNSET
OCTOBER 27 2014.......SUNRISE   720 AM CDT   SUNSET   551 PM CDT
OCTOBER 28 2014.......SUNRISE   721 AM CDT   SUNSET   549 PM CDT


-  INDICATES NEGATIVE NUMBERS.
R  INDICATES RECORD WAS SET OR TIED.
MM INDICATES DATA IS MISSING.
T  INDICATES TRACE AMOUNT.




$$
