000
CDUS43 KMKX 072148
CLIMKE


CLIMATE REPORT
NATIONAL WEATHER SERVICE IN MILWAUKEE
344 PM CST WED DEC 7 2016


...................................

...THE MILWAUKEE WI CLIMATE SUMMARY FOR DECEMBER 7 2016...
VALID TODAY AS OF 0300 PM LOCAL TIME.

CLIMATE NORMAL PERIOD 1981 TO 2010
CLIMATE RECORD PERIOD 1871 TO 2016


WEATHER ITEM   OBSERVED TIME   RECORD YEAR NORMAL DEPARTURE LAST
                VALUE   (LST)  VALUE       VALUE  FROM      YEAR
                                                  NORMAL
..................................................................
TEMPERATURE (F)
 TODAY
  MAXIMUM         29    112 PM  60    1946  35     -6       40
  MINIMUM         23    758 AM -13    1882  23      0       32
  AVERAGE         26                        29     -3       36

PRECIPITATION (IN)
  TODAY            0.00          0.77 1892   0.07  -0.07     0.00
  MONTH TO DATE    0.33                      0.54  -0.21     0.24
  SINCE DEC 1      0.33                      0.54  -0.21     0.24
  SINCE JAN 1     27.66                     33.26  -5.60    29.26

SNOWFALL (IN)
  TODAY            0.0           6.8  1950   0.3   -0.3      0.0
  MONTH TO DATE    1.8                       2.1   -0.3      0.4
  SINCE DEC 1      1.8                       2.1   -0.3      0.4
  SINCE JUL 1      1.8                       4.8   -3.0      7.3
  SNOW DEPTH       0

DEGREE DAYS
 HEATING
  TODAY           39                        36      3       29
  MONTH TO DATE  218                       243    -25      193
  SINCE DEC 1    218                       243    -25      193
  SINCE JUL 1   1048                      1608   -560     1232

 COOLING
  TODAY            0                         0      0        0
  MONTH TO DATE    0                         0      0        0
  SINCE DEC 1      0                         0      0        0
  SINCE JAN 1    991                       641    350      622
..................................................................


WIND (MPH)
  HIGHEST WIND SPEED    22   HIGHEST WIND DIRECTION     W (260)
  HIGHEST GUST SPEED    32   HIGHEST GUST DIRECTION     W (260)
  AVERAGE WIND SPEED    14.7


SKY COVER
  POSSIBLE SUNSHINE  MM
  AVERAGE SKY COVER 0.4


WEATHER CONDITIONS
 THE FOLLOWING WEATHER WAS RECORDED TODAY.
  NO SIGNIFICANT WEATHER WAS OBSERVED.


RELATIVE HUMIDITY (PERCENT)
 HIGHEST    68           100 AM
 LOWEST     58          1200 AM
 AVERAGE    63

..........................................................


THE MILWAUKEE WI CLIMATE NORMALS FOR TOMORROW
                         NORMAL    RECORD    YEAR
 MAXIMUM TEMPERATURE (F)   35        63      1946
 MINIMUM TEMPERATURE (F)   22       -10      1876


SUNRISE AND SUNSET
DECEMBER  7 2016......SUNRISE   709 AM CST   SUNSET   417 PM CST
DECEMBER  8 2016......SUNRISE   710 AM CST   SUNSET   417 PM CST


-  INDICATES NEGATIVE NUMBERS.
R  INDICATES RECORD WAS SET OR TIED.
MM INDICATES DATA IS MISSING.
T  INDICATES TRACE AMOUNT.




$$

HAHN
