000
CDUS43 KMKX 240046
CLIMKE


CLIMATE REPORT
NATIONAL WEATHER SERVICE IN MILWAUKEE
746 PM CDT FRI SEP 23 2016


...................................

...THE MILWAUKEE WI CLIMATE SUMMARY FOR SEPTEMBER 23 2016...
VALID TODAY AS OF 0700 PM LOCAL TIME.

CLIMATE NORMAL PERIOD 1981 TO 2010
CLIMATE RECORD PERIOD 1871 TO 2016


WEATHER ITEM   OBSERVED TIME   RECORD YEAR NORMAL DEPARTURE LAST
                VALUE   (LST)  VALUE       VALUE  FROM      YEAR
                                                  NORMAL
..................................................................
TEMPERATURE (F)
 TODAY
  MAXIMUM         71    108 PM  93    1937  68      3       76
  MINIMUM         63    902 AM  28    1974  52     11       55
  AVERAGE         67                        60      7       66

PRECIPITATION (IN)
  TODAY            0.03          3.74 1872   0.12  -0.09     0.00
  MONTH TO DATE    3.16                      2.46   0.70     3.81
  SINCE SEP 1      3.16                      2.46   0.70     3.81
  SINCE JAN 1     20.82                     26.64  -5.82    21.56

SNOWFALL (IN)
  TODAY            0.0           T    1942   0.0    0.0      0.0
  MONTH TO DATE    0.0                       0.0    0.0      0.0
  SINCE SEP 1      0.0                       0.0    0.0      0.0
  SINCE JUL 1      0.0                       0.0    0.0      0.0
  SNOW DEPTH       0

DEGREE DAYS
 HEATING
  TODAY            0                         6     -6        0
  MONTH TO DATE    0                        73    -73       31
  SINCE SEP 1      0                        73    -73       31
  SINCE JUL 1      2                        99    -97       79

 COOLING
  TODAY            2                         1      1        1
  MONTH TO DATE  134                        63     71      126
  SINCE SEP 1    134                        63     71      126
  SINCE JAN 1    970                       628    342      613
..................................................................


WIND (MPH)
  HIGHEST WIND SPEED    21   HIGHEST WIND DIRECTION     N (10)
  HIGHEST GUST SPEED    28   HIGHEST GUST DIRECTION     N (10)
  AVERAGE WIND SPEED    12.9


SKY COVER
  POSSIBLE SUNSHINE  MM
  AVERAGE SKY COVER 1.0


WEATHER CONDITIONS
 THE FOLLOWING WEATHER WAS RECORDED TODAY.
  LIGHT RAIN
  FOG
  FOG W/VISIBILITY <= 1/4 MILE
  HAZE


RELATIVE HUMIDITY (PERCENT)
 HIGHEST    93          1200 AM
 LOWEST     78           100 PM
 AVERAGE    86

..........................................................


THE MILWAUKEE WI CLIMATE NORMALS FOR TOMORROW
                         NORMAL    RECORD    YEAR
 MAXIMUM TEMPERATURE (F)   68        92      1891
 MINIMUM TEMPERATURE (F)   51        32      1942


SUNRISE AND SUNSET
SEPTEMBER 23 2016.....SUNRISE   641 AM CDT   SUNSET   646 PM CDT
SEPTEMBER 24 2016.....SUNRISE   642 AM CDT   SUNSET   644 PM CDT


-  INDICATES NEGATIVE NUMBERS.
R  INDICATES RECORD WAS SET OR TIED.
MM INDICATES DATA IS MISSING.
T  INDICATES TRACE AMOUNT.




$$
