000
CDUS43 KMKX 180641
CLIMKE


CLIMATE REPORT
NATIONAL WEATHER SERVICE IN MILWAUKEE
1241 AM CST THU DEC 18 2014


...................................

...THE MILWAUKEE WI CLIMATE SUMMARY FOR DECEMBER 17 2014...

CLIMATE NORMAL PERIOD 1981 TO 2010
CLIMATE RECORD PERIOD 1871 TO 2014


WEATHER ITEM   OBSERVED TIME   RECORD YEAR NORMAL DEPARTURE LAST
                VALUE   (LST)  VALUE       VALUE  FROM      YEAR
                                                  NORMAL
..................................................................
TEMPERATURE (F)
 YESTERDAY
  MAXIMUM         29   1241 AM  51    1939  32     -3       34
  MINIMUM         21   1159 PM -13    1884  19      2       15
  AVERAGE         25                        26     -1       25

PRECIPITATION (IN)
  YESTERDAY        T             0.81 1876   0.06  -0.06     0.01
  MONTH TO DATE    0.34                      1.22  -0.88     0.77
  SINCE DEC 1      0.34                      1.22  -0.88     0.77
  SINCE JAN 1     31.42                     33.94  -2.52    39.00

SNOWFALL (IN)
  YESTERDAY        T             5.2  1951   0.3   -0.3      0.8
  MONTH TO DATE    0.5                       5.3   -4.8      7.3
  SINCE DEC 1      0.5                       5.3   -4.8      7.3
  SINCE JUL 1      5.3                       8.0   -2.7      9.3
  SNOW DEPTH       0

DEGREE DAYS
 HEATING
  YESTERDAY       40                        39      1       40
  MONTH TO DATE  552                       621    -69      746
  SINCE DEC 1    552                       621    -69      746
  SINCE JUL 1   2123                      1986    137     2121

 COOLING
  YESTERDAY        0                         0      0        0
  MONTH TO DATE    0                         0      0        0
  SINCE DEC 1      0                         0      0        0
  SINCE JAN 1    464                       641   -177      688
..................................................................


WIND (MPH)
  HIGHEST WIND SPEED    21   HIGHEST WIND DIRECTION    NW (300)
  HIGHEST GUST SPEED    29   HIGHEST GUST DIRECTION    NW (300)
  AVERAGE WIND SPEED    12.5


SKY COVER
  POSSIBLE SUNSHINE  MM
  AVERAGE SKY COVER 0.8


WEATHER CONDITIONS
 THE FOLLOWING WEATHER WAS RECORDED YESTERDAY.
  NO SIGNIFICANT WEATHER WAS OBSERVED.


RELATIVE HUMIDITY (PERCENT)
 HIGHEST    69           100 AM
 LOWEST     57          1200 PM
 AVERAGE    63

..........................................................


THE MILWAUKEE WI CLIMATE NORMALS FOR TODAY
                         NORMAL    RECORD    YEAR
 MAXIMUM TEMPERATURE (F)   32        54      1877
 MINIMUM TEMPERATURE (F)   19       -20      1884


SUNRISE AND SUNSET
DECEMBER 18 2014......SUNRISE   718 AM CST   SUNSET   419 PM CST
DECEMBER 19 2014......SUNRISE   718 AM CST   SUNSET   419 PM CST


-  INDICATES NEGATIVE NUMBERS.
R  INDICATES RECORD WAS SET OR TIED.
MM INDICATES DATA IS MISSING.
T  INDICATES TRACE AMOUNT.




$$
