000
CDUS43 KMKX 240701
CLIMKE


CLIMATE REPORT
NATIONAL WEATHER SERVICE IN MILWAUKEE
159 AM CDT TUE MAY 24 2016


...................................

...THE MILWAUKEE WI CLIMATE SUMMARY FOR MAY 23 2016...

CLIMATE NORMAL PERIOD 1981 TO 2010
CLIMATE RECORD PERIOD 1871 TO 2016


WEATHER ITEM   OBSERVED TIME   RECORD YEAR NORMAL DEPARTURE LAST
                VALUE   (LST)  VALUE       VALUE  FROM      YEAR
                                                  NORMAL
..................................................................
TEMPERATURE (F)
 YESTERDAY
  MAXIMUM         76    335 PM  87    1977  67      9       74
                                      1964
                                      1921
  MINIMUM         49    212 AM  30    1963  49      0       45
                                      1961
  AVERAGE         63                        58      5       60

PRECIPITATION (IN)
  YESTERDAY        0.00          1.40 1965   0.12  -0.12     0.00
  MONTH TO DATE    1.83                      2.47  -0.64     1.12
  SINCE MAR 1      6.97                      8.30  -1.33     7.17
  SINCE JAN 1      8.28                     11.71  -3.43     8.89

SNOWFALL (IN)
  YESTERDAY        0.0           0.0    MM   0.0    0.0      0.0
  MONTH TO DATE    T                         0.1   -0.1      0.0
  SINCE MAR 1     10.0                       9.1    0.9      4.9
  SINCE JUL 1     39.1                      46.9   -7.8     43.0
  SNOW DEPTH       0

DEGREE DAYS
 HEATING
  YESTERDAY        2                         8     -6        5
  MONTH TO DATE  264                       258      6      231
  SINCE MAR 1   1661                      1775   -114     1730
  SINCE JUL 1   5880                      6755   -875     7062

 COOLING
  YESTERDAY        0                         1     -1        0
  MONTH TO DATE    0                        13    -13       11
  SINCE MAR 1      0                        18    -18       11
  SINCE JAN 1      0                        18    -18       11
..................................................................


WIND (MPH)
  HIGHEST WIND SPEED    20   HIGHEST WIND DIRECTION    SE (130)
  HIGHEST GUST SPEED    23   HIGHEST GUST DIRECTION    SE (140)
  AVERAGE WIND SPEED     8.9


SKY COVER
  POSSIBLE SUNSHINE  MM
  AVERAGE SKY COVER 0.3


WEATHER CONDITIONS
 THE FOLLOWING WEATHER WAS RECORDED YESTERDAY.
  HAZE


RELATIVE HUMIDITY (PERCENT)
 HIGHEST    77           400 AM
 LOWEST     27           600 PM
 AVERAGE    52

..........................................................


THE MILWAUKEE WI CLIMATE NORMALS FOR TODAY
                         NORMAL    RECORD    YEAR
 MAXIMUM TEMPERATURE (F)   68        90      1950
 MINIMUM TEMPERATURE (F)   49        34      1963
                                             1958
                                             1925


SUNRISE AND SUNSET
MAY 24 2016...........SUNRISE   520 AM CDT   SUNSET   817 PM CDT
MAY 25 2016...........SUNRISE   519 AM CDT   SUNSET   818 PM CDT


-  INDICATES NEGATIVE NUMBERS.
R  INDICATES RECORD WAS SET OR TIED.
MM INDICATES DATA IS MISSING.
T  INDICATES TRACE AMOUNT.




$$
