000
CDUS43 KMKX 152140
CLIMKE


CLIMATE REPORT
NATIONAL WEATHER SERVICE IN MILWAUKEE
440 PM CDT MON MAY 15 2017


...................................

...THE MILWAUKEE WI CLIMATE SUMMARY FOR MAY 15 2017...
VALID TODAY AS OF 0400 PM LOCAL TIME.

CLIMATE NORMAL PERIOD 1981 TO 2010
CLIMATE RECORD PERIOD 1871 TO 2017


WEATHER ITEM   OBSERVED TIME   RECORD YEAR NORMAL DEPARTURE LAST
                VALUE   (LST)  VALUE       VALUE  FROM      YEAR
                                                  NORMAL
..................................................................
TEMPERATURE (F)
 TODAY
  MAXIMUM         68    206 PM  88    1932  65      3       56
  MINIMUM         47    440 AM  34    1888  46      1       36
  AVERAGE         58                        55      3       46

PRECIPITATION (IN)
  TODAY            0.00          1.82 1876   0.10  -0.10     0.00
  MONTH TO DATE    0.29                      1.57  -1.28     1.72
  SINCE MAR 1     10.24                      7.40   2.84     6.86
  SINCE JAN 1     14.25                     10.81   3.44     8.17

SNOWFALL (IN)
  TODAY            0.0           T    2012   0.0    0.0      0.0
  MONTH TO DATE    0.0                       0.1   -0.1       T
  SINCE MAR 1     13.6                       9.1    4.5     10.0
  SINCE JUL 1     37.6                      46.9   -9.3     39.1
  SNOW DEPTH       0

DEGREE DAYS
 HEATING
  TODAY            7                        10     -3       19
  MONTH TO DATE  219                       184     35      200
  SINCE MAR 1   1524                      1701   -177     1597
  SINCE JUL 1   5523                      6681  -1158     5816

 COOLING
  TODAY            0                         1     -1        0
  MONTH TO DATE    0                         5     -5        0
  SINCE MAR 1      3                        10     -7        0
  SINCE JAN 1      3                        10     -7        0
..................................................................


WIND (MPH)
  HIGHEST WIND SPEED    17   HIGHEST WIND DIRECTION    SE (140)
  HIGHEST GUST SPEED    22   HIGHEST GUST DIRECTION    SE (140)
  AVERAGE WIND SPEED     8.6


SKY COVER
  POSSIBLE SUNSHINE  MM
  AVERAGE SKY COVER 0.5


WEATHER CONDITIONS
 THE FOLLOWING WEATHER WAS RECORDED TODAY.
  NO SIGNIFICANT WEATHER WAS OBSERVED.


RELATIVE HUMIDITY (PERCENT)
 HIGHEST    77           500 AM
 LOWEST     48           200 PM
 AVERAGE    63

..........................................................


THE MILWAUKEE WI CLIMATE NORMALS FOR TOMORROW
                         NORMAL    RECORD    YEAR
 MAXIMUM TEMPERATURE (F)   65        89      1977
 MINIMUM TEMPERATURE (F)   46        31      1888


SUNRISE AND SUNSET
MAY 15 2017...........SUNRISE   528 AM CDT   SUNSET   808 PM CDT
MAY 16 2017...........SUNRISE   527 AM CDT   SUNSET   809 PM CDT


-  INDICATES NEGATIVE NUMBERS.
R  INDICATES RECORD WAS SET OR TIED.
MM INDICATES DATA IS MISSING.
T  INDICATES TRACE AMOUNT.




$$
