000
CDUS43 KMKX 250657
CLIMKE


CLIMATE REPORT
NATIONAL WEATHER SERVICE IN MILWAUKEE
157 AM CDT MON AUG 25 2014


...................................

...THE MILWAUKEE WI CLIMATE SUMMARY FOR AUGUST 24 2014...

CLIMATE NORMAL PERIOD 1981 TO 2010
CLIMATE RECORD PERIOD 1871 TO 2014


WEATHER ITEM   OBSERVED TIME   RECORD YEAR NORMAL DEPARTURE LAST
                VALUE   (LST)  VALUE       VALUE  FROM      YEAR
                                                  NORMAL
..................................................................
TEMPERATURE (F)
 YESTERDAY
  MAXIMUM         77    221 PM 100    1948  78     -1       79
  MINIMUM         70    540 AM  47    1887  62      8       57
  AVERAGE         74                        70      4       68

PRECIPITATION (IN)
  YESTERDAY        0.01          2.48 1892   0.11  -0.10     0.00
  MONTH TO DATE    4.85                      3.14   1.71     3.27
  SINCE JUN 1     13.50                     10.71   2.79    10.62
  SINCE JAN 1     24.45                     23.35   1.10    30.13

SNOWFALL (IN)
  YESTERDAY        0.0           0.0    MM   0.0    0.0      0.0
  MONTH TO DATE    0.0                       0.0    0.0      0.0
  SINCE JUN 1      0.0                       0.0    0.0      0.0
  SINCE JUL 1      0.0                       0.0    0.0      0.0
  SNOW DEPTH       0

DEGREE DAYS
 HEATING
  YESTERDAY        0                         1     -1        0
  MONTH TO DATE    5                         3      2        8
  SINCE JUN 1    100                        98      2      109
  SINCE JUL 1     26                        14     12       22

 COOLING
  YESTERDAY        9                         6      3        3
  MONTH TO DATE  118                       158    -40      107
  SINCE JUN 1    335                       500   -165      447
  SINCE JAN 1    353                       530   -177      486
..................................................................


WIND (MPH)
  HIGHEST WIND SPEED    17   HIGHEST WIND DIRECTION    SE (130)
  HIGHEST GUST SPEED    21   HIGHEST GUST DIRECTION    SE (120)
  AVERAGE WIND SPEED     9.7


SKY COVER
  POSSIBLE SUNSHINE  MM
  AVERAGE SKY COVER 0.6


WEATHER CONDITIONS
 THE FOLLOWING WEATHER WAS RECORDED YESTERDAY.
  LIGHT RAIN
  FOG


RELATIVE HUMIDITY (PERCENT)
 HIGHEST    97          1200 AM
 LOWEST     74           100 PM
 AVERAGE    86

..........................................................


THE MILWAUKEE WI CLIMATE NORMALS FOR TODAY
                         NORMAL    RECORD    YEAR
 MAXIMUM TEMPERATURE (F)   78        94      1948
 MINIMUM TEMPERATURE (F)   62        44      1917


SUNRISE AND SUNSET
AUGUST 25 2014........SUNRISE   608 AM CDT   SUNSET   738 PM CDT
AUGUST 26 2014........SUNRISE   610 AM CDT   SUNSET   736 PM CDT


-  INDICATES NEGATIVE NUMBERS.
R  INDICATES RECORD WAS SET OR TIED.
MM INDICATES DATA IS MISSING.
T  INDICATES TRACE AMOUNT.




$$
