000
CDUS43 KMKX 190645
CLIMKE


CLIMATE REPORT
NATIONAL WEATHER SERVICE IN MILWAUKEE
144 AM CDT WED APR 19 2017


...................................

...THE MILWAUKEE WI CLIMATE SUMMARY FOR APRIL 18 2017...

CLIMATE NORMAL PERIOD 1981 TO 2010
CLIMATE RECORD PERIOD 1871 TO 2017


WEATHER ITEM   OBSERVED TIME   RECORD YEAR NORMAL DEPARTURE LAST
                VALUE   (LST)  VALUE       VALUE  FROM      YEAR
                                                  NORMAL
..................................................................
TEMPERATURE (F)
 YESTERDAY
  MAXIMUM         73    607 PM  88    2002  55     18       78
  MINIMUM         40    440 AM  23    1983  38      2       42
  AVERAGE         57                        46     11       60

PRECIPITATION (IN)
  YESTERDAY        T             1.63 1877   0.12  -0.12     0.00
  MONTH TO DATE    3.27                      2.18   1.09     1.01
  SINCE MAR 1      6.99                      4.45   2.54     4.35
  SINCE JAN 1     11.00                      7.86   3.14     5.66

SNOWFALL (IN)
  YESTERDAY        0.0           6.4  1912   0.0    0.0      0.0
  MONTH TO DATE    0.0                       1.6   -1.6      3.4
  SINCE MAR 1     13.6                       8.6    5.0     10.0
  SINCE JUL 1     37.6                      46.4   -8.8     39.1
  SNOW DEPTH       0

DEGREE DAYS
 HEATING
  YESTERDAY        8                        19    -11        5
  MONTH TO DATE  256                       391   -135      426
  SINCE MAR 1   1143                      1320   -177     1190
  SINCE JUL 1   5142                      6300  -1158     5409

 COOLING
  YESTERDAY        0                         0      0        0
  MONTH TO DATE    2                         0      2        0
  SINCE MAR 1      2                         0      2        0
  SINCE JAN 1      2                         0      2        0
..................................................................


WIND (MPH)
  HIGHEST WIND SPEED    25   HIGHEST WIND DIRECTION     S (160)
  HIGHEST GUST SPEED    30   HIGHEST GUST DIRECTION    SE (150)
  AVERAGE WIND SPEED    10.3


SKY COVER
  POSSIBLE SUNSHINE  MM
  AVERAGE SKY COVER 0.7


WEATHER CONDITIONS
 THE FOLLOWING WEATHER WAS RECORDED YESTERDAY.
  NO SIGNIFICANT WEATHER WAS OBSERVED.


RELATIVE HUMIDITY (PERCENT)
 HIGHEST    89           600 AM
 LOWEST     33           400 PM
 AVERAGE    61

..........................................................


THE MILWAUKEE WI CLIMATE NORMALS FOR TODAY
                         NORMAL    RECORD    YEAR
 MAXIMUM TEMPERATURE (F)   55        86      1985
 MINIMUM TEMPERATURE (F)   39        23      1897


SUNRISE AND SUNSET
APRIL 19 2017.........SUNRISE   603 AM CDT   SUNSET   739 PM CDT
APRIL 20 2017.........SUNRISE   601 AM CDT   SUNSET   740 PM CDT


-  INDICATES NEGATIVE NUMBERS.
R  INDICATES RECORD WAS SET OR TIED.
MM INDICATES DATA IS MISSING.
T  INDICATES TRACE AMOUNT.




$$
