000
CDUS43 KMKX 220658
CLIMKE


CLIMATE REPORT
NATIONAL WEATHER SERVICE IN MILWAUKEE
153 AM CDT THU SEP 22 2016


...................................

...THE MILWAUKEE WI CLIMATE SUMMARY FOR SEPTEMBER 21 2016...

CLIMATE NORMAL PERIOD 1981 TO 2010
CLIMATE RECORD PERIOD 1871 TO 2016


WEATHER ITEM   OBSERVED TIME   RECORD YEAR NORMAL DEPARTURE LAST
                VALUE   (LST)  VALUE       VALUE  FROM      YEAR
                                                  NORMAL
..................................................................
TEMPERATURE (F)
 YESTERDAY
  MAXIMUM         74    253 PM  90    1920  69      5       70
                                      1893
  MINIMUM         64    714 AM  33    1962  53     11       51
  AVERAGE         69                        61      8       61

PRECIPITATION (IN)
  YESTERDAY        0.69          2.71 1947   0.11   0.58     0.00
  MONTH TO DATE    3.13                      2.23   0.90     3.81
  SINCE SEP 1      3.13                      2.23   0.90     3.81
  SINCE JAN 1     20.79                     26.41  -5.62    21.56

SNOWFALL (IN)
  YESTERDAY        0.0           0.0    MM   0.0    0.0      0.0
  MONTH TO DATE    0.0                       0.0    0.0      0.0
  SINCE SEP 1      0.0                       0.0    0.0      0.0
  SINCE JUL 1      0.0                       0.0    0.0      0.0
  SNOW DEPTH       0

DEGREE DAYS
 HEATING
  YESTERDAY        0                         5     -5        4
  MONTH TO DATE    0                        61    -61       31
  SINCE SEP 1      0                        61    -61       31
  SINCE JUL 1      2                        87    -85       79

 COOLING
  YESTERDAY        4                         1      3        0
  MONTH TO DATE  125                        61     64      124
  SINCE SEP 1    125                        61     64      124
  SINCE JAN 1    961                       626    335      611
..................................................................


WIND (MPH)
  HIGHEST WIND SPEED    24   HIGHEST WIND DIRECTION    SW (220)
  HIGHEST GUST SPEED    29   HIGHEST GUST DIRECTION    SW (210)
  AVERAGE WIND SPEED     6.6


SKY COVER
  POSSIBLE SUNSHINE  MM
  AVERAGE SKY COVER 0.9


WEATHER CONDITIONS
 THE FOLLOWING WEATHER WAS RECORDED YESTERDAY.
  THUNDERSTORM
  RAIN
  LIGHT RAIN
  FOG


RELATIVE HUMIDITY (PERCENT)
 HIGHEST    93           700 AM
 LOWEST     64           100 PM
 AVERAGE    79

..........................................................


THE MILWAUKEE WI CLIMATE NORMALS FOR TODAY
                         NORMAL    RECORD    YEAR
 MAXIMUM TEMPERATURE (F)   69        92      1937
 MINIMUM TEMPERATURE (F)   52        32      1974


SUNRISE AND SUNSET
SEPTEMBER 22 2016.....SUNRISE   639 AM CDT   SUNSET   648 PM CDT
SEPTEMBER 23 2016.....SUNRISE   641 AM CDT   SUNSET   646 PM CDT


-  INDICATES NEGATIVE NUMBERS.
R  INDICATES RECORD WAS SET OR TIED.
MM INDICATES DATA IS MISSING.
T  INDICATES TRACE AMOUNT.




$$
