863
CDUS43 KMKX 190653
CLIMKE


CLIMATE REPORT
NATIONAL WEATHER SERVICE IN MILWAUKEE
1253 AM CST FRI JAN 19 2018


...................................

...THE MILWAUKEE WI CLIMATE SUMMARY FOR JANUARY 18 2018...

CLIMATE NORMAL PERIOD 1981 TO 2010
CLIMATE RECORD PERIOD 1871 TO 2018


WEATHER ITEM   OBSERVED TIME   RECORD YEAR NORMAL DEPARTURE LAST
                VALUE   (LST)  VALUE       VALUE  FROM      YEAR
                                                  NORMAL
..................................................................
TEMPERATURE (F)
 YESTERDAY
  MAXIMUM         34    344 PM  53    1996  29      5       39
  MINIMUM         19    805 AM -21    1994  15      4       34
                                      1930
  AVERAGE         27                        22      5       37

PRECIPITATION (IN)
  YESTERDAY        0.00          1.06 1960   0.06  -0.06     0.00
  MONTH TO DATE    0.35                      1.07  -0.72     1.19
  SINCE DEC 1      0.81                      3.11  -2.30     3.12
  SINCE JAN 1      0.35                      1.07  -0.72     1.19

SNOWFALL (IN)
  YESTERDAY        0.0          13.9  1936   0.5   -0.5      0.0
  MONTH TO DATE    8.1                       8.8   -0.7      1.0
  SINCE DEC 1     12.7                      19.4   -6.7     19.8
  SINCE JUL 1     12.9                      22.1   -9.2     19.8
  SNOW DEPTH       4

DEGREE DAYS
 HEATING
  YESTERDAY       38                        43     -5       28
  MONTH TO DATE  832                       769     63      744
  SINCE DEC 1   2038                      1964     74     1951
  SINCE JUL 1   3143                      3329   -186     2781

 COOLING
  YESTERDAY        0                         0      0        0
  MONTH TO DATE    0                         0      0        0
  SINCE DEC 1      0                         0      0        0
  SINCE JAN 1      0                         0      0        0
..................................................................


WIND (MPH)
  HIGHEST WIND SPEED    21   HIGHEST WIND DIRECTION     W (250)
  HIGHEST GUST SPEED    31   HIGHEST GUST DIRECTION    SW (240)
  AVERAGE WIND SPEED    14.0


SKY COVER
  POSSIBLE SUNSHINE  MM
  AVERAGE SKY COVER 0.3


WEATHER CONDITIONS
 THE FOLLOWING WEATHER WAS RECORDED YESTERDAY.
  NO SIGNIFICANT WEATHER WAS OBSERVED.


RELATIVE HUMIDITY (PERCENT)
 HIGHEST    69           800 PM
 LOWEST     54           200 PM
 AVERAGE    62

..........................................................


THE MILWAUKEE WI CLIMATE NORMALS FOR TODAY
                         NORMAL    RECORD    YEAR
 MAXIMUM TEMPERATURE (F)   29        51      1933
 MINIMUM TEMPERATURE (F)   15       -22      1985


SUNRISE AND SUNSET
JANUARY 19 2018.......SUNRISE   718 AM CST   SUNSET   448 PM CST
JANUARY 20 2018.......SUNRISE   717 AM CST   SUNSET   449 PM CST


-  INDICATES NEGATIVE NUMBERS.
R  INDICATES RECORD WAS SET OR TIED.
MM INDICATES DATA IS MISSING.
T  INDICATES TRACE AMOUNT.




$$
