000
CDUS43 KMKX 302153
CLIMKE


CLIMATE REPORT
NATIONAL WEATHER SERVICE IN MILWAUKEE
352 PM CST FRI JAN 30 2015


...................................

...THE MILWAUKEE WI CLIMATE SUMMARY FOR JANUARY 30 2015...
VALID TODAY AS OF 0300 PM LOCAL TIME.

CLIMATE NORMAL PERIOD 1981 TO 2010
CLIMATE RECORD PERIOD 1871 TO 2015


WEATHER ITEM   OBSERVED TIME   RECORD YEAR NORMAL DEPARTURE LAST
                VALUE   (LST)  VALUE       VALUE  FROM      YEAR
                                                  NORMAL
..................................................................
TEMPERATURE (F)
 TODAY
  MAXIMUM         28    109 PM  53    1988  29     -1       31
  MINIMUM         18    754 AM -24    1951  16      2       21
  AVERAGE         23                        23      0       26

PRECIPITATION (IN)
  TODAY            0.00          0.65 1947   0.05  -0.05     0.01
  MONTH TO DATE    0.78                      1.70  -0.92     1.11
  SINCE DEC 1      1.81                      3.74  -1.93     2.90
  SINCE JAN 1      0.78                      1.70  -0.92     1.11

SNOWFALL (IN)
  TODAY            0.0           6.8  1947   0.4   -0.4      0.3
  MONTH TO DATE   12.1                      14.2   -2.1     19.6
  SINCE DEC 1     12.6                      24.8  -12.2     38.9
  SINCE JUL 1     17.4                      27.5  -10.1     40.9
  SNOW DEPTH       T

DEGREE DAYS
 HEATING
  TODAY           42                        42      0       39
  MONTH TO DATE 1274                      1284    -10     1521
  SINCE DEC 1   2310                      2479   -169     2879
  SINCE JUL 1   3881                      3844     37     4254

 COOLING
  TODAY            0                         0      0        0
  MONTH TO DATE    0                         0      0        0
  SINCE DEC 1      0                         0      0        0
  SINCE JAN 1      0                         0      0        0
..................................................................


WIND (MPH)
  HIGHEST WIND SPEED    21   HIGHEST WIND DIRECTION     N (360)
  HIGHEST GUST SPEED    26   HIGHEST GUST DIRECTION     N (10)
  AVERAGE WIND SPEED     8.6


SKY COVER
  POSSIBLE SUNSHINE  MM
  AVERAGE SKY COVER 0.4


WEATHER CONDITIONS
 THE FOLLOWING WEATHER WAS RECORDED TODAY.
  NO SIGNIFICANT WEATHER WAS OBSERVED.


RELATIVE HUMIDITY (PERCENT)
 HIGHEST    67           700 AM
 LOWEST     42           100 PM
 AVERAGE    55

..........................................................


THE MILWAUKEE WI CLIMATE NORMALS FOR TOMORROW
                         NORMAL    RECORD    YEAR
 MAXIMUM TEMPERATURE (F)   29        58      1989
 MINIMUM TEMPERATURE (F)   16       -15      1899


SUNRISE AND SUNSET
JANUARY 30 2015.......SUNRISE   709 AM CST   SUNSET   501 PM CST
JANUARY 31 2015.......SUNRISE   708 AM CST   SUNSET   503 PM CST


-  INDICATES NEGATIVE NUMBERS.
R  INDICATES RECORD WAS SET OR TIED.
MM INDICATES DATA IS MISSING.
T  INDICATES TRACE AMOUNT.




$$
