000
CDUS43 KMKX 082233
CLIMKE


CLIMATE REPORT
NATIONAL WEATHER SERVICE IN MILWAUKEE
432 PM CST FRI DEC 8 2017


...................................

...THE MILWAUKEE WI CLIMATE SUMMARY FOR DECEMBER 8 2017...
VALID TODAY AS OF 0400 PM LOCAL TIME.

CLIMATE NORMAL PERIOD 1981 TO 2010
CLIMATE RECORD PERIOD 1871 TO 2017


WEATHER ITEM   OBSERVED TIME   RECORD YEAR NORMAL DEPARTURE LAST
                VALUE   (LST)  VALUE       VALUE  FROM      YEAR
                                                  NORMAL
..................................................................
TEMPERATURE (F)
 TODAY
  MAXIMUM         34    326 PM  63    1946  35     -1       26
  MINIMUM         19    152 AM -10    1876  22     -3       19
  AVERAGE         27                        29     -2       23

PRECIPITATION (IN)
  TODAY            0.00          0.52 1977   0.08  -0.08      T
  MONTH TO DATE    0.10                      0.62  -0.52     0.33
  SINCE DEC 1      0.10                      0.62  -0.52     0.33
  SINCE JAN 1     33.73                     33.34   0.39    27.66

SNOWFALL (IN)
  TODAY            0.0           9.0  1977   0.3   -0.3       T
  MONTH TO DATE    T                         2.4   -2.4      1.8
  SINCE DEC 1      T                         2.4   -2.4      1.8
  SINCE JUL 1      0.2                       5.1   -4.9      1.8
  SNOW DEPTH       0

DEGREE DAYS
 HEATING
  TODAY           38                        36      2       42
  MONTH TO DATE  219                       279    -60      260
  SINCE DEC 1    219                       279    -60      260
  SINCE JUL 1   1324                      1644   -320     1090

 COOLING
  TODAY            0                         0      0        0
  MONTH TO DATE    0                         0      0        0
  SINCE DEC 1      0                         0      0        0
  SINCE JAN 1    772                       641    131      991
..................................................................


WIND (MPH)
  HIGHEST WIND SPEED    20   HIGHEST WIND DIRECTION     W (250)
  HIGHEST GUST SPEED    29   HIGHEST GUST DIRECTION     W (260)
  AVERAGE WIND SPEED    11.8


SKY COVER
  POSSIBLE SUNSHINE  MM
  AVERAGE SKY COVER 0.4


WEATHER CONDITIONS
 THE FOLLOWING WEATHER WAS RECORDED TODAY.
  NO SIGNIFICANT WEATHER WAS OBSERVED.


RELATIVE HUMIDITY (PERCENT)
 HIGHEST    62           600 AM
 LOWEST     45          1200 AM
 AVERAGE    54

..........................................................


THE MILWAUKEE WI CLIMATE NORMALS FOR TOMORROW
                         NORMAL    RECORD    YEAR
 MAXIMUM TEMPERATURE (F)   35        60      1946
 MINIMUM TEMPERATURE (F)   22       -19      1876


SUNRISE AND SUNSET
DECEMBER  8 2017......SUNRISE   710 AM CST   SUNSET   417 PM CST
DECEMBER  9 2017......SUNRISE   711 AM CST   SUNSET   417 PM CST


-  INDICATES NEGATIVE NUMBERS.
R  INDICATES RECORD WAS SET OR TIED.
MM INDICATES DATA IS MISSING.
T  INDICATES TRACE AMOUNT.




$$
