000
CDUS43 KMKX 152133
CLIMKE


CLIMATE REPORT
NATIONAL WEATHER SERVICE IN MILWAUKEE
432 PM CDT WED MAR 15 2017


...................................

...THE MILWAUKEE WI CLIMATE SUMMARY FOR MARCH 15 2017...
VALID TODAY AS OF 0400 PM LOCAL TIME.

CLIMATE NORMAL PERIOD 1981 TO 2010
CLIMATE RECORD PERIOD 1871 TO 2017


WEATHER ITEM   OBSERVED TIME   RECORD YEAR NORMAL DEPARTURE LAST
                VALUE   (LST)  VALUE       VALUE  FROM      YEAR
                                                  NORMAL
..................................................................
TEMPERATURE (F)
 TODAY
  MAXIMUM         33    259 PM  72    2012  42     -9       49
  MINIMUM         16    621 AM   2    1877  27    -11       35
  AVERAGE         25                        35    -10       42

PRECIPITATION (IN)
  TODAY            0.00          1.63 1943   0.07  -0.07     0.43
  MONTH TO DATE    1.26                      0.97   0.29     1.20
  SINCE MAR 1      1.26                      0.97   0.29     1.20
  SINCE JAN 1      5.27                      4.38   0.89     2.51

SNOWFALL (IN)
  TODAY            0.0           5.0  1923   0.2   -0.2      0.0
  MONTH TO DATE   13.5                       4.4    9.1      4.2
  SINCE MAR 1     13.5                       4.4    9.1      4.2
  SINCE JUL 1     37.5                      42.2   -4.7     33.3
  SNOW DEPTH       7

DEGREE DAYS
 HEATING
  TODAY           40                        30     10       23
  MONTH TO DATE  479                       490    -11      376
  SINCE MAR 1    479                       490    -11      376
  SINCE JUL 1   4478                      5470   -992     4595

 COOLING
  TODAY            0                         0      0        0
  MONTH TO DATE    0                         0      0        0
  SINCE MAR 1      0                         0      0        0
  SINCE JAN 1      0                         0      0        0
..................................................................


WIND (MPH)
  HIGHEST WIND SPEED    20   HIGHEST WIND DIRECTION    NW (320)
  HIGHEST GUST SPEED    26   HIGHEST GUST DIRECTION    NW (320)
  AVERAGE WIND SPEED    11.4


SKY COVER
  POSSIBLE SUNSHINE  MM
  AVERAGE SKY COVER 0.2


WEATHER CONDITIONS
 THE FOLLOWING WEATHER WAS RECORDED TODAY.
  NO SIGNIFICANT WEATHER WAS OBSERVED.


RELATIVE HUMIDITY (PERCENT)
 HIGHEST    67           300 AM
 LOWEST     33           200 PM
 AVERAGE    50

..........................................................


THE MILWAUKEE WI CLIMATE NORMALS FOR TOMORROW
                         NORMAL    RECORD    YEAR
 MAXIMUM TEMPERATURE (F)   42        71      2015
                                             1930
 MINIMUM TEMPERATURE (F)   28         0      1900


SUNRISE AND SUNSET
MARCH 15 2017.........SUNRISE   703 AM CDT   SUNSET   658 PM CDT
MARCH 16 2017.........SUNRISE   701 AM CDT   SUNSET   659 PM CDT


-  INDICATES NEGATIVE NUMBERS.
R  INDICATES RECORD WAS SET OR TIED.
MM INDICATES DATA IS MISSING.
T  INDICATES TRACE AMOUNT.




$$
