000
CDUS43 KMKX 112240
CLIMKE


CLIMATE REPORT
NATIONAL WEATHER SERVICE IN MILWAUKEE
440 PM CST SUN FEB 11 2018


...................................

...THE MILWAUKEE WI CLIMATE SUMMARY FOR FEBRUARY 11 2018...
VALID TODAY AS OF 0400 PM LOCAL TIME.

CLIMATE NORMAL PERIOD 1981 TO 2010
CLIMATE RECORD PERIOD 1871 TO 2018


WEATHER ITEM   OBSERVED TIME   RECORD YEAR NORMAL DEPARTURE LAST
                VALUE   (LST)  VALUE       VALUE  FROM      YEAR
                                                  NORMAL
..................................................................
TEMPERATURE (F)
 TODAY
  MAXIMUM         25    359 PM  68    1999  31     -6       45
  MINIMUM         16    434 AM -24    1885  18     -2       35
  AVERAGE         21                        25     -4       40

PRECIPITATION (IN)
  TODAY            0.31          0.99 1880   0.06   0.25     0.01
  MONTH TO DATE    1.17                      0.60   0.57     0.18
  SINCE DEC 1      3.25                      4.40  -1.15     4.27
  SINCE JAN 1      2.79                      2.36   0.43     2.34

SNOWFALL (IN)
  TODAY           MM             7.0  1887   0.4   MM        0.0
  MONTH TO DATE   11.9                       4.0    7.9      0.4
  SINCE DEC 1     27.9                      29.3   -1.4     23.3
  SINCE JUL 1     28.1                      32.0   -3.9     23.3
  SNOW DEPTH       8

DEGREE DAYS
 HEATING
  TODAY           44                        40      4       25
  MONTH TO DATE  531                       453     78      425
  SINCE DEC 1   2981                      2973      8     2775
  SINCE JUL 1   4086                      4338   -252     3605

 COOLING
  TODAY            0                         0      0        0
  MONTH TO DATE    0                         0      0        0
  SINCE DEC 1      0                         0      0        0
  SINCE JAN 1      0                         0      0        0
..................................................................


WIND (MPH)
  HIGHEST WIND SPEED    16   HIGHEST WIND DIRECTION    NW (300)
  HIGHEST GUST SPEED    21   HIGHEST GUST DIRECTION    NW (300)
  AVERAGE WIND SPEED     9.1


SKY COVER
  POSSIBLE SUNSHINE  MM
  AVERAGE SKY COVER 0.9


WEATHER CONDITIONS
 THE FOLLOWING WEATHER WAS RECORDED TODAY.
  LIGHT SNOW
  FOG
  HAZE


RELATIVE HUMIDITY (PERCENT)
 HIGHEST    88           200 AM
 LOWEST     50           400 PM
 AVERAGE    69

..........................................................


THE MILWAUKEE WI CLIMATE NORMALS FOR TOMORROW
                         NORMAL    RECORD    YEAR
 MAXIMUM TEMPERATURE (F)   32        60      1882
 MINIMUM TEMPERATURE (F)   19       -22      1875


SUNRISE AND SUNSET
FEBRUARY 11 2018......SUNRISE   654 AM CST   SUNSET   518 PM CST
FEBRUARY 12 2018......SUNRISE   653 AM CST   SUNSET   519 PM CST


-  INDICATES NEGATIVE NUMBERS.
R  INDICATES RECORD WAS SET OR TIED.
MM INDICATES DATA IS MISSING.
T  INDICATES TRACE AMOUNT.




$$
