000
CDUS43 KMKX 020641
CLIMKE


CLIMATE REPORT
NATIONAL WEATHER SERVICE IN MILWAUKEE
140 AM CDT THU JUL 2 2015


...................................

...THE MILWAUKEE WI CLIMATE SUMMARY FOR JULY 1 2015...

CLIMATE NORMAL PERIOD 1981 TO 2010
CLIMATE RECORD PERIOD 1871 TO 2015


WEATHER ITEM   OBSERVED TIME   RECORD YEAR NORMAL DEPARTURE LAST
                VALUE   (LST)  VALUE       VALUE  FROM      YEAR
                                                  NORMAL
..................................................................
TEMPERATURE (F)
 YESTERDAY
  MAXIMUM         64   1029 AM  99    1931  79    -15       80
  MINIMUM         51   1156 PM  40    1965  62    -11       66
  AVERAGE         58                        71    -13       73

PRECIPITATION (IN)
  YESTERDAY        0.00          2.10 1964   0.13  -0.13     0.01
  MONTH TO DATE    0.00                      0.13  -0.13     0.01
  SINCE JUN 1      2.49                      4.03  -1.54     6.35
  SINCE JAN 1     12.69                     16.67  -3.98    17.30

SNOWFALL (IN)
  YESTERDAY        0.0           0.0    MM   0.0    0.0      0.0
  MONTH TO DATE    0.0                       0.0    0.0      0.0
  SINCE JUN 1      0.0                       0.0    0.0      0.0
  SINCE JUL 1      0.0                       0.0    0.0      0.0
  SNOW DEPTH       0

DEGREE DAYS
 HEATING
  YESTERDAY        7                         1      6        0
  MONTH TO DATE    7                         1      6        0
  SINCE JUN 1    109                        85     24       74
  SINCE JUL 1      7                         1      6        0

 COOLING
  YESTERDAY        0                         6     -6        8
  MONTH TO DATE    0                         6     -6        8
  SINCE JUN 1     73                       126    -53       98
  SINCE JAN 1     99                       156    -57      116
..................................................................


WIND (MPH)
  HIGHEST WIND SPEED    14   HIGHEST WIND DIRECTION    NE (60)
  HIGHEST GUST SPEED    18   HIGHEST GUST DIRECTION    NE (60)
  AVERAGE WIND SPEED     7.3


SKY COVER
  POSSIBLE SUNSHINE  MM
  AVERAGE SKY COVER 0.6


WEATHER CONDITIONS
 THE FOLLOWING WEATHER WAS RECORDED YESTERDAY.
  NO SIGNIFICANT WEATHER WAS OBSERVED.


RELATIVE HUMIDITY (PERCENT)
 HIGHEST    83          1200 AM
 LOWEST     60           800 AM
 AVERAGE    72

..........................................................


THE MILWAUKEE WI CLIMATE NORMALS FOR TODAY
                         NORMAL    RECORD    YEAR
 MAXIMUM TEMPERATURE (F)   80        98      1911
 MINIMUM TEMPERATURE (F)   62        47      2001


SUNRISE AND SUNSET
JULY  2 2015..........SUNRISE   517 AM CDT   SUNSET   834 PM CDT
JULY  3 2015..........SUNRISE   517 AM CDT   SUNSET   834 PM CDT


-  INDICATES NEGATIVE NUMBERS.
R  INDICATES RECORD WAS SET OR TIED.
MM INDICATES DATA IS MISSING.
T  INDICATES TRACE AMOUNT.




$$
