000
CDUS43 KMKX 072240
CLIMKE


CLIMATE REPORT
NATIONAL WEATHER SERVICE IN MILWAUKEE
440 PM CST TUE NOV 7 2017


...................................

...THE MILWAUKEE WI CLIMATE SUMMARY FOR NOVEMBER 7 2017...
VALID TODAY AS OF 0400 PM LOCAL TIME.

CLIMATE NORMAL PERIOD 1981 TO 2010
CLIMATE RECORD PERIOD 1871 TO 2017


WEATHER ITEM   OBSERVED TIME   RECORD YEAR NORMAL DEPARTURE LAST
                VALUE   (LST)  VALUE       VALUE  FROM      YEAR
                                                  NORMAL
..................................................................
TEMPERATURE (F)
 TODAY
  MAXIMUM         45    235 PM  71    2009  51     -6       67
  MINIMUM         35    649 AM   9    1991  36     -1       42
  AVERAGE         40                        43     -3       55

PRECIPITATION (IN)
  TODAY            0.00          1.09 1943   0.09  -0.09     0.00
  MONTH TO DATE    0.49                      0.65  -0.16     0.52
  SINCE SEP 1      5.43                      6.48  -1.05     8.38
  SINCE JAN 1     32.75                     30.66   2.09    26.04

SNOWFALL (IN)
  TODAY            0.0           4.8  1925   0.0    0.0      0.0
  MONTH TO DATE    0.0                       0.1   -0.1      0.0
  SINCE SEP 1      T                         0.4   -0.4      0.0
  SINCE JUL 1      T                         0.4   -0.4      0.0
  SNOW DEPTH       0

DEGREE DAYS
 HEATING
  TODAY           25                        22      3       10
  MONTH TO DATE  157                       144     13       54
  SINCE SEP 1    483                       703   -220      354
  SINCE JUL 1    492                       729   -237      356

 COOLING
  TODAY            0                         0      0        0
  MONTH TO DATE    0                         0      0        3
  SINCE SEP 1    162                        76     86      155
  SINCE JAN 1    772                       641    131      991
..................................................................


WIND (MPH)
  HIGHEST WIND SPEED    15   HIGHEST WIND DIRECTION     N (360)
  HIGHEST GUST SPEED    20   HIGHEST GUST DIRECTION     N (360)
  AVERAGE WIND SPEED     8.3


SKY COVER
  POSSIBLE SUNSHINE  MM
  AVERAGE SKY COVER 0.7


WEATHER CONDITIONS
 THE FOLLOWING WEATHER WAS RECORDED TODAY.
  NO SIGNIFICANT WEATHER WAS OBSERVED.


RELATIVE HUMIDITY (PERCENT)
 HIGHEST    64           400 AM
 LOWEST     45          1000 AM
 AVERAGE    55

..........................................................


THE MILWAUKEE WI CLIMATE NORMALS FOR TOMORROW
                         NORMAL    RECORD    YEAR
 MAXIMUM TEMPERATURE (F)   50        73      1999
 MINIMUM TEMPERATURE (F)   35        12      1991


SUNRISE AND SUNSET
NOVEMBER  7 2017......SUNRISE   634 AM CST   SUNSET   436 PM CST
NOVEMBER  8 2017......SUNRISE   635 AM CST   SUNSET   435 PM CST


-  INDICATES NEGATIVE NUMBERS.
R  INDICATES RECORD WAS SET OR TIED.
MM INDICATES DATA IS MISSING.
T  INDICATES TRACE AMOUNT.




$$
