000
CDUS43 KMKX 082240
CLIMKE


CLIMATE REPORT
NATIONAL WEATHER SERVICE IN MILWAUKEE
438 PM CST MON JAN 8 2018


...................................

...THE MILWAUKEE WI CLIMATE SUMMARY FOR JANUARY 8 2018...
VALID TODAY AS OF 0400 PM LOCAL TIME.

CLIMATE NORMAL PERIOD 1981 TO 2010
CLIMATE RECORD PERIOD 1871 TO 2018


WEATHER ITEM   OBSERVED TIME   RECORD YEAR NORMAL DEPARTURE LAST
                VALUE   (LST)  VALUE       VALUE  FROM      YEAR
                                                  NORMAL
..................................................................
TEMPERATURE (F)
 TODAY
  MAXIMUM         45    227 PM  57    1965  29     16       19
  MINIMUM         30    809 AM -23    1942  16     14        3
  AVERAGE         38                        22     16       11

PRECIPITATION (IN)
  TODAY            T             1.15 1998   0.06  -0.06     0.00
  MONTH TO DATE    T                         0.48  -0.48     0.01
  SINCE DEC 1      0.46                      2.52  -2.06     1.94
  SINCE JAN 1      T                         0.48  -0.48     0.01

SNOWFALL (IN)
  TODAY            T            11.6  1998   0.5   -0.5      0.0
  MONTH TO DATE    0.1                       3.7   -3.6       T
  SINCE DEC 1      4.7                      14.3   -9.6     18.8
  SINCE JUL 1      4.9                      17.0  -12.1     18.8
  SNOW DEPTH (12Z) T

DEGREE DAYS
 HEATING
  TODAY           27                        43    -16       54
  MONTH TO DATE  424                       339     85      386
  SINCE DEC 1   1630                      1534     96     1593
  SINCE JUL 1   2735                      2899   -164     2423

 COOLING
  TODAY            0                         0      0        0
  MONTH TO DATE    0                         0      0        0
  SINCE DEC 1      0                         0      0        0
  SINCE JAN 1      0                         0      0        0
..................................................................


WIND (MPH)
  HIGHEST WIND SPEED    21   HIGHEST WIND DIRECTION    SW (240)
  HIGHEST GUST SPEED    30   HIGHEST GUST DIRECTION    SW (230)
  AVERAGE WIND SPEED    13.1


SKY COVER
  POSSIBLE SUNSHINE  MM
  AVERAGE SKY COVER 0.6


WEATHER CONDITIONS
 THE FOLLOWING WEATHER WAS RECORDED TODAY.
  LIGHT SNOW
  FOG
  HAZE


RELATIVE HUMIDITY (PERCENT)
 HIGHEST    89          1200 AM
 LOWEST     45           300 PM
 AVERAGE    67

..........................................................


THE MILWAUKEE WI CLIMATE NORMALS FOR TOMORROW
                         NORMAL    RECORD    YEAR
 MAXIMUM TEMPERATURE (F)   29        54      2002
                                             1939
 MINIMUM TEMPERATURE (F)   16       -25      1875


SUNRISE AND SUNSET
JANUARY  8 2018.......SUNRISE   722 AM CST   SUNSET   435 PM CST
JANUARY  9 2018.......SUNRISE   722 AM CST   SUNSET   436 PM CST


-  INDICATES NEGATIVE NUMBERS.
R  INDICATES RECORD WAS SET OR TIED.
MM INDICATES DATA IS MISSING.
T  INDICATES TRACE AMOUNT.




$$
