000
CDUS43 KMKX 150648
CLIMKE


CLIMATE REPORT
NATIONAL WEATHER SERVICE IN MILWAUKEE
147 AM CDT SAT APR 15 2017


...................................

...THE MILWAUKEE WI CLIMATE SUMMARY FOR APRIL 14 2017...

CLIMATE NORMAL PERIOD 1981 TO 2010
CLIMATE RECORD PERIOD 1871 TO 2017


WEATHER ITEM   OBSERVED TIME   RECORD YEAR NORMAL DEPARTURE LAST
                VALUE   (LST)  VALUE       VALUE  FROM      YEAR
                                                  NORMAL
..................................................................
TEMPERATURE (F)
 YESTERDAY
  MAXIMUM         57    545 PM  85    2003  53      4       53
  MINIMUM         41   1226 AM  22    1928  37      4       37
                                      1907
  AVERAGE         49                        45      4       45

PRECIPITATION (IN)
  YESTERDAY        0.10          1.68 1987   0.12  -0.02     0.00
  MONTH TO DATE    2.43                      1.68   0.75     1.01
  SINCE MAR 1      6.15                      3.95   2.20     4.35
  SINCE JAN 1     10.16                      7.36   2.80     5.66

SNOWFALL (IN)
  YESTERDAY        0.0           4.3  1928   0.1   -0.1      0.0
  MONTH TO DATE    0.0                       1.4   -1.4      3.4
  SINCE MAR 1     13.6                       8.4    5.2     10.0
  SINCE JUL 1     37.6                      46.2   -8.6     39.1
  SNOW DEPTH       0

DEGREE DAYS
 HEATING
  YESTERDAY       16                        20     -4       20
  MONTH TO DATE  230                       314    -84      378
  SINCE MAR 1   1117                      1243   -126     1142
  SINCE JUL 1   5116                      6223  -1107     5361

 COOLING
  YESTERDAY        0                         0      0        0
  MONTH TO DATE    1                         0      1        0
  SINCE MAR 1      1                         0      1        0
  SINCE JAN 1      1                         0      1        0
..................................................................


WIND (MPH)
  HIGHEST WIND SPEED    17   HIGHEST WIND DIRECTION    SE (120)
  HIGHEST GUST SPEED    21   HIGHEST GUST DIRECTION    SE (120)
  AVERAGE WIND SPEED     8.4


SKY COVER
  POSSIBLE SUNSHINE  MM
  AVERAGE SKY COVER 0.7


WEATHER CONDITIONS
 THE FOLLOWING WEATHER WAS RECORDED YESTERDAY.
  LIGHT RAIN
  FOG


RELATIVE HUMIDITY (PERCENT)
 HIGHEST    89           800 AM
 LOWEST     54           200 PM
 AVERAGE    72

..........................................................


THE MILWAUKEE WI CLIMATE NORMALS FOR TODAY
                         NORMAL    RECORD    YEAR
 MAXIMUM TEMPERATURE (F)   54        88      2002
 MINIMUM TEMPERATURE (F)   37        20      1935
                                             1928


SUNRISE AND SUNSET
APRIL 15 2017.........SUNRISE   609 AM CDT   SUNSET   734 PM CDT
APRIL 16 2017.........SUNRISE   608 AM CDT   SUNSET   736 PM CDT


-  INDICATES NEGATIVE NUMBERS.
R  INDICATES RECORD WAS SET OR TIED.
MM INDICATES DATA IS MISSING.
T  INDICATES TRACE AMOUNT.




$$
