000
CDUS43 KMKX 030700
CLIMKE


CLIMATE REPORT
NATIONAL WEATHER SERVICE IN MILWAUKEE
100 AM CST WED FEB 3 2016


...................................

...THE MILWAUKEE WI CLIMATE SUMMARY FOR FEBRUARY 2 2016...

CLIMATE NORMAL PERIOD 1981 TO 2010
CLIMATE RECORD PERIOD 1871 TO 2016


WEATHER ITEM   OBSERVED TIME   RECORD YEAR NORMAL DEPARTURE LAST
                VALUE   (LST)  VALUE       VALUE  FROM      YEAR
                                                  NORMAL
..................................................................
TEMPERATURE (F)
 YESTERDAY
  MAXIMUM         37   1033 PM  49    1992  30      7       17
  MINIMUM         29    145 AM -20    1996  16     13        7
  AVERAGE         33                        23     10       12

PRECIPITATION (IN)
  YESTERDAY        0.30          1.04 1983   0.06   0.24      T
  MONTH TO DATE    0.30                      0.11   0.19     0.48
  SINCE DEC 1      4.81                      3.91   0.90     2.42
  SINCE JAN 1      0.99                      1.87  -0.88     1.39

SNOWFALL (IN)
  YESTERDAY        T             9.1  2011   0.4   -0.4      0.5
  MONTH TO DATE    T                         0.8   -0.8     10.9
  SINCE DEC 1     14.5                      26.1  -11.6     24.6
  SINCE JUL 1     21.4                      28.8   -7.4     29.4
  SNOW DEPTH       0

DEGREE DAYS
 HEATING
  YESTERDAY       32                        42    -10       53
  MONTH TO DATE   60                        84    -24       97
  SINCE DEC 1   2197                      2604   -407     2444
  SINCE JUL 1   3236                      3969   -733     4015

 COOLING
  YESTERDAY        0                         0      0        0
  MONTH TO DATE    0                         0      0        0
  SINCE DEC 1      0                         0      0        0
  SINCE JAN 1      0                         0      0        0
..................................................................


WIND (MPH)
  HIGHEST WIND SPEED    30   HIGHEST WIND DIRECTION     E (80)
  HIGHEST GUST SPEED    38   HIGHEST GUST DIRECTION     E (90)
  AVERAGE WIND SPEED    13.2


SKY COVER
  POSSIBLE SUNSHINE  MM
  AVERAGE SKY COVER 1.0


WEATHER CONDITIONS
 THE FOLLOWING WEATHER WAS RECORDED YESTERDAY.
  RAIN
  LIGHT RAIN
  FOG
  FOG W/VISIBILITY <= 1/4 MILE


RELATIVE HUMIDITY (PERCENT)
 HIGHEST   100           100 AM
 LOWEST     89           700 AM
 AVERAGE    95

..........................................................


THE MILWAUKEE WI CLIMATE NORMALS FOR TODAY
                         NORMAL    RECORD    YEAR
 MAXIMUM TEMPERATURE (F)   30        50      1992
                                             1928
 MINIMUM TEMPERATURE (F)   17       -26      1996


SUNRISE AND SUNSET
FEBRUARY  3 2016......SUNRISE   705 AM CST   SUNSET   506 PM CST
FEBRUARY  4 2016......SUNRISE   704 AM CST   SUNSET   508 PM CST


-  INDICATES NEGATIVE NUMBERS.
R  INDICATES RECORD WAS SET OR TIED.
MM INDICATES DATA IS MISSING.
T  INDICATES TRACE AMOUNT.




$$
