000
CDUS43 KMKX 180647
CLIMKE


CLIMATE REPORT
NATIONAL WEATHER SERVICE IN MILWAUKEE
146 AM CDT MON SEP 18 2017


...................................

...THE MILWAUKEE WI CLIMATE SUMMARY FOR SEPTEMBER 17 2017...

CLIMATE NORMAL PERIOD 1981 TO 2010
CLIMATE RECORD PERIOD 1871 TO 2017


WEATHER ITEM   OBSERVED TIME   RECORD YEAR NORMAL DEPARTURE LAST
                VALUE   (LST)  VALUE       VALUE  FROM      YEAR
                                                  NORMAL
..................................................................
TEMPERATURE (F)
 YESTERDAY
  MAXIMUM         83   1018 AM  92    1891  71     12       83
  MINIMUM         57   1134 PM  39    1916  54      3       63
                                      1875
  AVERAGE         70                        63      7       73

PRECIPITATION (IN)
  YESTERDAY        0.00          2.35 1907   0.11  -0.11     0.05
  MONTH TO DATE    0.39                      1.79  -1.40     1.78
  SINCE SEP 1      0.39                      1.79  -1.40     1.78
  SINCE JAN 1     27.71                     25.97   1.74    19.44

SNOWFALL (IN)
  YESTERDAY        0.0           0.0    MM   0.0    0.0      0.0
  MONTH TO DATE    0.0                       0.0    0.0      0.0
  SINCE SEP 1      0.0                       0.0    0.0      0.0
  SINCE JUL 1      0.0                       0.0    0.0      0.0
  SNOW DEPTH       0

DEGREE DAYS
 HEATING
  YESTERDAY        0                         4     -4        0
  MONTH TO DATE   43                        41      2        0
  SINCE SEP 1     43                        41      2        0
  SINCE JUL 1     52                        67    -15        2

 COOLING
  YESTERDAY        5                         2      3        8
  MONTH TO DATE   38                        54    -16      103
  SINCE SEP 1     38                        54    -16      103
  SINCE JAN 1    648                       619     29      939
..................................................................


WIND (MPH)
  HIGHEST WIND SPEED    15   HIGHEST WIND DIRECTION    NW (320)
  HIGHEST GUST SPEED    19   HIGHEST GUST DIRECTION     W (290)
  AVERAGE WIND SPEED     7.6


SKY COVER
  POSSIBLE SUNSHINE  MM
  AVERAGE SKY COVER 0.6


WEATHER CONDITIONS
 THE FOLLOWING WEATHER WAS RECORDED YESTERDAY.
  NO SIGNIFICANT WEATHER WAS OBSERVED.


RELATIVE HUMIDITY (PERCENT)
 HIGHEST    80          1100 PM
 LOWEST     50           400 PM
 AVERAGE    65

..........................................................


THE MILWAUKEE WI CLIMATE NORMALS FOR TODAY
                         NORMAL    RECORD    YEAR
 MAXIMUM TEMPERATURE (F)   71        92      1955
 MINIMUM TEMPERATURE (F)   54        35      1875


SUNRISE AND SUNSET
SEPTEMBER 18 2017.....SUNRISE   635 AM CDT   SUNSET   656 PM CDT
SEPTEMBER 19 2017.....SUNRISE   636 AM CDT   SUNSET   654 PM CDT


-  INDICATES NEGATIVE NUMBERS.
R  INDICATES RECORD WAS SET OR TIED.
MM INDICATES DATA IS MISSING.
T  INDICATES TRACE AMOUNT.




$$
