000
CDUS43 KMKX 280654
CLIMKE


CLIMATE REPORT
NATIONAL WEATHER SERVICE IN MILWAUKEE
148 AM CDT SUN SEP 28 2014


...................................

...THE MILWAUKEE WI CLIMATE SUMMARY FOR SEPTEMBER 27 2014...

CLIMATE NORMAL PERIOD 1981 TO 2010
CLIMATE RECORD PERIOD 1871 TO 2014


WEATHER ITEM   OBSERVED TIME   RECORD YEAR NORMAL DEPARTURE LAST
                VALUE   (LST)  VALUE       VALUE  FROM      YEAR
                                                  NORMAL
..................................................................
TEMPERATURE (F)
 YESTERDAY
  MAXIMUM         72    205 PM  88    1891  67      5       74
  MINIMUM         54    632 AM  31    1942  50      4       50
  AVERAGE         63                        58      5       62

PRECIPITATION (IN)
  YESTERDAY        0.00          2.24 1999   0.10  -0.10     0.00
  MONTH TO DATE    1.07                      2.88  -1.81     1.45
  SINCE SEP 1      1.07                      2.88  -1.81     1.45
  SINCE JAN 1     26.36                     27.06  -0.70    31.58

SNOWFALL (IN)
  YESTERDAY        0.0           T    1942   0.0    0.0      0.0
  MONTH TO DATE    0.0                       0.0    0.0      0.0
  SINCE SEP 1      0.0                       0.0    0.0      0.0
  SINCE JUL 1      0.0                       0.0    0.0      0.0
  SNOW DEPTH       0

DEGREE DAYS
 HEATING
  YESTERDAY        2                         8     -6        3
  MONTH TO DATE  133                       101     32       94
  SINCE SEP 1    133                       101     32       94
  SINCE JUL 1    159                       127     32      116

 COOLING
  YESTERDAY        0                         1     -1        0
  MONTH TO DATE   58                        67     -9       99
  SINCE SEP 1     58                        67     -9       99
  SINCE JAN 1    459                       632   -173      676
..................................................................


WIND (MPH)
  HIGHEST WIND SPEED     9   HIGHEST WIND DIRECTION     E (100)
  HIGHEST GUST SPEED    11   HIGHEST GUST DIRECTION     E (110)
  AVERAGE WIND SPEED     2.2


SKY COVER
  POSSIBLE SUNSHINE  MM
  AVERAGE SKY COVER 0.5


WEATHER CONDITIONS
 THE FOLLOWING WEATHER WAS RECORDED YESTERDAY.
  FOG
  FOG W/VISIBILITY <= 1/4 MILE
  HAZE


RELATIVE HUMIDITY (PERCENT)
 HIGHEST    93          1200 AM
 LOWEST     61           400 PM
 AVERAGE    77

..........................................................


THE MILWAUKEE WI CLIMATE NORMALS FOR TODAY
                         NORMAL    RECORD    YEAR
 MAXIMUM TEMPERATURE (F)   66        88      1952
                                             1939
 MINIMUM TEMPERATURE (F)   50        28      1942


SUNRISE AND SUNSET
SEPTEMBER 28 2014.....SUNRISE   645 AM CDT   SUNSET   638 PM CDT
SEPTEMBER 29 2014.....SUNRISE   647 AM CDT   SUNSET   636 PM CDT


-  INDICATES NEGATIVE NUMBERS.
R  INDICATES RECORD WAS SET OR TIED.
MM INDICATES DATA IS MISSING.
T  INDICATES TRACE AMOUNT.




$$
