000
CDUS43 KMKX 270651
CLIMKE


CLIMATE REPORT
NATIONAL WEATHER SERVICE IN MILWAUKEE
1250 AM CST FRI FEB 27 2015


...................................

...THE MILWAUKEE WI CLIMATE SUMMARY FOR FEBRUARY 26 2015...

CLIMATE NORMAL PERIOD 1981 TO 2010
CLIMATE RECORD PERIOD 1871 TO 2015


WEATHER ITEM   OBSERVED TIME   RECORD YEAR NORMAL DEPARTURE LAST
                VALUE   (LST)  VALUE       VALUE  FROM      YEAR
                                                  NORMAL
..................................................................
TEMPERATURE (F)
 YESTERDAY
  MAXIMUM         17    203 PM  64    2000  36    -19       15
  MINIMUM          5   1146 PM  -6    1879  22    -17        0
  AVERAGE         11                        29    -18        8

PRECIPITATION (IN)
  YESTERDAY        0.11          1.25 1912   0.06   0.05      T
  MONTH TO DATE    0.81                      1.52  -0.71     1.62
  SINCE DEC 1      2.75                      5.32  -2.57     4.52
  SINCE JAN 1      1.72                      3.28  -1.56     2.73

SNOWFALL (IN)
  YESTERDAY        3.7          12.5  1912   0.3    3.4       T
  MONTH TO DATE   19.5                       9.2   10.3     15.6
  SINCE DEC 1     33.2                      34.5   -1.3     54.5
  SINCE JUL 1     38.0                      37.2    0.8     56.5
  SNOW DEPTH      10

DEGREE DAYS
 HEATING
  YESTERDAY       54                        36     18       57
  MONTH TO DATE 1300                      1023    277     1243
  SINCE DEC 1   3647                      3543    104     4171
  SINCE JUL 1   5218                      4908    310     5546

 COOLING
  YESTERDAY        0                         0      0        0
  MONTH TO DATE    0                         0      0        0
  SINCE DEC 1      0                         0      0        0
  SINCE JAN 1      0                         0      0        0
..................................................................


WIND (MPH)
  HIGHEST WIND SPEED    17   HIGHEST WIND DIRECTION     N (340)
  HIGHEST GUST SPEED    22   HIGHEST GUST DIRECTION    NE (30)
  AVERAGE WIND SPEED     9.6


SKY COVER
  POSSIBLE SUNSHINE  MM
  AVERAGE SKY COVER 0.6


WEATHER CONDITIONS
 THE FOLLOWING WEATHER WAS RECORDED YESTERDAY.
  SNOW
  LIGHT SNOW
  HAZE


RELATIVE HUMIDITY (PERCENT)
 HIGHEST    80           300 AM
 LOWEST     40           300 PM
 AVERAGE    60

..........................................................


THE MILWAUKEE WI CLIMATE NORMALS FOR TODAY
                         NORMAL    RECORD    YEAR
 MAXIMUM TEMPERATURE (F)   36        65      1976
 MINIMUM TEMPERATURE (F)   23       -12      1879


SUNRISE AND SUNSET
FEBRUARY 27 2015......SUNRISE   631 AM CST   SUNSET   538 PM CST
FEBRUARY 28 2015......SUNRISE   630 AM CST   SUNSET   539 PM CST


-  INDICATES NEGATIVE NUMBERS.
R  INDICATES RECORD WAS SET OR TIED.
MM INDICATES DATA IS MISSING.
T  INDICATES TRACE AMOUNT.




$$
