000
CDUS43 KMKX 180043
CLIMKE


CLIMATE REPORT
NATIONAL WEATHER SERVICE IN MILWAUKEE
742 PM CDT SUN AUG 17 2014


...................................

...THE MILWAUKEE WI CLIMATE SUMMARY FOR AUGUST 17 2014...
VALID TODAY AS OF 0700 PM LOCAL TIME.

CLIMATE NORMAL PERIOD 1981 TO 2010
CLIMATE RECORD PERIOD 1871 TO 2014


WEATHER ITEM   OBSERVED TIME   RECORD YEAR NORMAL DEPARTURE LAST
                VALUE   (LST)  VALUE       VALUE  FROM      YEAR
                                                  NORMAL
..................................................................
TEMPERATURE (F)
 TODAY
  MAXIMUM         67    122 PM 100    1988  79    -12       77
  MINIMUM         62    723 AM  49    1879  63     -1       57
  AVERAGE         65                        71     -6       67

PRECIPITATION (IN)
  TODAY            0.03          2.37 1983   0.14  -0.11     0.00
  MONTH TO DATE    2.13                      2.27  -0.14     1.60
  SINCE JUN 1     10.78                      9.84   0.94     8.95
  SINCE JAN 1     21.73                     22.48  -0.75    28.46

SNOWFALL (IN)
  TODAY            0.0           0.0    MM   0.0    0.0      0.0
  MONTH TO DATE    0.0                       0.0    0.0      0.0
  SINCE JUN 1      0.0                       0.0    0.0      0.0
  SINCE JUL 1      0.0                       0.0    0.0      0.0
  SNOW DEPTH       0

DEGREE DAYS
 HEATING
  TODAY            0                         0      0        0
  MONTH TO DATE    4                         0      4        8
  SINCE JUN 1     99                        95      4      109
  SINCE JUL 1     25                        11     14       22

 COOLING
  TODAY            0                         6     -6        2
  MONTH TO DATE   62                       116    -54       61
  SINCE JUN 1    279                       458   -179      401
  SINCE JAN 1    297                       488   -191      440
..................................................................


WIND (MPH)
  HIGHEST WIND SPEED    18   HIGHEST WIND DIRECTION     N (20)
  HIGHEST GUST SPEED    23   HIGHEST GUST DIRECTION     N (360)
  AVERAGE WIND SPEED    12.5


SKY COVER
  POSSIBLE SUNSHINE  MM
  AVERAGE SKY COVER 0.9


WEATHER CONDITIONS
 THE FOLLOWING WEATHER WAS RECORDED TODAY.
  LIGHT RAIN
  FOG


RELATIVE HUMIDITY (PERCENT)
 HIGHEST    93           200 AM
 LOWEST     78          1200 PM
 AVERAGE    86

..........................................................


THE MILWAUKEE WI CLIMATE NORMALS FOR TOMORROW
                         NORMAL    RECORD    YEAR
 MAXIMUM TEMPERATURE (F)   79        97      1947
 MINIMUM TEMPERATURE (F)   63        44      1963
                                             1962


SUNRISE AND SUNSET
AUGUST 17 2014........SUNRISE   600 AM CDT   SUNSET   751 PM CDT
AUGUST 18 2014........SUNRISE   601 AM CDT   SUNSET   749 PM CDT


-  INDICATES NEGATIVE NUMBERS.
R  INDICATES RECORD WAS SET OR TIED.
MM INDICATES DATA IS MISSING.
T  INDICATES TRACE AMOUNT.




$$
