000
CDUS43 KMKX 170659
CLIMKE


CLIMATE REPORT
NATIONAL WEATHER SERVICE IN MILWAUKEE
158 AM CDT MON APR 17 2017


...................................

...THE MILWAUKEE WI CLIMATE SUMMARY FOR APRIL 16 2017...

CLIMATE NORMAL PERIOD 1981 TO 2010
CLIMATE RECORD PERIOD 1871 TO 2017


WEATHER ITEM   OBSERVED TIME   RECORD YEAR NORMAL DEPARTURE LAST
                VALUE   (LST)  VALUE       VALUE  FROM      YEAR
                                                  NORMAL
..................................................................
TEMPERATURE (F)
 YESTERDAY
  MAXIMUM         73    258 PM  86    2002  54     19       63
  MINIMUM         54   1112 PM  12    1875  38     16       39
  AVERAGE         64                        46     18       51

PRECIPITATION (IN)
  YESTERDAY        0.42          1.23 1921   0.13   0.29     0.00
  MONTH TO DATE    3.27                      1.94   1.33     1.01
  SINCE MAR 1      6.99                      4.21   2.78     4.35
  SINCE JAN 1     11.00                      7.62   3.38     5.66

SNOWFALL (IN)
  YESTERDAY        0.0          14.0  1921   0.1   -0.1      0.0
  MONTH TO DATE    0.0                       1.5   -1.5      3.4
  SINCE MAR 1     13.6                       8.5    5.1     10.0
  SINCE JUL 1     37.6                      46.3   -8.7     39.1
  SNOW DEPTH       0

DEGREE DAYS
 HEATING
  YESTERDAY        1                        19    -18       14
  MONTH TO DATE  231                       353   -122      411
  SINCE MAR 1   1118                      1282   -164     1175
  SINCE JUL 1   5117                      6262  -1145     5394

 COOLING
  YESTERDAY        0                         0      0        0
  MONTH TO DATE    2                         0      2        0
  SINCE MAR 1      2                         0      2        0
  SINCE JAN 1      2                         0      2        0
..................................................................


WIND (MPH)
  HIGHEST WIND SPEED    25   HIGHEST WIND DIRECTION    NW (310)
  HIGHEST GUST SPEED    32   HIGHEST GUST DIRECTION    NW (300)
  AVERAGE WIND SPEED    11.7


SKY COVER
  POSSIBLE SUNSHINE  MM
  AVERAGE SKY COVER 0.6


WEATHER CONDITIONS
 THE FOLLOWING WEATHER WAS RECORDED YESTERDAY.
  THUNDERSTORM
  HEAVY RAIN
  RAIN
  LIGHT RAIN
  FOG


RELATIVE HUMIDITY (PERCENT)
 HIGHEST    90           200 AM
 LOWEST     20           300 PM
 AVERAGE    55

..........................................................


THE MILWAUKEE WI CLIMATE NORMALS FOR TODAY
                         NORMAL    RECORD    YEAR
 MAXIMUM TEMPERATURE (F)   54        84      1976
 MINIMUM TEMPERATURE (F)   38        14      1875


SUNRISE AND SUNSET
APRIL 17 2017.........SUNRISE   606 AM CDT   SUNSET   737 PM CDT
APRIL 18 2017.........SUNRISE   605 AM CDT   SUNSET   738 PM CDT


-  INDICATES NEGATIVE NUMBERS.
R  INDICATES RECORD WAS SET OR TIED.
MM INDICATES DATA IS MISSING.
T  INDICATES TRACE AMOUNT.




$$
