000
CDUS43 KMKX 042222
CLIMKE


CLIMATE REPORT
NATIONAL WEATHER SERVICE IN MILWAUKEE
421 PM CST MON DEC 4 2017


...................................

...THE MILWAUKEE WI CLIMATE SUMMARY FOR DECEMBER 4 2017...
VALID TODAY AS OF 0400 PM LOCAL TIME.

CLIMATE NORMAL PERIOD 1981 TO 2010
CLIMATE RECORD PERIOD 1871 TO 2017


WEATHER ITEM   OBSERVED TIME   RECORD YEAR NORMAL DEPARTURE LAST
                VALUE   (LST)  VALUE       VALUE  FROM      YEAR
                                                  NORMAL
..................................................................
TEMPERATURE (F)
 TODAY
  MAXIMUM         63R   359 PM  60    2001  37     26       37
                                      1961
  MINIMUM         48    533 AM  -8    1871  24     24       28
  AVERAGE         56                        30     26       33

PRECIPITATION (IN)
  TODAY            0.07          1.68 1973   0.08  -0.01     0.32
  MONTH TO DATE    0.07                      0.32  -0.25     0.33
  SINCE DEC 1      0.07                      0.32  -0.25     0.33
  SINCE JAN 1     33.70                     33.04   0.66    27.66

SNOWFALL (IN)
  TODAY            0.0           4.2  2007   0.2   -0.2      1.8
  MONTH TO DATE    0.0                       1.1   -1.1      1.8
  SINCE DEC 1      0.0                       1.1   -1.1      1.8
  SINCE JUL 1      0.2                       3.8   -3.6      1.8
  SNOW DEPTH       0

DEGREE DAYS
 HEATING
  TODAY            9                        35    -26       32
  MONTH TO DATE   76                       136    -60      119
  SINCE DEC 1     76                       136    -60      119
  SINCE JUL 1   1181                      1501   -320      949

 COOLING
  TODAY            0                         0      0        0
  MONTH TO DATE    0                         0      0        0
  SINCE DEC 1      0                         0      0        0
  SINCE JAN 1    772                       641    131      991
..................................................................


WIND (MPH)
  HIGHEST WIND SPEED    25   HIGHEST WIND DIRECTION     S (200)
  HIGHEST GUST SPEED    35   HIGHEST GUST DIRECTION    SW (210)
  AVERAGE WIND SPEED    15.3


SKY COVER
  POSSIBLE SUNSHINE  MM
  AVERAGE SKY COVER 1.0


WEATHER CONDITIONS
 THE FOLLOWING WEATHER WAS RECORDED TODAY.
  LIGHT RAIN


RELATIVE HUMIDITY (PERCENT)
 HIGHEST    72           900 AM
 LOWEST     60          1100 AM
 AVERAGE    66

..........................................................


THE MILWAUKEE WI CLIMATE NORMALS FOR TOMORROW
                         NORMAL    RECORD    YEAR
 MAXIMUM TEMPERATURE (F)   36        68      2001
 MINIMUM TEMPERATURE (F)   23       -14      1871


SUNRISE AND SUNSET
DECEMBER  4 2017......SUNRISE   706 AM CST   SUNSET   417 PM CST
DECEMBER  5 2017......SUNRISE   707 AM CST   SUNSET   417 PM CST


-  INDICATES NEGATIVE NUMBERS.
R  INDICATES RECORD WAS SET OR TIED.
MM INDICATES DATA IS MISSING.
T  INDICATES TRACE AMOUNT.




$$
