410
CDUS43 KMKX 150655
CLIMKE


CLIMATE REPORT
NATIONAL WEATHER SERVICE IN MILWAUKEE
154 AM CDT FRI SEP 15 2017


...................................

...THE MILWAUKEE WI CLIMATE SUMMARY FOR SEPTEMBER 14 2017...

CLIMATE NORMAL PERIOD 1981 TO 2010
CLIMATE RECORD PERIOD 1871 TO 2017


WEATHER ITEM   OBSERVED TIME   RECORD YEAR NORMAL DEPARTURE LAST
                VALUE   (LST)  VALUE       VALUE  FROM      YEAR
                                                  NORMAL
..................................................................
TEMPERATURE (F)
 YESTERDAY
  MAXIMUM         76    217 PM  98    1939  72      4       72
  MINIMUM         62    507 AM  38    1923  56      6       61
  AVERAGE         69                        64      5       67

PRECIPITATION (IN)
  YESTERDAY        0.00          2.31 1914   0.11  -0.11     0.01
  MONTH TO DATE    0.39                      1.46  -1.07     1.68
  SINCE SEP 1      0.39                      1.46  -1.07     1.68
  SINCE JAN 1     27.71                     25.64   2.07    19.34

SNOWFALL (IN)
  YESTERDAY        0.0           0.0    MM   0.0    0.0      0.0
  MONTH TO DATE    0.0                       0.0    0.0      0.0
  SINCE SEP 1      0.0                       0.0    0.0      0.0
  SINCE JUL 1      0.0                       0.0    0.0      0.0
  SNOW DEPTH       0

DEGREE DAYS
 HEATING
  YESTERDAY        0                         3     -3        0
  MONTH TO DATE   43                        29     14        0
  SINCE SEP 1     43                        29     14        0
  SINCE JUL 1     52                        55     -3        2

 COOLING
  YESTERDAY        4                         2      2        2
  MONTH TO DATE   14                        48    -34       81
  SINCE SEP 1     14                        48    -34       81
  SINCE JAN 1    624                       613     11      917
..................................................................


WIND (MPH)
  HIGHEST WIND SPEED    14   HIGHEST WIND DIRECTION    SE (140)
  HIGHEST GUST SPEED    16   HIGHEST GUST DIRECTION    SE (140)
  AVERAGE WIND SPEED     7.2


SKY COVER
  POSSIBLE SUNSHINE  MM
  AVERAGE SKY COVER 0.6


WEATHER CONDITIONS
 THE FOLLOWING WEATHER WAS RECORDED YESTERDAY.
  FOG
  FOG W/VISIBILITY <= 1/4 MILE
  HAZE


RELATIVE HUMIDITY (PERCENT)
 HIGHEST   100           400 AM
 LOWEST     69          1200 PM
 AVERAGE    85

..........................................................


THE MILWAUKEE WI CLIMATE NORMALS FOR TODAY
                         NORMAL    RECORD    YEAR
 MAXIMUM TEMPERATURE (F)   72        99      1939
 MINIMUM TEMPERATURE (F)   55        40      2011
                                             2007


SUNRISE AND SUNSET
SEPTEMBER 15 2017.....SUNRISE   631 AM CDT   SUNSET   701 PM CDT
SEPTEMBER 16 2017.....SUNRISE   633 AM CDT   SUNSET   659 PM CDT


-  INDICATES NEGATIVE NUMBERS.
R  INDICATES RECORD WAS SET OR TIED.
MM INDICATES DATA IS MISSING.
T  INDICATES TRACE AMOUNT.




$$
