000
CDUS43 KMKX 290706
CLIMKE


CLIMATE REPORT
NATIONAL WEATHER SERVICE IN MILWAUKEE
204 AM CDT FRI AUG 29 2014


...................................

...THE MILWAUKEE WI CLIMATE SUMMARY FOR AUGUST 28 2014...

CLIMATE NORMAL PERIOD 1981 TO 2010
CLIMATE RECORD PERIOD 1871 TO 2014


WEATHER ITEM   OBSERVED TIME   RECORD YEAR NORMAL DEPARTURE LAST
                VALUE   (LST)  VALUE       VALUE  FROM      YEAR
                                                  NORMAL
..................................................................
TEMPERATURE (F)
 YESTERDAY
  MAXIMUM         71   1235 PM  97    1926  77     -6       77
  MINIMUM         60    228 AM  45    1965  62     -2       69
  AVERAGE         66                        69     -3       73

PRECIPITATION (IN)
  YESTERDAY        0.00          1.42 1936   0.12  -0.12     0.00
  MONTH TO DATE    5.01                      3.61   1.40     3.27
  SINCE JUN 1     13.66                     11.18   2.48    10.62
  SINCE JAN 1     24.61                     23.82   0.79    30.13

SNOWFALL (IN)
  YESTERDAY        0.0           0.0    MM   0.0    0.0      0.0
  MONTH TO DATE    0.0                       0.0    0.0      0.0
  SINCE JUN 1      0.0                       0.0    0.0      0.0
  SINCE JUL 1      0.0                       0.0    0.0      0.0
  SNOW DEPTH       0

DEGREE DAYS
 HEATING
  YESTERDAY        0                         1     -1        0
  MONTH TO DATE    5                         7     -2        8
  SINCE JUN 1    100                       102     -2      109
  SINCE JUL 1     26                        18      8       22

 COOLING
  YESTERDAY        1                         5     -4        8
  MONTH TO DATE  141                       179    -38      165
  SINCE JUN 1    358                       521   -163      505
  SINCE JAN 1    376                       551   -175      544
..................................................................


WIND (MPH)
  HIGHEST WIND SPEED    16   HIGHEST WIND DIRECTION    SE (140)
  HIGHEST GUST SPEED    21   HIGHEST GUST DIRECTION     E (110)
  AVERAGE WIND SPEED     9.0


SKY COVER
  POSSIBLE SUNSHINE  MM
  AVERAGE SKY COVER 0.5


WEATHER CONDITIONS
 THE FOLLOWING WEATHER WAS RECORDED YESTERDAY.
  NO SIGNIFICANT WEATHER WAS OBSERVED.


RELATIVE HUMIDITY (PERCENT)
 HIGHEST    84           300 AM
 LOWEST     57          1100 AM
 AVERAGE    71

..........................................................


THE MILWAUKEE WI CLIMATE NORMALS FOR TODAY
                         NORMAL    RECORD    YEAR
 MAXIMUM TEMPERATURE (F)   77        96      1973
 MINIMUM TEMPERATURE (F)   61        44      1982
                                             1965


SUNRISE AND SUNSET
AUGUST 29 2014........SUNRISE   613 AM CDT   SUNSET   731 PM CDT
AUGUST 30 2014........SUNRISE   614 AM CDT   SUNSET   730 PM CDT


-  INDICATES NEGATIVE NUMBERS.
R  INDICATES RECORD WAS SET OR TIED.
MM INDICATES DATA IS MISSING.
T  INDICATES TRACE AMOUNT.




$$
